{"id":15076,"date":"2012-10-11T20:34:27","date_gmt":"2012-10-11T18:34:27","guid":{"rendered":"https:\/\/test.guerini.it\/?product=leadership-nello-zaino-978-88-6250-444-7"},"modified":"2024-06-12T14:39:57","modified_gmt":"2024-06-12T12:39:57","slug":"leadership-nello-zaino-978-88-6250-444-7","status":"publish","type":"product","link":"https:\/\/www.guerini.it\/index.php\/prodotto\/leadership-nello-zaino-978-88-6250-444-7\/","title":{"rendered":"Leadership nello zaino"},"content":{"rendered":"<p>Avere un futuro ed essere il futuro. Una missione sempre pi\u00f9 difficile per i giovani di oggi, che lottano contro le crescenti difficolt\u00e0 nel trovare e mantenere un impiego nell\u2019attuale contesto economico.<br \/>\nC\u2019\u00e8 qualcosa che ogni giovane pu\u00f2 fare solo con la propria volont\u00e0 e le proprie forze?<br \/>\nLeadership nello zaino propone ai giovani \u2013 che aspirano a lavorare in azienda o che stanno gi\u00e0 muovendovi i primi passi \u2013 un possibile percorso per accrescere il proprio valore nel mercato del lavoro.<\/p>\n","protected":false},"excerpt":{"rendered":"<p>Avere un futuro ed essere il futuro. Una missione sempre pi\u00f9 difficile per i giovani di oggi, che lottano contro le crescenti difficolt\u00e0 nel trovare e mantenere un impiego nell\u2019attuale contesto economico.<br \/>\nC\u2019\u00e8 qualcosa che ogni giovane pu\u00f2 fare solo con la propria volont\u00e0 e le proprie forze?<br \/>\nLeadership nello zaino propone ai giovani \u2013 che aspirano a lavorare in azienda o che stanno gi\u00e0 muovendovi i primi passi \u2013 un possibile percorso per accrescere il proprio valore nel mercato del lavoro.<\/p>\n","protected":false},"featured_media":15075,"template":"","meta":{"_editorskit_title_hidden":false,"_editorskit_reading_time":0,"_editorskit_is_block_options_detached":false,"_editorskit_block_options_position":"{}","_monsterinsights_skip_tracking":false,"_monsterinsights_sitenote_active":false,"_monsterinsights_sitenote_note":"","_monsterinsights_sitenote_category":0},"product_brand":[],"product_cat":[6597,6529],"product_tag":[],"class_list":{"0":"post-15076","1":"product","2":"type-product","3":"status-publish","4":"has-post-thumbnail","6":"product_cat-flf","7":"product_cat-economia-e-management","8":"pa_guerini_strillo-5d-mettereunpodileadershipnel","10":"first","11":"outofstock","12":"sale","13":"shipping-taxable","14":"purchasable","15":"product-type-simple"},"yoast_head":"<!-- This site is optimized with the Yoast SEO plugin v25.4 - https:\/\/yoast.com\/wordpress\/plugins\/seo\/ -->\n<title>Leadership nello zaino - Guerini e Associati<\/title>\n<meta name=\"robots\" content=\"index, follow, max-snippet:-1, max-image-preview:large, max-video-preview:-1\" \/>\n<link rel=\"canonical\" href=\"https:\/\/www.guerini.it\/index.php\/prodotto\/leadership-nello-zaino-978-88-6250-444-7\/\" \/>\n<meta property=\"og:locale\" content=\"it_IT\" \/>\n<meta property=\"og:type\" content=\"article\" \/>\n<meta property=\"og:title\" content=\"Leadership nello zaino - Guerini e Associati\" \/>\n<meta property=\"og:description\" content=\"Avere un futuro ed essere il futuro. Una missione sempre pi\u00f9 difficile per i giovani di oggi, che lottano contro le crescenti difficolt\u00e0 nel trovare e mantenere un impiego nell\u2019attuale contesto economico. C\u2019\u00e8 qualcosa che ogni giovane pu\u00f2 fare solo con la propria volont\u00e0 e le proprie forze? Leadership nello zaino propone ai giovani \u2013 che aspirano a lavorare in azienda o che stanno gi\u00e0 muovendovi i primi passi \u2013 un possibile percorso per accrescere il proprio valore nel mercato del lavoro.\" \/>\n<meta property=\"og:url\" content=\"https:\/\/www.guerini.it\/index.php\/prodotto\/leadership-nello-zaino-978-88-6250-444-7\/\" \/>\n<meta property=\"og:site_name\" content=\"Guerini e Associati\" \/>\n<meta property=\"article:modified_time\" content=\"2024-06-12T12:39:57+00:00\" \/>\n<meta property=\"og:image\" content=\"https:\/\/www.guerini.it\/wp-content\/uploads\/2012\/10\/leadership_nello_zaino.jpg\" \/>\n\t<meta property=\"og:image:width\" content=\"265\" \/>\n\t<meta property=\"og:image:height\" content=\"412\" \/>\n\t<meta property=\"og:image:type\" content=\"image\/jpeg\" \/>\n<meta name=\"twitter:card\" content=\"summary_large_image\" \/>\n<!-- \/ Yoast SEO plugin. -->","yoast_head_json":{"title":"Leadership nello zaino - Guerini e Associati","robots":{"index":"index","follow":"follow","max-snippet":"max-snippet:-1","max-image-preview":"max-image-preview:large","max-video-preview":"max-video-preview:-1"},"canonical":"https:\/\/www.guerini.it\/index.php\/prodotto\/leadership-nello-zaino-978-88-6250-444-7\/","og_locale":"it_IT","og_type":"article","og_title":"Leadership nello zaino - Guerini e Associati","og_description":"Avere un futuro ed essere il futuro. Una missione sempre pi\u00f9 difficile per i giovani di oggi, che lottano contro le crescenti difficolt\u00e0 nel trovare e mantenere un impiego nell\u2019attuale contesto economico. C\u2019\u00e8 qualcosa che ogni giovane pu\u00f2 fare solo con la propria volont\u00e0 e le proprie forze? Leadership nello zaino propone ai giovani \u2013 che aspirano a lavorare in azienda o che stanno gi\u00e0 muovendovi i primi passi \u2013 un possibile percorso per accrescere il proprio valore nel mercato del lavoro.","og_url":"https:\/\/www.guerini.it\/index.php\/prodotto\/leadership-nello-zaino-978-88-6250-444-7\/","og_site_name":"Guerini e Associati","article_modified_time":"2024-06-12T12:39:57+00:00","og_image":[{"width":265,"height":412,"url":"https:\/\/www.guerini.it\/wp-content\/uploads\/2012\/10\/leadership_nello_zaino.jpg","type":"image\/jpeg"}],"twitter_card":"summary_large_image","schema":{"@context":"https:\/\/schema.org","@graph":[{"@type":"WebPage","@id":"https:\/\/www.guerini.it\/index.php\/prodotto\/leadership-nello-zaino-978-88-6250-444-7\/","url":"https:\/\/www.guerini.it\/index.php\/prodotto\/leadership-nello-zaino-978-88-6250-444-7\/","name":"Leadership nello zaino - Guerini e Associati","isPartOf":{"@id":"https:\/\/www.guerini.it\/#website"},"primaryImageOfPage":{"@id":"https:\/\/www.guerini.it\/index.php\/prodotto\/leadership-nello-zaino-978-88-6250-444-7\/#primaryimage"},"image":{"@id":"https:\/\/www.guerini.it\/index.php\/prodotto\/leadership-nello-zaino-978-88-6250-444-7\/#primaryimage"},"thumbnailUrl":"https:\/\/www.guerini.it\/wp-content\/uploads\/2012\/10\/leadership_nello_zaino.jpg","datePublished":"2012-10-11T18:34:27+00:00","dateModified":"2024-06-12T12:39:57+00:00","breadcrumb":{"@id":"https:\/\/www.guerini.it\/index.php\/prodotto\/leadership-nello-zaino-978-88-6250-444-7\/#breadcrumb"},"inLanguage":"it-IT","potentialAction":[{"@type":"ReadAction","target":["https:\/\/www.guerini.it\/index.php\/prodotto\/leadership-nello-zaino-978-88-6250-444-7\/"]}]},{"@type":"ImageObject","inLanguage":"it-IT","@id":"https:\/\/www.guerini.it\/index.php\/prodotto\/leadership-nello-zaino-978-88-6250-444-7\/#primaryimage","url":"https:\/\/www.guerini.it\/wp-content\/uploads\/2012\/10\/leadership_nello_zaino.jpg","contentUrl":"https:\/\/www.guerini.it\/wp-content\/uploads\/2012\/10\/leadership_nello_zaino.jpg","width":265,"height":412,"caption":"Leadership nello zaino"},{"@type":"BreadcrumbList","@id":"https:\/\/www.guerini.it\/index.php\/prodotto\/leadership-nello-zaino-978-88-6250-444-7\/#breadcrumb","itemListElement":[{"@type":"ListItem","position":1,"name":"Home","item":"https:\/\/www.guerini.it\/"},{"@type":"ListItem","position":2,"name":"Catalogo","item":"https:\/\/www.guerini.it\/index.php\/negozio\/"},{"@type":"ListItem","position":3,"name":"Leadership nello zaino"}]},{"@type":"WebSite","@id":"https:\/\/www.guerini.it\/#website","url":"https:\/\/www.guerini.it\/","name":"Guerini e Associati","description":"30 anni di libri, idee e libert\u00e0","publisher":{"@id":"https:\/\/www.guerini.it\/#organization"},"potentialAction":[{"@type":"SearchAction","target":{"@type":"EntryPoint","urlTemplate":"https:\/\/www.guerini.it\/?s={search_term_string}"},"query-input":{"@type":"PropertyValueSpecification","valueRequired":true,"valueName":"search_term_string"}}],"inLanguage":"it-IT"},{"@type":"Organization","@id":"https:\/\/www.guerini.it\/#organization","name":"Guerini e Associati","url":"https:\/\/www.guerini.it\/","logo":{"@type":"ImageObject","inLanguage":"it-IT","@id":"https:\/\/www.guerini.it\/#\/schema\/logo\/image\/","url":"https:\/\/www.guerini.it\/wp-content\/uploads\/2021\/03\/Logo-Guerini-OK_-e1615831292285.png","contentUrl":"https:\/\/www.guerini.it\/wp-content\/uploads\/2021\/03\/Logo-Guerini-OK_-e1615831292285.png","width":2805,"height":1870,"caption":"Guerini e Associati"},"image":{"@id":"https:\/\/www.guerini.it\/#\/schema\/logo\/image\/"}}]}},"_links":{"self":[{"href":"https:\/\/www.guerini.it\/index.php\/wp-json\/wp\/v2\/product\/15076","targetHints":{"allow":["GET"]}}],"collection":[{"href":"https:\/\/www.guerini.it\/index.php\/wp-json\/wp\/v2\/product"}],"about":[{"href":"https:\/\/www.guerini.it\/index.php\/wp-json\/wp\/v2\/types\/product"}],"wp:featuredmedia":[{"embeddable":true,"href":"https:\/\/www.guerini.it\/index.php\/wp-json\/wp\/v2\/media\/15075"}],"wp:attachment":[{"href":"https:\/\/www.guerini.it\/index.php\/wp-json\/wp\/v2\/media?parent=15076"}],"wp:term":[{"taxonomy":"product_brand","embeddable":true,"href":"https:\/\/www.guerini.it\/index.php\/wp-json\/wp\/v2\/product_brand?post=15076"},{"taxonomy":"product_cat","embeddable":true,"href":"https:\/\/www.guerini.it\/index.php\/wp-json\/wp\/v2\/product_cat?post=15076"},{"taxonomy":"product_tag","embeddable":true,"href":"https:\/\/www.guerini.it\/index.php\/wp-json\/wp\/v2\/product_tag?post=15076"}],"curies":[{"name":"wp","href":"https:\/\/api.w.org\/{rel}","templated":true}]}}

<p>Avere un futuro ed essere il futuro. Una missione sempre più difficile per i giovani di oggi, che lottano contro le crescenti difficoltà nel trovare e mantenere un impiego nell’attuale contesto economico.<br />
C’è qualcosa che ogni giovane può fare solo con la propria volontà e le proprie forze?<br />
Leadership nello zaino propone ai giovani – che aspirano a lavorare in azienda o che stanno già muovendovi i primi passi – un possibile percorso per accrescere il proprio valore nel mercato del lavoro.</p>

<!-- This site is optimized with the Yoast SEO plugin v25.4 - https://yoast.com/wordpress/plugins/seo/ -->
<title>Leadership nello zaino - Guerini e Associati</title>
<meta name="robots" content="index, follow, max-snippet:-1, max-image-preview:large, max-video-preview:-1" />
<link rel="canonical" href="https://www.guerini.it/index.php/prodotto/leadership-nello-zaino-978-88-6250-444-7/" />
<meta property="og:locale" content="it_IT" />
<meta property="og:type" content="article" />
<meta property="og:title" content="Leadership nello zaino - Guerini e Associati" />
<meta property="og:description" content="Avere un futuro ed essere il futuro. Una missione sempre più difficile per i giovani di oggi, che lottano contro le crescenti difficoltà nel trovare e mantenere un impiego nell’attuale contesto economico. C’è qualcosa che ogni giovane può fare solo con la propria volontà e le proprie forze? Leadership nello zaino propone ai giovani – che aspirano a lavorare in azienda o che stanno già muovendovi i primi passi – un possibile percorso per accrescere il proprio valore nel mercato del lavoro." />
<meta property="og:url" content="https://www.guerini.it/index.php/prodotto/leadership-nello-zaino-978-88-6250-444-7/" />
<meta property="og:site_name" content="Guerini e Associati" />
<meta property="article:modified_time" content="2024-06-12T12:39:57+00:00" />
<meta property="og:image" content="https://www.guerini.it/wp-content/uploads/2012/10/leadership_nello_zaino.jpg" />
	<meta property="og:image:width" content="265" />
	<meta property="og:image:height" content="412" />
	<meta property="og:image:type" content="image/jpeg" />
<meta name="twitter:card" content="summary_large_image" />
<!-- / Yoast SEO plugin. -->

Avere un futuro ed essere il futuro. Una missione sempre più difficile per i giovani di oggi, che lottano contro le crescenti difficoltà nel trovare e mantenere un impiego nell’attuale contesto economico. C’è qualcosa che ogni giovane può fare solo con la propria volontà e le proprie forze? Leadership nello zaino propone ai giovani – che aspirano a lavorare in azienda o che stanno già muovendovi i primi passi – un possibile percorso per accrescere il proprio valore nel mercato del lavoro.

30 anni di libri, idee e libertà
