{"id":15214,"date":"2013-05-02T14:43:24","date_gmt":"2013-05-02T12:43:24","guid":{"rendered":"https:\/\/test.guerini.it\/?product=9788862504539-toilet-cleaning-management"},"modified":"2026-01-22T12:57:43","modified_gmt":"2026-01-22T11:57:43","slug":"9788862504539-toilet-cleaning-management","status":"publish","type":"product","link":"https:\/\/www.guerini.it\/index.php\/prodotto\/9788862504539-toilet-cleaning-management\/","title":{"rendered":"Toilet cleaning management"},"content":{"rendered":"<p>\u00abNon trovo nessun\u2019altra ragione, perch\u00e9 una persona modesta come me sia riuscita a continuare le attivit\u00e0 di business fino ad oggi, al di fuori del fatto che, attraverso la pulizia dei bagni, ho perseverato nel compiere ci\u00f2 che chiunque pu\u00f2 fare in un modo quasi impossibile a tutti\u00bb.<br \/>\n<span style=\"font-size: 12px;\">Cos\u00ec Hidesabur\u014d Kagiyama sintetizza il percorso della sua brillante carriera. Da umile venditore ambulante a presidente di un\u2019azienda di successo, grazie a un impegno costante nei confronti di una realt\u00e0 oggi troppo spesso snobbata e ingiustamente considerata umiliante: la pulizia di ci\u00f2 con cui siamo quotidianamente in contatto, a partire dal bagno. <\/span><br \/>\n<span style=\"font-size: 12px;\"><br \/>\nQuesto il semplice sostrato teorico di un successo imprenditoriale che, nella sua disarmante schiettezza, \u00e8 assunto come teoria manageriale. Il <em>management by cleaning<\/em>, autentica filosofia di vita, mostra infatti come il valore della pulizia, in generale, sia facilmente monetizzabile: pulire i macchinari significa risparmiarne i costi di manutenzione e prolungarne la vita, migliorare la qualit\u00e0 e garantire la sicurezza. Cos\u00ec come impegnarsi costantemente per creare un ambiente pulito dove lavorare e vivere significa migliorare la qualit\u00e0 della propria vita e di quella degli altri. <\/span><\/p>\n<p><span style=\"font-size: 12px;\">Una riflessione al giorno, concisa ed efficace, riassume un concetto fondativo, spesso ignorato, che potrebbe costituire la chiave di volta per sconfiggere la crisi: \u00abgli occhi possono lasciarsi prendere dal panico ma nelle mani c\u2019\u00e8 coraggio\u00bb.<\/span><\/p>\n","protected":false},"excerpt":{"rendered":"<p>\u00abNon trovo nessun\u2019altra ragione, perch\u00e9 una persona modesta come me sia riuscita a continuare le attivit\u00e0 di business fino ad oggi, al di fuori del fatto che, attraverso la pulizia dei bagni, ho perseverato nel compiere ci\u00f2 che chiunque pu\u00f2 fare in un modo quasi impossibile a tutti\u00bb.<br \/>\n<span style=\"font-size: 12px;\">Cos\u00ec Hidesabur\u014d Kagiyama sintetizza il percorso della sua brillante carriera. Da umile venditore ambulante a presidente di un\u2019azienda di successo, grazie a un impegno costante nei confronti di una realt\u00e0 oggi troppo spesso snobbata e ingiustamente considerata umiliante: la pulizia di ci\u00f2 con cui siamo quotidianamente in contatto, a partire dal bagno.<br \/>\nQuesto il semplice sostrato teorico di un successo imprenditoriale che, nella sua disarmante schiettezza, \u00e8 assunto come teoria manageriale.<\/span><\/p>\n","protected":false},"featured_media":15213,"template":"","meta":{"_editorskit_title_hidden":false,"_editorskit_reading_time":0,"_editorskit_is_block_options_detached":false,"_editorskit_block_options_position":"{}","_monsterinsights_skip_tracking":false,"_monsterinsights_sitenote_active":false,"_monsterinsights_sitenote_note":"","_monsterinsights_sitenote_category":0},"product_brand":[],"product_cat":[6529],"product_tag":[],"class_list":{"0":"post-15214","1":"product","2":"type-product","3":"status-publish","4":"has-post-thumbnail","6":"product_cat-economia-e-management","8":"first","9":"outofstock","10":"sale","11":"shipping-taxable","12":"purchasable","13":"product-type-simple"},"yoast_head":"<!-- This site is optimized with the Yoast SEO plugin v25.4 - https:\/\/yoast.com\/wordpress\/plugins\/seo\/ -->\n<title>Toilet cleaning management - Guerini e Associati<\/title>\n<meta name=\"robots\" content=\"index, follow, max-snippet:-1, max-image-preview:large, max-video-preview:-1\" \/>\n<link rel=\"canonical\" href=\"https:\/\/www.guerini.it\/index.php\/prodotto\/9788862504539-toilet-cleaning-management\/\" \/>\n<meta property=\"og:locale\" content=\"it_IT\" \/>\n<meta property=\"og:type\" content=\"article\" \/>\n<meta property=\"og:title\" content=\"Toilet cleaning management - Guerini e Associati\" \/>\n<meta property=\"og:description\" content=\"\u00abNon trovo nessun\u2019altra ragione, perch\u00e9 una persona modesta come me sia riuscita a continuare le attivit\u00e0 di business fino ad oggi, al di fuori del fatto che, attraverso la pulizia dei bagni, ho perseverato nel compiere ci\u00f2 che chiunque pu\u00f2 fare in un modo quasi impossibile a tutti\u00bb. Cos\u00ec Hidesabur\u014d Kagiyama sintetizza il percorso della sua brillante carriera. Da umile venditore ambulante a presidente di un\u2019azienda di successo, grazie a un impegno costante nei confronti di una realt\u00e0 oggi troppo spesso snobbata e ingiustamente considerata umiliante: la pulizia di ci\u00f2 con cui siamo quotidianamente in contatto, a partire dal bagno. Questo il semplice sostrato teorico di un successo imprenditoriale che, nella sua disarmante schiettezza, \u00e8 assunto come teoria manageriale.\" \/>\n<meta property=\"og:url\" content=\"https:\/\/www.guerini.it\/index.php\/prodotto\/9788862504539-toilet-cleaning-management\/\" \/>\n<meta property=\"og:site_name\" content=\"Guerini e Associati\" \/>\n<meta property=\"article:modified_time\" content=\"2026-01-22T11:57:43+00:00\" \/>\n<meta property=\"og:image\" content=\"https:\/\/www.guerini.it\/wp-content\/uploads\/2013\/05\/toilet_cleaning_management_05-02-2013_1.jpg\" \/>\n\t<meta property=\"og:image:width\" content=\"237\" \/>\n\t<meta property=\"og:image:height\" content=\"353\" \/>\n\t<meta property=\"og:image:type\" content=\"image\/jpeg\" \/>\n<meta name=\"twitter:card\" content=\"summary_large_image\" \/>\n<meta name=\"twitter:label1\" content=\"Tempo di lettura stimato\" \/>\n\t<meta name=\"twitter:data1\" content=\"2 minuti\" \/>\n<!-- \/ Yoast SEO plugin. -->","yoast_head_json":{"title":"Toilet cleaning management - Guerini e Associati","robots":{"index":"index","follow":"follow","max-snippet":"max-snippet:-1","max-image-preview":"max-image-preview:large","max-video-preview":"max-video-preview:-1"},"canonical":"https:\/\/www.guerini.it\/index.php\/prodotto\/9788862504539-toilet-cleaning-management\/","og_locale":"it_IT","og_type":"article","og_title":"Toilet cleaning management - Guerini e Associati","og_description":"\u00abNon trovo nessun\u2019altra ragione, perch\u00e9 una persona modesta come me sia riuscita a continuare le attivit\u00e0 di business fino ad oggi, al di fuori del fatto che, attraverso la pulizia dei bagni, ho perseverato nel compiere ci\u00f2 che chiunque pu\u00f2 fare in un modo quasi impossibile a tutti\u00bb. Cos\u00ec Hidesabur\u014d Kagiyama sintetizza il percorso della sua brillante carriera. Da umile venditore ambulante a presidente di un\u2019azienda di successo, grazie a un impegno costante nei confronti di una realt\u00e0 oggi troppo spesso snobbata e ingiustamente considerata umiliante: la pulizia di ci\u00f2 con cui siamo quotidianamente in contatto, a partire dal bagno. Questo il semplice sostrato teorico di un successo imprenditoriale che, nella sua disarmante schiettezza, \u00e8 assunto come teoria manageriale.","og_url":"https:\/\/www.guerini.it\/index.php\/prodotto\/9788862504539-toilet-cleaning-management\/","og_site_name":"Guerini e Associati","article_modified_time":"2026-01-22T11:57:43+00:00","og_image":[{"width":237,"height":353,"url":"https:\/\/www.guerini.it\/wp-content\/uploads\/2013\/05\/toilet_cleaning_management_05-02-2013_1.jpg","type":"image\/jpeg"}],"twitter_card":"summary_large_image","twitter_misc":{"Tempo di lettura stimato":"2 minuti"},"schema":{"@context":"https:\/\/schema.org","@graph":[{"@type":"WebPage","@id":"https:\/\/www.guerini.it\/index.php\/prodotto\/9788862504539-toilet-cleaning-management\/","url":"https:\/\/www.guerini.it\/index.php\/prodotto\/9788862504539-toilet-cleaning-management\/","name":"Toilet cleaning management - Guerini e Associati","isPartOf":{"@id":"https:\/\/www.guerini.it\/#website"},"primaryImageOfPage":{"@id":"https:\/\/www.guerini.it\/index.php\/prodotto\/9788862504539-toilet-cleaning-management\/#primaryimage"},"image":{"@id":"https:\/\/www.guerini.it\/index.php\/prodotto\/9788862504539-toilet-cleaning-management\/#primaryimage"},"thumbnailUrl":"https:\/\/www.guerini.it\/wp-content\/uploads\/2013\/05\/toilet_cleaning_management_05-02-2013_1.jpg","datePublished":"2013-05-02T12:43:24+00:00","dateModified":"2026-01-22T11:57:43+00:00","breadcrumb":{"@id":"https:\/\/www.guerini.it\/index.php\/prodotto\/9788862504539-toilet-cleaning-management\/#breadcrumb"},"inLanguage":"it-IT","potentialAction":[{"@type":"ReadAction","target":["https:\/\/www.guerini.it\/index.php\/prodotto\/9788862504539-toilet-cleaning-management\/"]}]},{"@type":"ImageObject","inLanguage":"it-IT","@id":"https:\/\/www.guerini.it\/index.php\/prodotto\/9788862504539-toilet-cleaning-management\/#primaryimage","url":"https:\/\/www.guerini.it\/wp-content\/uploads\/2013\/05\/toilet_cleaning_management_05-02-2013_1.jpg","contentUrl":"https:\/\/www.guerini.it\/wp-content\/uploads\/2013\/05\/toilet_cleaning_management_05-02-2013_1.jpg","width":237,"height":353,"caption":"Toilet cleaning management"},{"@type":"BreadcrumbList","@id":"https:\/\/www.guerini.it\/index.php\/prodotto\/9788862504539-toilet-cleaning-management\/#breadcrumb","itemListElement":[{"@type":"ListItem","position":1,"name":"Home","item":"https:\/\/www.guerini.it\/"},{"@type":"ListItem","position":2,"name":"Catalogo","item":"https:\/\/www.guerini.it\/index.php\/negozio\/"},{"@type":"ListItem","position":3,"name":"Toilet cleaning management"}]},{"@type":"WebSite","@id":"https:\/\/www.guerini.it\/#website","url":"https:\/\/www.guerini.it\/","name":"Guerini e Associati","description":"30 anni di libri, idee e libert\u00e0","publisher":{"@id":"https:\/\/www.guerini.it\/#organization"},"potentialAction":[{"@type":"SearchAction","target":{"@type":"EntryPoint","urlTemplate":"https:\/\/www.guerini.it\/?s={search_term_string}"},"query-input":{"@type":"PropertyValueSpecification","valueRequired":true,"valueName":"search_term_string"}}],"inLanguage":"it-IT"},{"@type":"Organization","@id":"https:\/\/www.guerini.it\/#organization","name":"Guerini e Associati","url":"https:\/\/www.guerini.it\/","logo":{"@type":"ImageObject","inLanguage":"it-IT","@id":"https:\/\/www.guerini.it\/#\/schema\/logo\/image\/","url":"https:\/\/www.guerini.it\/wp-content\/uploads\/2021\/03\/Logo-Guerini-OK_-e1615831292285.png","contentUrl":"https:\/\/www.guerini.it\/wp-content\/uploads\/2021\/03\/Logo-Guerini-OK_-e1615831292285.png","width":2805,"height":1870,"caption":"Guerini e Associati"},"image":{"@id":"https:\/\/www.guerini.it\/#\/schema\/logo\/image\/"}}]}},"_links":{"self":[{"href":"https:\/\/www.guerini.it\/index.php\/wp-json\/wp\/v2\/product\/15214","targetHints":{"allow":["GET"]}}],"collection":[{"href":"https:\/\/www.guerini.it\/index.php\/wp-json\/wp\/v2\/product"}],"about":[{"href":"https:\/\/www.guerini.it\/index.php\/wp-json\/wp\/v2\/types\/product"}],"wp:featuredmedia":[{"embeddable":true,"href":"https:\/\/www.guerini.it\/index.php\/wp-json\/wp\/v2\/media\/15213"}],"wp:attachment":[{"href":"https:\/\/www.guerini.it\/index.php\/wp-json\/wp\/v2\/media?parent=15214"}],"wp:term":[{"taxonomy":"product_brand","embeddable":true,"href":"https:\/\/www.guerini.it\/index.php\/wp-json\/wp\/v2\/product_brand?post=15214"},{"taxonomy":"product_cat","embeddable":true,"href":"https:\/\/www.guerini.it\/index.php\/wp-json\/wp\/v2\/product_cat?post=15214"},{"taxonomy":"product_tag","embeddable":true,"href":"https:\/\/www.guerini.it\/index.php\/wp-json\/wp\/v2\/product_tag?post=15214"}],"curies":[{"name":"wp","href":"https:\/\/api.w.org\/{rel}","templated":true}]}}