{"id":15243,"date":"2013-09-03T14:16:04","date_gmt":"2013-09-03T12:16:04","guid":{"rendered":"https:\/\/test.guerini.it\/?product=9788862504256-educare-all-arte"},"modified":"2024-06-12T14:41:42","modified_gmt":"2024-06-12T12:41:42","slug":"9788862504256-educare-all-arte","status":"publish","type":"product","link":"https:\/\/www.guerini.it\/index.php\/prodotto\/9788862504256-educare-all-arte\/","title":{"rendered":"Educare all&#8217;arte e nuove tecnologie"},"content":{"rendered":"<p>Il tema dell\u2019apprendimento artistico \u00e8 stato trattato a pi\u00f9 riprese e in diversi contesti scientifici, ma mai si \u00e8 guardato all\u2019apprendimento artistico in contesti formali e non formali, ponendo l\u2019attenzione alle nuove tecnologie che mediano le attivit\u00e0 di conoscenza e comprensione dell\u2019opera d\u2019arte.<br \/>\nQuesto testo nasce proprio in quest\u2019ottica all\u2019interno del Centro di ricerca interdipartimentale QUA_SI, dell\u2019Universit\u00e0 degli Studi di Milano-Bicocca, al fine di mettere in rilievo sia gli aspetti formali che non formali della lectio artistica, tentando di verificare sul campo il contributo che le tecnologie possono offrire all\u2019apprendimento e alla diffusione dei saperi in ambito artistico. <\/p>\n","protected":false},"excerpt":{"rendered":"<p>Il tema dell\u2019apprendimento artistico \u00e8 stato trattato a pi\u00f9 riprese e in diversi contesti scientifici, ma mai si \u00e8 guardato all\u2019apprendimento artistico in contesti formali e non formali, ponendo l\u2019attenzione alle nuove tecnologie che mediano le attivit\u00e0 di conoscenza e comprensione dell\u2019opera d\u2019arte.<br \/>\nQuesto testo nasce proprio in quest\u2019ottica all\u2019interno del Centro di ricerca interdipartimentale QUA_SI, dell\u2019Universit\u00e0 degli Studi di Milano-Bicocca, al fine di mettere in rilievo sia gli aspetti formali che non formali della lectio artistica, tentando di verificare sul campo il contributo che le tecnologie possono offrire all\u2019apprendimento e alla diffusione dei saperi in ambito artistico. <\/p>\n","protected":false},"featured_media":15242,"template":"","meta":{"_editorskit_title_hidden":false,"_editorskit_reading_time":0,"_editorskit_is_block_options_detached":false,"_editorskit_block_options_position":"{}","_monsterinsights_skip_tracking":false,"_monsterinsights_sitenote_active":false,"_monsterinsights_sitenote_note":"","_monsterinsights_sitenote_category":0},"product_brand":[],"product_cat":[6564,6528,6536],"product_tag":[],"class_list":{"0":"post-15243","1":"product","2":"type-product","3":"status-publish","4":"has-post-thumbnail","6":"product_cat-qs","7":"product_cat-comunicazione","8":"product_cat-psicologia-pedagogia","10":"first","11":"instock","12":"sale","13":"shipping-taxable","14":"purchasable","15":"product-type-simple"},"yoast_head":"<!-- This site is optimized with the Yoast SEO plugin v25.4 - https:\/\/yoast.com\/wordpress\/plugins\/seo\/ -->\n<title>Educare all&#039;arte e nuove tecnologie - Guerini e Associati<\/title>\n<meta name=\"robots\" content=\"index, follow, max-snippet:-1, max-image-preview:large, max-video-preview:-1\" \/>\n<link rel=\"canonical\" href=\"https:\/\/www.guerini.it\/index.php\/prodotto\/9788862504256-educare-all-arte\/\" \/>\n<meta property=\"og:locale\" content=\"it_IT\" \/>\n<meta property=\"og:type\" content=\"article\" \/>\n<meta property=\"og:title\" content=\"Educare all&#039;arte e nuove tecnologie - Guerini e Associati\" \/>\n<meta property=\"og:description\" content=\"Il tema dell\u2019apprendimento artistico \u00e8 stato trattato a pi\u00f9 riprese e in diversi contesti scientifici, ma mai si \u00e8 guardato all\u2019apprendimento artistico in contesti formali e non formali, ponendo l\u2019attenzione alle nuove tecnologie che mediano le attivit\u00e0 di conoscenza e comprensione dell\u2019opera d\u2019arte. Questo testo nasce proprio in quest\u2019ottica all\u2019interno del Centro di ricerca interdipartimentale QUA_SI, dell\u2019Universit\u00e0 degli Studi di Milano-Bicocca, al fine di mettere in rilievo sia gli aspetti formali che non formali della lectio artistica, tentando di verificare sul campo il contributo che le tecnologie possono offrire all\u2019apprendimento e alla diffusione dei saperi in ambito artistico.\" \/>\n<meta property=\"og:url\" content=\"https:\/\/www.guerini.it\/index.php\/prodotto\/9788862504256-educare-all-arte\/\" \/>\n<meta property=\"og:site_name\" content=\"Guerini e Associati\" \/>\n<meta property=\"article:modified_time\" content=\"2024-06-12T12:41:42+00:00\" \/>\n<meta property=\"og:image\" content=\"https:\/\/www.guerini.it\/wp-content\/uploads\/2013\/09\/educare_arte_e_nuove_tecnologie_09-03-2013.jpg\" \/>\n\t<meta property=\"og:image:width\" content=\"224\" \/>\n\t<meta property=\"og:image:height\" content=\"353\" \/>\n\t<meta property=\"og:image:type\" content=\"image\/jpeg\" \/>\n<meta name=\"twitter:card\" content=\"summary_large_image\" \/>\n<meta name=\"twitter:label1\" content=\"Tempo di lettura stimato\" \/>\n\t<meta name=\"twitter:data1\" content=\"1 minuto\" \/>\n<!-- \/ Yoast SEO plugin. -->","yoast_head_json":{"title":"Educare all'arte e nuove tecnologie - Guerini e Associati","robots":{"index":"index","follow":"follow","max-snippet":"max-snippet:-1","max-image-preview":"max-image-preview:large","max-video-preview":"max-video-preview:-1"},"canonical":"https:\/\/www.guerini.it\/index.php\/prodotto\/9788862504256-educare-all-arte\/","og_locale":"it_IT","og_type":"article","og_title":"Educare all'arte e nuove tecnologie - Guerini e Associati","og_description":"Il tema dell\u2019apprendimento artistico \u00e8 stato trattato a pi\u00f9 riprese e in diversi contesti scientifici, ma mai si \u00e8 guardato all\u2019apprendimento artistico in contesti formali e non formali, ponendo l\u2019attenzione alle nuove tecnologie che mediano le attivit\u00e0 di conoscenza e comprensione dell\u2019opera d\u2019arte. Questo testo nasce proprio in quest\u2019ottica all\u2019interno del Centro di ricerca interdipartimentale QUA_SI, dell\u2019Universit\u00e0 degli Studi di Milano-Bicocca, al fine di mettere in rilievo sia gli aspetti formali che non formali della lectio artistica, tentando di verificare sul campo il contributo che le tecnologie possono offrire all\u2019apprendimento e alla diffusione dei saperi in ambito artistico.","og_url":"https:\/\/www.guerini.it\/index.php\/prodotto\/9788862504256-educare-all-arte\/","og_site_name":"Guerini e Associati","article_modified_time":"2024-06-12T12:41:42+00:00","og_image":[{"width":224,"height":353,"url":"https:\/\/www.guerini.it\/wp-content\/uploads\/2013\/09\/educare_arte_e_nuove_tecnologie_09-03-2013.jpg","type":"image\/jpeg"}],"twitter_card":"summary_large_image","twitter_misc":{"Tempo di lettura stimato":"1 minuto"},"schema":{"@context":"https:\/\/schema.org","@graph":[{"@type":"WebPage","@id":"https:\/\/www.guerini.it\/index.php\/prodotto\/9788862504256-educare-all-arte\/","url":"https:\/\/www.guerini.it\/index.php\/prodotto\/9788862504256-educare-all-arte\/","name":"Educare all'arte e nuove tecnologie - Guerini e Associati","isPartOf":{"@id":"https:\/\/www.guerini.it\/#website"},"primaryImageOfPage":{"@id":"https:\/\/www.guerini.it\/index.php\/prodotto\/9788862504256-educare-all-arte\/#primaryimage"},"image":{"@id":"https:\/\/www.guerini.it\/index.php\/prodotto\/9788862504256-educare-all-arte\/#primaryimage"},"thumbnailUrl":"https:\/\/www.guerini.it\/wp-content\/uploads\/2013\/09\/educare_arte_e_nuove_tecnologie_09-03-2013.jpg","datePublished":"2013-09-03T12:16:04+00:00","dateModified":"2024-06-12T12:41:42+00:00","breadcrumb":{"@id":"https:\/\/www.guerini.it\/index.php\/prodotto\/9788862504256-educare-all-arte\/#breadcrumb"},"inLanguage":"it-IT","potentialAction":[{"@type":"ReadAction","target":["https:\/\/www.guerini.it\/index.php\/prodotto\/9788862504256-educare-all-arte\/"]}]},{"@type":"ImageObject","inLanguage":"it-IT","@id":"https:\/\/www.guerini.it\/index.php\/prodotto\/9788862504256-educare-all-arte\/#primaryimage","url":"https:\/\/www.guerini.it\/wp-content\/uploads\/2013\/09\/educare_arte_e_nuove_tecnologie_09-03-2013.jpg","contentUrl":"https:\/\/www.guerini.it\/wp-content\/uploads\/2013\/09\/educare_arte_e_nuove_tecnologie_09-03-2013.jpg","width":224,"height":353,"caption":"Educare all'arte e nuove tecnologie"},{"@type":"BreadcrumbList","@id":"https:\/\/www.guerini.it\/index.php\/prodotto\/9788862504256-educare-all-arte\/#breadcrumb","itemListElement":[{"@type":"ListItem","position":1,"name":"Home","item":"https:\/\/www.guerini.it\/"},{"@type":"ListItem","position":2,"name":"Catalogo","item":"https:\/\/www.guerini.it\/index.php\/negozio\/"},{"@type":"ListItem","position":3,"name":"Educare all&#8217;arte e nuove tecnologie"}]},{"@type":"WebSite","@id":"https:\/\/www.guerini.it\/#website","url":"https:\/\/www.guerini.it\/","name":"Guerini e Associati","description":"30 anni di libri, idee e libert\u00e0","publisher":{"@id":"https:\/\/www.guerini.it\/#organization"},"potentialAction":[{"@type":"SearchAction","target":{"@type":"EntryPoint","urlTemplate":"https:\/\/www.guerini.it\/?s={search_term_string}"},"query-input":{"@type":"PropertyValueSpecification","valueRequired":true,"valueName":"search_term_string"}}],"inLanguage":"it-IT"},{"@type":"Organization","@id":"https:\/\/www.guerini.it\/#organization","name":"Guerini e Associati","url":"https:\/\/www.guerini.it\/","logo":{"@type":"ImageObject","inLanguage":"it-IT","@id":"https:\/\/www.guerini.it\/#\/schema\/logo\/image\/","url":"https:\/\/www.guerini.it\/wp-content\/uploads\/2021\/03\/Logo-Guerini-OK_-e1615831292285.png","contentUrl":"https:\/\/www.guerini.it\/wp-content\/uploads\/2021\/03\/Logo-Guerini-OK_-e1615831292285.png","width":2805,"height":1870,"caption":"Guerini e Associati"},"image":{"@id":"https:\/\/www.guerini.it\/#\/schema\/logo\/image\/"}}]}},"_links":{"self":[{"href":"https:\/\/www.guerini.it\/index.php\/wp-json\/wp\/v2\/product\/15243","targetHints":{"allow":["GET"]}}],"collection":[{"href":"https:\/\/www.guerini.it\/index.php\/wp-json\/wp\/v2\/product"}],"about":[{"href":"https:\/\/www.guerini.it\/index.php\/wp-json\/wp\/v2\/types\/product"}],"wp:featuredmedia":[{"embeddable":true,"href":"https:\/\/www.guerini.it\/index.php\/wp-json\/wp\/v2\/media\/15242"}],"wp:attachment":[{"href":"https:\/\/www.guerini.it\/index.php\/wp-json\/wp\/v2\/media?parent=15243"}],"wp:term":[{"taxonomy":"product_brand","embeddable":true,"href":"https:\/\/www.guerini.it\/index.php\/wp-json\/wp\/v2\/product_brand?post=15243"},{"taxonomy":"product_cat","embeddable":true,"href":"https:\/\/www.guerini.it\/index.php\/wp-json\/wp\/v2\/product_cat?post=15243"},{"taxonomy":"product_tag","embeddable":true,"href":"https:\/\/www.guerini.it\/index.php\/wp-json\/wp\/v2\/product_tag?post=15243"}],"curies":[{"name":"wp","href":"https:\/\/api.w.org\/{rel}","templated":true}]}}

<p>Il tema dell’apprendimento artistico è stato trattato a più riprese e in diversi contesti scientifici, ma mai si è guardato all’apprendimento artistico in contesti formali e non formali, ponendo l’attenzione alle nuove tecnologie che mediano le attività di conoscenza e comprensione dell’opera d’arte.<br />
Questo testo nasce proprio in quest’ottica all’interno del Centro di ricerca interdipartimentale QUA_SI, dell’Università degli Studi di Milano-Bicocca, al fine di mettere in rilievo sia gli aspetti formali che non formali della lectio artistica, tentando di verificare sul campo il contributo che le tecnologie possono offrire all’apprendimento e alla diffusione dei saperi in ambito artistico. </p>

<!-- This site is optimized with the Yoast SEO plugin v25.4 - https://yoast.com/wordpress/plugins/seo/ -->
<title>Educare all&#039;arte e nuove tecnologie - Guerini e Associati</title>
<meta name="robots" content="index, follow, max-snippet:-1, max-image-preview:large, max-video-preview:-1" />
<link rel="canonical" href="https://www.guerini.it/index.php/prodotto/9788862504256-educare-all-arte/" />
<meta property="og:locale" content="it_IT" />
<meta property="og:type" content="article" />
<meta property="og:title" content="Educare all&#039;arte e nuove tecnologie - Guerini e Associati" />
<meta property="og:description" content="Il tema dell’apprendimento artistico è stato trattato a più riprese e in diversi contesti scientifici, ma mai si è guardato all’apprendimento artistico in contesti formali e non formali, ponendo l’attenzione alle nuove tecnologie che mediano le attività di conoscenza e comprensione dell’opera d’arte. Questo testo nasce proprio in quest’ottica all’interno del Centro di ricerca interdipartimentale QUA_SI, dell’Università degli Studi di Milano-Bicocca, al fine di mettere in rilievo sia gli aspetti formali che non formali della lectio artistica, tentando di verificare sul campo il contributo che le tecnologie possono offrire all’apprendimento e alla diffusione dei saperi in ambito artistico." />
<meta property="og:url" content="https://www.guerini.it/index.php/prodotto/9788862504256-educare-all-arte/" />
<meta property="og:site_name" content="Guerini e Associati" />
<meta property="article:modified_time" content="2024-06-12T12:41:42+00:00" />
<meta property="og:image" content="https://www.guerini.it/wp-content/uploads/2013/09/educare_arte_e_nuove_tecnologie_09-03-2013.jpg" />
	<meta property="og:image:width" content="224" />
	<meta property="og:image:height" content="353" />
	<meta property="og:image:type" content="image/jpeg" />
<meta name="twitter:card" content="summary_large_image" />
<meta name="twitter:label1" content="Tempo di lettura stimato" />
	<meta name="twitter:data1" content="1 minuto" />
<!-- / Yoast SEO plugin. -->

Il tema dell’apprendimento artistico è stato trattato a più riprese e in diversi contesti scientifici, ma mai si è guardato all’apprendimento artistico in contesti formali e non formali, ponendo l’attenzione alle nuove tecnologie che mediano le attività di conoscenza e comprensione dell’opera d’arte. Questo testo nasce proprio in quest’ottica all’interno del Centro di ricerca interdipartimentale QUA_SI, dell’Università degli Studi di Milano-Bicocca, al fine di mettere in rilievo sia gli aspetti formali che non formali della lectio artistica, tentando di verificare sul campo il contributo che le tecnologie possono offrire all’apprendimento e alla diffusione dei saperi in ambito artistico.

30 anni di libri, idee e libertà
