{"id":15273,"date":"2013-11-06T17:51:13","date_gmt":"2013-11-06T16:51:13","guid":{"rendered":"https:\/\/test.guerini.it\/?product=9788862504898-giovani-al-lavoro"},"modified":"2024-06-12T14:40:03","modified_gmt":"2024-06-12T12:40:03","slug":"9788862504898-giovani-al-lavoro","status":"publish","type":"product","link":"https:\/\/www.guerini.it\/index.php\/prodotto\/9788862504898-giovani-al-lavoro\/","title":{"rendered":"Giovani al lavoro"},"content":{"rendered":"<p>\u00abQuando mai nel corso della storia si \u00e8 assistito al fenomeno di vecchi sempre pi\u00f9 impegnati nel lavoro e giovani disoccupati?\u00bb Tutto ci\u00f2 \u00e8 un controsenso.<br \/>\nReagire alla crisi e creare occupazione non \u00e8 un\u2019utopia ma rischia di diventare un ritornello vuoto di contenuti: gli autori, al contrario, presentano soluzioni possibili, proposte credibili e ragionevolmente realizzabili, a costo zero per lo Stato, a favore dell\u2019occupazione giovanile. A patto che i giovani siano i primi a volersi mettere in gioco e a impegnarsi in prima persona per mettere a frutto le proprie capacit\u00e0, con la consapevolezza che spirito d\u2019iniziativa e atteggiamento proattivo sono le condizioni indispensabili affinch\u00e9 si aprano orizzonti di possibilit\u00e0 concrete.<br \/>\nCertamente il problema della disoccupazione esiste e non va sottovalutato nella sua gravit\u00e0 e rispetto a situazioni di stallo ormai consolidate; dal cuneo contributivo e fiscale che incentiva il lavoro sommerso alla storica, italiana rigidit\u00e0 su politiche mirate alla protezione e difesa del posto di lavoro, pi\u00f9 che alla creazione e allo sviluppo di nuove realt\u00e0 lavorative.<br \/>\nUscire dall\u2019impasse \u00e8 indispensabile e possibile, a partire da considerazioni di \u00abpuro buon senso\u00bb e da indicazioni di portata concreta.<\/p>\n","protected":false},"excerpt":{"rendered":"<p>\u00abQuando mai nel corso della storia si \u00e8 assistito al fenomeno di vecchi sempre pi\u00f9 impegnati nel lavoro e giovani disoccupati?\u00bb Tutto ci\u00f2 \u00e8 un controsenso.<br \/>\nReagire alla crisi e creare occupazione non \u00e8 un\u2019utopia ma rischia di diventare un ritornello vuoto di contenuti: gli autori, al contrario, presentano soluzioni possibili, proposte credibili e ragionevolmente realizzabili, a costo zero per lo Stato, a favore dell\u2019occupazione giovanile. A patto che i giovani siano i primi a volersi mettere in gioco e a impegnarsi in prima persona per mettere a frutto le proprie capacit\u00e0, con la consapevolezza che spirito d\u2019iniziativa e atteggiamento proattivo sono le condizioni indispensabili affinch\u00e9 si aprano orizzonti di possibilit\u00e0 concrete<\/p>\n","protected":false},"featured_media":15272,"template":"","meta":{"_editorskit_title_hidden":false,"_editorskit_reading_time":0,"_editorskit_is_block_options_detached":false,"_editorskit_block_options_position":"{}","_monsterinsights_skip_tracking":false,"_monsterinsights_sitenote_active":false,"_monsterinsights_sitenote_note":"","_monsterinsights_sitenote_category":0},"product_brand":[],"product_cat":[6529],"product_tag":[],"class_list":{"0":"post-15273","1":"product","2":"type-product","3":"status-publish","4":"has-post-thumbnail","6":"product_cat-economia-e-management","8":"first","9":"instock","10":"sale","11":"shipping-taxable","12":"purchasable","13":"product-type-simple"},"yoast_head":"<!-- This site is optimized with the Yoast SEO plugin v25.4 - https:\/\/yoast.com\/wordpress\/plugins\/seo\/ -->\n<title>Giovani al lavoro - Guerini e Associati<\/title>\n<meta name=\"robots\" content=\"index, follow, max-snippet:-1, max-image-preview:large, max-video-preview:-1\" \/>\n<link rel=\"canonical\" href=\"https:\/\/www.guerini.it\/index.php\/prodotto\/9788862504898-giovani-al-lavoro\/\" \/>\n<meta property=\"og:locale\" content=\"it_IT\" \/>\n<meta property=\"og:type\" content=\"article\" \/>\n<meta property=\"og:title\" content=\"Giovani al lavoro - Guerini e Associati\" \/>\n<meta property=\"og:description\" content=\"\u00abQuando mai nel corso della storia si \u00e8 assistito al fenomeno di vecchi sempre pi\u00f9 impegnati nel lavoro e giovani disoccupati?\u00bb Tutto ci\u00f2 \u00e8 un controsenso. Reagire alla crisi e creare occupazione non \u00e8 un\u2019utopia ma rischia di diventare un ritornello vuoto di contenuti: gli autori, al contrario, presentano soluzioni possibili, proposte credibili e ragionevolmente realizzabili, a costo zero per lo Stato, a favore dell\u2019occupazione giovanile. A patto che i giovani siano i primi a volersi mettere in gioco e a impegnarsi in prima persona per mettere a frutto le proprie capacit\u00e0, con la consapevolezza che spirito d\u2019iniziativa e atteggiamento proattivo sono le condizioni indispensabili affinch\u00e9 si aprano orizzonti di possibilit\u00e0 concrete\" \/>\n<meta property=\"og:url\" content=\"https:\/\/www.guerini.it\/index.php\/prodotto\/9788862504898-giovani-al-lavoro\/\" \/>\n<meta property=\"og:site_name\" content=\"Guerini e Associati\" \/>\n<meta property=\"article:modified_time\" content=\"2024-06-12T12:40:03+00:00\" \/>\n<meta property=\"og:image\" content=\"https:\/\/www.guerini.it\/wp-content\/uploads\/2013\/11\/giovani_al_lavoro_bordi_11-06-2013.jpg\" \/>\n\t<meta property=\"og:image:width\" content=\"233\" \/>\n\t<meta property=\"og:image:height\" content=\"353\" \/>\n\t<meta property=\"og:image:type\" content=\"image\/jpeg\" \/>\n<meta name=\"twitter:card\" content=\"summary_large_image\" \/>\n<meta name=\"twitter:label1\" content=\"Tempo di lettura stimato\" \/>\n\t<meta name=\"twitter:data1\" content=\"1 minuto\" \/>\n<!-- \/ Yoast SEO plugin. -->","yoast_head_json":{"title":"Giovani al lavoro - Guerini e Associati","robots":{"index":"index","follow":"follow","max-snippet":"max-snippet:-1","max-image-preview":"max-image-preview:large","max-video-preview":"max-video-preview:-1"},"canonical":"https:\/\/www.guerini.it\/index.php\/prodotto\/9788862504898-giovani-al-lavoro\/","og_locale":"it_IT","og_type":"article","og_title":"Giovani al lavoro - Guerini e Associati","og_description":"\u00abQuando mai nel corso della storia si \u00e8 assistito al fenomeno di vecchi sempre pi\u00f9 impegnati nel lavoro e giovani disoccupati?\u00bb Tutto ci\u00f2 \u00e8 un controsenso. Reagire alla crisi e creare occupazione non \u00e8 un\u2019utopia ma rischia di diventare un ritornello vuoto di contenuti: gli autori, al contrario, presentano soluzioni possibili, proposte credibili e ragionevolmente realizzabili, a costo zero per lo Stato, a favore dell\u2019occupazione giovanile. A patto che i giovani siano i primi a volersi mettere in gioco e a impegnarsi in prima persona per mettere a frutto le proprie capacit\u00e0, con la consapevolezza che spirito d\u2019iniziativa e atteggiamento proattivo sono le condizioni indispensabili affinch\u00e9 si aprano orizzonti di possibilit\u00e0 concrete","og_url":"https:\/\/www.guerini.it\/index.php\/prodotto\/9788862504898-giovani-al-lavoro\/","og_site_name":"Guerini e Associati","article_modified_time":"2024-06-12T12:40:03+00:00","og_image":[{"width":233,"height":353,"url":"https:\/\/www.guerini.it\/wp-content\/uploads\/2013\/11\/giovani_al_lavoro_bordi_11-06-2013.jpg","type":"image\/jpeg"}],"twitter_card":"summary_large_image","twitter_misc":{"Tempo di lettura stimato":"1 minuto"},"schema":{"@context":"https:\/\/schema.org","@graph":[{"@type":"WebPage","@id":"https:\/\/www.guerini.it\/index.php\/prodotto\/9788862504898-giovani-al-lavoro\/","url":"https:\/\/www.guerini.it\/index.php\/prodotto\/9788862504898-giovani-al-lavoro\/","name":"Giovani al lavoro - Guerini e Associati","isPartOf":{"@id":"https:\/\/www.guerini.it\/#website"},"primaryImageOfPage":{"@id":"https:\/\/www.guerini.it\/index.php\/prodotto\/9788862504898-giovani-al-lavoro\/#primaryimage"},"image":{"@id":"https:\/\/www.guerini.it\/index.php\/prodotto\/9788862504898-giovani-al-lavoro\/#primaryimage"},"thumbnailUrl":"https:\/\/www.guerini.it\/wp-content\/uploads\/2013\/11\/giovani_al_lavoro_bordi_11-06-2013.jpg","datePublished":"2013-11-06T16:51:13+00:00","dateModified":"2024-06-12T12:40:03+00:00","breadcrumb":{"@id":"https:\/\/www.guerini.it\/index.php\/prodotto\/9788862504898-giovani-al-lavoro\/#breadcrumb"},"inLanguage":"it-IT","potentialAction":[{"@type":"ReadAction","target":["https:\/\/www.guerini.it\/index.php\/prodotto\/9788862504898-giovani-al-lavoro\/"]}]},{"@type":"ImageObject","inLanguage":"it-IT","@id":"https:\/\/www.guerini.it\/index.php\/prodotto\/9788862504898-giovani-al-lavoro\/#primaryimage","url":"https:\/\/www.guerini.it\/wp-content\/uploads\/2013\/11\/giovani_al_lavoro_bordi_11-06-2013.jpg","contentUrl":"https:\/\/www.guerini.it\/wp-content\/uploads\/2013\/11\/giovani_al_lavoro_bordi_11-06-2013.jpg","width":233,"height":353,"caption":"Giovani al lavoro"},{"@type":"BreadcrumbList","@id":"https:\/\/www.guerini.it\/index.php\/prodotto\/9788862504898-giovani-al-lavoro\/#breadcrumb","itemListElement":[{"@type":"ListItem","position":1,"name":"Home","item":"https:\/\/www.guerini.it\/"},{"@type":"ListItem","position":2,"name":"Catalogo","item":"https:\/\/www.guerini.it\/index.php\/negozio\/"},{"@type":"ListItem","position":3,"name":"Giovani al lavoro"}]},{"@type":"WebSite","@id":"https:\/\/www.guerini.it\/#website","url":"https:\/\/www.guerini.it\/","name":"Guerini e Associati","description":"30 anni di libri, idee e libert\u00e0","publisher":{"@id":"https:\/\/www.guerini.it\/#organization"},"potentialAction":[{"@type":"SearchAction","target":{"@type":"EntryPoint","urlTemplate":"https:\/\/www.guerini.it\/?s={search_term_string}"},"query-input":{"@type":"PropertyValueSpecification","valueRequired":true,"valueName":"search_term_string"}}],"inLanguage":"it-IT"},{"@type":"Organization","@id":"https:\/\/www.guerini.it\/#organization","name":"Guerini e Associati","url":"https:\/\/www.guerini.it\/","logo":{"@type":"ImageObject","inLanguage":"it-IT","@id":"https:\/\/www.guerini.it\/#\/schema\/logo\/image\/","url":"https:\/\/www.guerini.it\/wp-content\/uploads\/2021\/03\/Logo-Guerini-OK_-e1615831292285.png","contentUrl":"https:\/\/www.guerini.it\/wp-content\/uploads\/2021\/03\/Logo-Guerini-OK_-e1615831292285.png","width":2805,"height":1870,"caption":"Guerini e Associati"},"image":{"@id":"https:\/\/www.guerini.it\/#\/schema\/logo\/image\/"}}]}},"_links":{"self":[{"href":"https:\/\/www.guerini.it\/index.php\/wp-json\/wp\/v2\/product\/15273","targetHints":{"allow":["GET"]}}],"collection":[{"href":"https:\/\/www.guerini.it\/index.php\/wp-json\/wp\/v2\/product"}],"about":[{"href":"https:\/\/www.guerini.it\/index.php\/wp-json\/wp\/v2\/types\/product"}],"wp:featuredmedia":[{"embeddable":true,"href":"https:\/\/www.guerini.it\/index.php\/wp-json\/wp\/v2\/media\/15272"}],"wp:attachment":[{"href":"https:\/\/www.guerini.it\/index.php\/wp-json\/wp\/v2\/media?parent=15273"}],"wp:term":[{"taxonomy":"product_brand","embeddable":true,"href":"https:\/\/www.guerini.it\/index.php\/wp-json\/wp\/v2\/product_brand?post=15273"},{"taxonomy":"product_cat","embeddable":true,"href":"https:\/\/www.guerini.it\/index.php\/wp-json\/wp\/v2\/product_cat?post=15273"},{"taxonomy":"product_tag","embeddable":true,"href":"https:\/\/www.guerini.it\/index.php\/wp-json\/wp\/v2\/product_tag?post=15273"}],"curies":[{"name":"wp","href":"https:\/\/api.w.org\/{rel}","templated":true}]}}

<p>«Quando mai nel corso della storia si è assistito al fenomeno di vecchi sempre più impegnati nel lavoro e giovani disoccupati?» Tutto ciò è un controsenso.<br />
Reagire alla crisi e creare occupazione non è un’utopia ma rischia di diventare un ritornello vuoto di contenuti: gli autori, al contrario, presentano soluzioni possibili, proposte credibili e ragionevolmente realizzabili, a costo zero per lo Stato, a favore dell’occupazione giovanile. A patto che i giovani siano i primi a volersi mettere in gioco e a impegnarsi in prima persona per mettere a frutto le proprie capacità, con la consapevolezza che spirito d’iniziativa e atteggiamento proattivo sono le condizioni indispensabili affinché si aprano orizzonti di possibilità concrete.<br />
Certamente il problema della disoccupazione esiste e non va sottovalutato nella sua gravità e rispetto a situazioni di stallo ormai consolidate; dal cuneo contributivo e fiscale che incentiva il lavoro sommerso alla storica, italiana rigidità su politiche mirate alla protezione e difesa del posto di lavoro, più che alla creazione e allo sviluppo di nuove realtà lavorative.<br />
Uscire dall’impasse è indispensabile e possibile, a partire da considerazioni di «puro buon senso» e da indicazioni di portata concreta.</p>

<p>«Quando mai nel corso della storia si è assistito al fenomeno di vecchi sempre più impegnati nel lavoro e giovani disoccupati?» Tutto ciò è un controsenso.<br />
Reagire alla crisi e creare occupazione non è un’utopia ma rischia di diventare un ritornello vuoto di contenuti: gli autori, al contrario, presentano soluzioni possibili, proposte credibili e ragionevolmente realizzabili, a costo zero per lo Stato, a favore dell’occupazione giovanile. A patto che i giovani siano i primi a volersi mettere in gioco e a impegnarsi in prima persona per mettere a frutto le proprie capacità, con la consapevolezza che spirito d’iniziativa e atteggiamento proattivo sono le condizioni indispensabili affinché si aprano orizzonti di possibilità concrete</p>

<!-- This site is optimized with the Yoast SEO plugin v25.4 - https://yoast.com/wordpress/plugins/seo/ -->
<title>Giovani al lavoro - Guerini e Associati</title>
<meta name="robots" content="index, follow, max-snippet:-1, max-image-preview:large, max-video-preview:-1" />
<link rel="canonical" href="https://www.guerini.it/index.php/prodotto/9788862504898-giovani-al-lavoro/" />
<meta property="og:locale" content="it_IT" />
<meta property="og:type" content="article" />
<meta property="og:title" content="Giovani al lavoro - Guerini e Associati" />
<meta property="og:description" content="«Quando mai nel corso della storia si è assistito al fenomeno di vecchi sempre più impegnati nel lavoro e giovani disoccupati?» Tutto ciò è un controsenso. Reagire alla crisi e creare occupazione non è un’utopia ma rischia di diventare un ritornello vuoto di contenuti: gli autori, al contrario, presentano soluzioni possibili, proposte credibili e ragionevolmente realizzabili, a costo zero per lo Stato, a favore dell’occupazione giovanile. A patto che i giovani siano i primi a volersi mettere in gioco e a impegnarsi in prima persona per mettere a frutto le proprie capacità, con la consapevolezza che spirito d’iniziativa e atteggiamento proattivo sono le condizioni indispensabili affinché si aprano orizzonti di possibilità concrete" />
<meta property="og:url" content="https://www.guerini.it/index.php/prodotto/9788862504898-giovani-al-lavoro/" />
<meta property="og:site_name" content="Guerini e Associati" />
<meta property="article:modified_time" content="2024-06-12T12:40:03+00:00" />
<meta property="og:image" content="https://www.guerini.it/wp-content/uploads/2013/11/giovani_al_lavoro_bordi_11-06-2013.jpg" />
	<meta property="og:image:width" content="233" />
	<meta property="og:image:height" content="353" />
	<meta property="og:image:type" content="image/jpeg" />
<meta name="twitter:card" content="summary_large_image" />
<meta name="twitter:label1" content="Tempo di lettura stimato" />
	<meta name="twitter:data1" content="1 minuto" />
<!-- / Yoast SEO plugin. -->

«Quando mai nel corso della storia si è assistito al fenomeno di vecchi sempre più impegnati nel lavoro e giovani disoccupati?» Tutto ciò è un controsenso. Reagire alla crisi e creare occupazione non è un’utopia ma rischia di diventare un ritornello vuoto di contenuti: gli autori, al contrario, presentano soluzioni possibili, proposte credibili e ragionevolmente realizzabili, a costo zero per lo Stato, a favore dell’occupazione giovanile. A patto che i giovani siano i primi a volersi mettere in gioco e a impegnarsi in prima persona per mettere a frutto le proprie capacità, con la consapevolezza che spirito d’iniziativa e atteggiamento proattivo sono le condizioni indispensabili affinché si aprano orizzonti di possibilità concrete

30 anni di libri, idee e libertà
