{"id":15289,"date":"2013-11-28T18:03:28","date_gmt":"2013-11-28T17:03:28","guid":{"rendered":"https:\/\/test.guerini.it\/?product=9788862504881-vie-della-formazione"},"modified":"2024-06-12T14:39:45","modified_gmt":"2024-06-12T12:39:45","slug":"9788862504881-vie-della-formazione","status":"publish","type":"product","link":"https:\/\/www.guerini.it\/index.php\/prodotto\/9788862504881-vie-della-formazione\/","title":{"rendered":"Le vie della formazione"},"content":{"rendered":"<p style=\"text-align: justify;\">Pi\u00f9 che alla relazione tra docenti e discenti, pi\u00f9 che agli strumenti formativi, importa oggi porre attenzione alla formazione intesa come \u2018prendere forma\u2019: il manifestarsi di nuovi saperi, di nuovi modi di agire. Siamo tutti oggi, allo stesso tempo, docenti e discenti.<br \/>\nIl libro inizia come dialogo, e si svolge poi come raccolta di testi scritti nel corso degli anni da due autori che si avvicinano, da punti di vista diversi, a un comune interesse: il variegato campo dell\u2019apprendimento e della costruzione sociale di conoscenza. Il libro appare dunque anche testimonianza di una reciproca formazione: ognuno usa le metafore e le chiavi di lettura che gli sono proprie. La letteratura e la poesia, la scienza, la geopolitica, la tecnologia appaiono cos\u00ec come differenti, ma convergenti <em>vie della formazione<\/em>.<br \/>\nDunque, uno strumento utile sia per insegnanti impegnati nella scuola e nell\u2019universit\u00e0, sia per formatori aziendali. Per coach e per counselor. Per manager impegnati nello sviluppo delle Risorse Umane, e, pi\u00f9 in generale, per manager attenti alle persone.<br \/>\nMa anche un manifesto politico: serve oggi, per il nostro Paese, una nuova alleanza fra conoscenza e progettualit\u00e0. La formazione \u00e8 una delle chiavi centrali di questa nuova alleanza. La sfida \u00e8 appena cominciata, e richiede nuovi contributi, nuove attenzioni, nuove passioni.<\/p>\n<hr \/>\n<p style=\"text-align: justify;\"><strong>Gianluca Bocchi<\/strong>, ordinario di Filosofia della scienza presso l\u2019Universit\u00e0 di Bergamo, dove dirige il Centro di ricerca sulla Complessit\u00e0 (CERCO) dedicato alle teorie, alle ricerche e alle pratiche sul tema della complessit\u00e0 nelle scienze umane, sociali e naturali. \u00c8 autore di diversi studi tra i quali il celebre<em> La sfida della complessit\u00e0<\/em> (con M. Ceruti, Milano 1985), <em>Origini di Storie<\/em> (con M. Ceruti, Milano 1993),<em> Educazione e globalizzazione<\/em> (con M. Ceruti, Milano 2004).<\/p>\n<p style=\"text-align: justify;\"><strong>Francesco Varanini<\/strong>, consulente e formatore, insegna presso il corso di laurea in Informatica umanistica dell\u2019Universit\u00e0 di Pisa, \u00e8 fondatore e direttore di <em>Persone &amp; Conoscenze<\/em>, \u00e8 presidente della delegazione Lombardia dell\u2019Aif Associazione italiana formatori. Tra le sue pubblicazioni pi\u00f9 recenti ricordiamo <em>Il Principe di Cond\u00e9<\/em> (Milano 2010) e, per le nostre edizioni, <a href=\"https:\/\/www.guerini.it\/index.php\/prodotto\/le-parole-del-manager\/\"><em>Le parole del manager<\/em><\/a> (2006), <a href=\"https:\/\/www.guerini.it\/index.php\/prodotto\/il-project-management-emergente\/\"><em>Il project management emergente<\/em><\/a> (con W. Ginevri, 2009), <a href=\"https:\/\/www.guerini.it\/index.php\/prodotto\/contro-il-management\/\"><em>Contro il management<\/em><\/a> (2010) e <a href=\"https:\/\/www.guerini.it\/index.php\/prodotto\/le-nuove-parole-del-manager\/\"><em>Nuove parole del manager<\/em><\/a> (2011).<\/p>\n","protected":false},"excerpt":{"rendered":"<p>Pi\u00f9 che alla relazione tra docenti e discenti, pi\u00f9 che agli strumenti formativi, importa oggi porre attenzione alla formazione intesa come \u2018prendere forma\u2019: il manifestarsi di nuovi saperi, di nuovi modi di agire. Siamo tutti oggi, allo stesso tempo, docenti e discenti. Il libro inizia come dialogo, e si svolge poi come raccolta di testi scritti nel corso degli anni da due autori che si avvicinano, da punti di vista diversi, a un comune interesse: il variegato campo dell\u2019apprendimento e della costruzione sociale di conoscenza.<\/p>\n<p>Il libro appare dunque anche testimonianza di una reciproca formazione: ognuno usa le metafore e le chiavi di lettura che gli sono proprie. La letteratura e la poesia, la scienza, la geopolitica, la tecnologia appaiono cos\u00ec come differenti, ma convergenti <em>vie della formazione<\/em>.<br \/>\nDunque, uno strumento utile sia per insegnanti impegnati nella scuola e nell\u2019universit\u00e0, sia per formatori aziendali. Per coach e per counselor. Per manager impegnati nello sviluppo delle Risorse Umane, e, pi\u00f9 in generale, per manager attenti alle persone. Ma anche un manifesto politico: serve oggi, per il nostro Paese, una nuova alleanza fra conoscenza e progettualit\u00e0. La formazione \u00e8 una delle chiavi centrali di questa nuova alleanza. La sfida \u00e8 appena cominciata, e richiede nuovi contributi, nuove attenzioni, nuove passioni.<\/p>\n","protected":false},"featured_media":23237,"template":"","meta":{"_editorskit_title_hidden":false,"_editorskit_reading_time":0,"_editorskit_is_block_options_detached":false,"_editorskit_block_options_position":"{}","_monsterinsights_skip_tracking":false,"_monsterinsights_sitenote_active":false,"_monsterinsights_sitenote_note":"","_monsterinsights_sitenote_category":0},"product_brand":[],"product_cat":[6529,6668],"product_tag":[],"class_list":{"0":"post-15289","1":"product","2":"type-product","3":"status-publish","4":"has-post-thumbnail","6":"product_cat-economia-e-management","7":"product_cat-ng","8":"pa_guerini_amazon_link-https-www-amazon-it-della-formazione-creativit-innovazione-complessit-dp-8862504888","9":"pa_guerini_feltrinelli_link-https-www-lafeltrinelli-it-vie-della-formazione-creativita-innovazione-libro-gianluca-bocchi-francesco-varanini-e-9788862504881","10":"pa_guerini_ibs_link-https-www-ibs-it-vie-della-formazione-creativita-innovazione-libro-gianluca-bocchi-francesco-varanini-e-9788862504881","11":"pa_guerini_libruniver_link-https-www-libreriauniversitaria-it-vie-formazione-creativita-innovazione-complessita-libro-9788862504881","12":"pa_guerini_mondadori_link-https-www-mondadoristore-it-vie-formazione-creativita-francesco-varanini-gianluca-bocchi-eai978886250488","14":"first","15":"instock","16":"sale","17":"shipping-taxable","18":"purchasable","19":"product-type-simple"},"yoast_head":"<!-- This site is optimized with the Yoast SEO plugin v25.4 - https:\/\/yoast.com\/wordpress\/plugins\/seo\/ -->\n<title>Le vie della formazione - Guerini e Associati<\/title>\n<meta name=\"robots\" content=\"index, follow, max-snippet:-1, max-image-preview:large, max-video-preview:-1\" \/>\n<link rel=\"canonical\" href=\"https:\/\/www.guerini.it\/index.php\/prodotto\/9788862504881-vie-della-formazione\/\" \/>\n<meta property=\"og:locale\" content=\"it_IT\" \/>\n<meta property=\"og:type\" content=\"article\" \/>\n<meta property=\"og:title\" content=\"Le vie della formazione - Guerini e Associati\" \/>\n<meta property=\"og:description\" content=\"Pi\u00f9 che alla relazione tra docenti e discenti, pi\u00f9 che agli strumenti formativi, importa oggi porre attenzione alla formazione intesa come \u2018prendere forma\u2019: il manifestarsi di nuovi saperi, di nuovi modi di agire. Siamo tutti oggi, allo stesso tempo, docenti e discenti. Il libro inizia come dialogo, e si svolge poi come raccolta di testi scritti nel corso degli anni da due autori che si avvicinano, da punti di vista diversi, a un comune interesse: il variegato campo dell\u2019apprendimento e della costruzione sociale di conoscenza.  Il libro appare dunque anche testimonianza di una reciproca formazione: ognuno usa le metafore e le chiavi di lettura che gli sono proprie. La letteratura e la poesia, la scienza, la geopolitica, la tecnologia appaiono cos\u00ec come differenti, ma convergenti vie della formazione. Dunque, uno strumento utile sia per insegnanti impegnati nella scuola e nell\u2019universit\u00e0, sia per formatori aziendali. Per coach e per counselor. Per manager impegnati nello sviluppo delle Risorse Umane, e, pi\u00f9 in generale, per manager attenti alle persone. Ma anche un manifesto politico: serve oggi, per il nostro Paese, una nuova alleanza fra conoscenza e progettualit\u00e0. La formazione \u00e8 una delle chiavi centrali di questa nuova alleanza. La sfida \u00e8 appena cominciata, e richiede nuovi contributi, nuove attenzioni, nuove passioni.\" \/>\n<meta property=\"og:url\" content=\"https:\/\/www.guerini.it\/index.php\/prodotto\/9788862504881-vie-della-formazione\/\" \/>\n<meta property=\"og:site_name\" content=\"Guerini e Associati\" \/>\n<meta property=\"article:modified_time\" content=\"2024-06-12T12:39:45+00:00\" \/>\n<meta property=\"og:image\" content=\"https:\/\/www.guerini.it\/wp-content\/uploads\/2013\/11\/Cop.Bocchi-scaled-e1666004293916.jpg\" \/>\n\t<meta property=\"og:image:width\" content=\"225\" \/>\n\t<meta property=\"og:image:height\" content=\"350\" \/>\n\t<meta property=\"og:image:type\" content=\"image\/jpeg\" \/>\n<meta name=\"twitter:card\" content=\"summary_large_image\" \/>\n<meta name=\"twitter:label1\" content=\"Tempo di lettura stimato\" \/>\n\t<meta name=\"twitter:data1\" content=\"2 minuti\" \/>\n<!-- \/ Yoast SEO plugin. -->","yoast_head_json":{"title":"Le vie della formazione - Guerini e Associati","robots":{"index":"index","follow":"follow","max-snippet":"max-snippet:-1","max-image-preview":"max-image-preview:large","max-video-preview":"max-video-preview:-1"},"canonical":"https:\/\/www.guerini.it\/index.php\/prodotto\/9788862504881-vie-della-formazione\/","og_locale":"it_IT","og_type":"article","og_title":"Le vie della formazione - Guerini e Associati","og_description":"Pi\u00f9 che alla relazione tra docenti e discenti, pi\u00f9 che agli strumenti formativi, importa oggi porre attenzione alla formazione intesa come \u2018prendere forma\u2019: il manifestarsi di nuovi saperi, di nuovi modi di agire. Siamo tutti oggi, allo stesso tempo, docenti e discenti. Il libro inizia come dialogo, e si svolge poi come raccolta di testi scritti nel corso degli anni da due autori che si avvicinano, da punti di vista diversi, a un comune interesse: il variegato campo dell\u2019apprendimento e della costruzione sociale di conoscenza.  Il libro appare dunque anche testimonianza di una reciproca formazione: ognuno usa le metafore e le chiavi di lettura che gli sono proprie. La letteratura e la poesia, la scienza, la geopolitica, la tecnologia appaiono cos\u00ec come differenti, ma convergenti vie della formazione. Dunque, uno strumento utile sia per insegnanti impegnati nella scuola e nell\u2019universit\u00e0, sia per formatori aziendali. Per coach e per counselor. Per manager impegnati nello sviluppo delle Risorse Umane, e, pi\u00f9 in generale, per manager attenti alle persone. Ma anche un manifesto politico: serve oggi, per il nostro Paese, una nuova alleanza fra conoscenza e progettualit\u00e0. La formazione \u00e8 una delle chiavi centrali di questa nuova alleanza. La sfida \u00e8 appena cominciata, e richiede nuovi contributi, nuove attenzioni, nuove passioni.","og_url":"https:\/\/www.guerini.it\/index.php\/prodotto\/9788862504881-vie-della-formazione\/","og_site_name":"Guerini e Associati","article_modified_time":"2024-06-12T12:39:45+00:00","og_image":[{"width":225,"height":350,"url":"https:\/\/www.guerini.it\/wp-content\/uploads\/2013\/11\/Cop.Bocchi-scaled-e1666004293916.jpg","type":"image\/jpeg"}],"twitter_card":"summary_large_image","twitter_misc":{"Tempo di lettura stimato":"2 minuti"},"schema":{"@context":"https:\/\/schema.org","@graph":[{"@type":"WebPage","@id":"https:\/\/www.guerini.it\/index.php\/prodotto\/9788862504881-vie-della-formazione\/","url":"https:\/\/www.guerini.it\/index.php\/prodotto\/9788862504881-vie-della-formazione\/","name":"Le vie della formazione - Guerini e Associati","isPartOf":{"@id":"https:\/\/www.guerini.it\/#website"},"primaryImageOfPage":{"@id":"https:\/\/www.guerini.it\/index.php\/prodotto\/9788862504881-vie-della-formazione\/#primaryimage"},"image":{"@id":"https:\/\/www.guerini.it\/index.php\/prodotto\/9788862504881-vie-della-formazione\/#primaryimage"},"thumbnailUrl":"https:\/\/www.guerini.it\/wp-content\/uploads\/2013\/11\/Cop.Bocchi-scaled-e1666004293916.jpg","datePublished":"2013-11-28T17:03:28+00:00","dateModified":"2024-06-12T12:39:45+00:00","breadcrumb":{"@id":"https:\/\/www.guerini.it\/index.php\/prodotto\/9788862504881-vie-della-formazione\/#breadcrumb"},"inLanguage":"it-IT","potentialAction":[{"@type":"ReadAction","target":["https:\/\/www.guerini.it\/index.php\/prodotto\/9788862504881-vie-della-formazione\/"]}]},{"@type":"ImageObject","inLanguage":"it-IT","@id":"https:\/\/www.guerini.it\/index.php\/prodotto\/9788862504881-vie-della-formazione\/#primaryimage","url":"https:\/\/www.guerini.it\/wp-content\/uploads\/2013\/11\/Cop.Bocchi-scaled-e1666004293916.jpg","contentUrl":"https:\/\/www.guerini.it\/wp-content\/uploads\/2013\/11\/Cop.Bocchi-scaled-e1666004293916.jpg","width":225,"height":350,"caption":"Copertina del volume Le vie della formazione"},{"@type":"BreadcrumbList","@id":"https:\/\/www.guerini.it\/index.php\/prodotto\/9788862504881-vie-della-formazione\/#breadcrumb","itemListElement":[{"@type":"ListItem","position":1,"name":"Home","item":"https:\/\/www.guerini.it\/"},{"@type":"ListItem","position":2,"name":"Catalogo","item":"https:\/\/www.guerini.it\/index.php\/negozio\/"},{"@type":"ListItem","position":3,"name":"Le vie della formazione"}]},{"@type":"WebSite","@id":"https:\/\/www.guerini.it\/#website","url":"https:\/\/www.guerini.it\/","name":"Guerini e Associati","description":"30 anni di libri, idee e libert\u00e0","publisher":{"@id":"https:\/\/www.guerini.it\/#organization"},"potentialAction":[{"@type":"SearchAction","target":{"@type":"EntryPoint","urlTemplate":"https:\/\/www.guerini.it\/?s={search_term_string}"},"query-input":{"@type":"PropertyValueSpecification","valueRequired":true,"valueName":"search_term_string"}}],"inLanguage":"it-IT"},{"@type":"Organization","@id":"https:\/\/www.guerini.it\/#organization","name":"Guerini e Associati","url":"https:\/\/www.guerini.it\/","logo":{"@type":"ImageObject","inLanguage":"it-IT","@id":"https:\/\/www.guerini.it\/#\/schema\/logo\/image\/","url":"https:\/\/www.guerini.it\/wp-content\/uploads\/2021\/03\/Logo-Guerini-OK_-e1615831292285.png","contentUrl":"https:\/\/www.guerini.it\/wp-content\/uploads\/2021\/03\/Logo-Guerini-OK_-e1615831292285.png","width":2805,"height":1870,"caption":"Guerini e Associati"},"image":{"@id":"https:\/\/www.guerini.it\/#\/schema\/logo\/image\/"}}]}},"_links":{"self":[{"href":"https:\/\/www.guerini.it\/index.php\/wp-json\/wp\/v2\/product\/15289","targetHints":{"allow":["GET"]}}],"collection":[{"href":"https:\/\/www.guerini.it\/index.php\/wp-json\/wp\/v2\/product"}],"about":[{"href":"https:\/\/www.guerini.it\/index.php\/wp-json\/wp\/v2\/types\/product"}],"wp:featuredmedia":[{"embeddable":true,"href":"https:\/\/www.guerini.it\/index.php\/wp-json\/wp\/v2\/media\/23237"}],"wp:attachment":[{"href":"https:\/\/www.guerini.it\/index.php\/wp-json\/wp\/v2\/media?parent=15289"}],"wp:term":[{"taxonomy":"product_brand","embeddable":true,"href":"https:\/\/www.guerini.it\/index.php\/wp-json\/wp\/v2\/product_brand?post=15289"},{"taxonomy":"product_cat","embeddable":true,"href":"https:\/\/www.guerini.it\/index.php\/wp-json\/wp\/v2\/product_cat?post=15289"},{"taxonomy":"product_tag","embeddable":true,"href":"https:\/\/www.guerini.it\/index.php\/wp-json\/wp\/v2\/product_tag?post=15289"}],"curies":[{"name":"wp","href":"https:\/\/api.w.org\/{rel}","templated":true}]}}

<p style="text-align: justify;">Più che alla relazione tra docenti e discenti, più che agli strumenti formativi, importa oggi porre attenzione alla formazione intesa come ‘prendere forma’: il manifestarsi di nuovi saperi, di nuovi modi di agire. Siamo tutti oggi, allo stesso tempo, docenti e discenti.<br />
Il libro inizia come dialogo, e si svolge poi come raccolta di testi scritti nel corso degli anni da due autori che si avvicinano, da punti di vista diversi, a un comune interesse: il variegato campo dell’apprendimento e della costruzione sociale di conoscenza. Il libro appare dunque anche testimonianza di una reciproca formazione: ognuno usa le metafore e le chiavi di lettura che gli sono proprie. La letteratura e la poesia, la scienza, la geopolitica, la tecnologia appaiono così come differenti, ma convergenti <em>vie della formazione</em>.<br />
Dunque, uno strumento utile sia per insegnanti impegnati nella scuola e nell’università, sia per formatori aziendali. Per coach e per counselor. Per manager impegnati nello sviluppo delle Risorse Umane, e, più in generale, per manager attenti alle persone.<br />
Ma anche un manifesto politico: serve oggi, per il nostro Paese, una nuova alleanza fra conoscenza e progettualità. La formazione è una delle chiavi centrali di questa nuova alleanza. La sfida è appena cominciata, e richiede nuovi contributi, nuove attenzioni, nuove passioni.</p>
<hr />
<p style="text-align: justify;"><strong>Gianluca Bocchi</strong>, ordinario di Filosofia della scienza presso l’Università di Bergamo, dove dirige il Centro di ricerca sulla Complessità (CERCO) dedicato alle teorie, alle ricerche e alle pratiche sul tema della complessità nelle scienze umane, sociali e naturali. È autore di diversi studi tra i quali il celebre<em> La sfida della complessità</em> (con M. Ceruti, Milano 1985), <em>Origini di Storie</em> (con M. Ceruti, Milano 1993),<em> Educazione e globalizzazione</em> (con M. Ceruti, Milano 2004).</p>
<p style="text-align: justify;"><strong>Francesco Varanini</strong>, consulente e formatore, insegna presso il corso di laurea in Informatica umanistica dell’Università di Pisa, è fondatore e direttore di <em>Persone &amp; Conoscenze</em>, è presidente della delegazione Lombardia dell’Aif Associazione italiana formatori. Tra le sue pubblicazioni più recenti ricordiamo <em>Il Principe di Condé</em> (Milano 2010) e, per le nostre edizioni, <a href="https://www.guerini.it/index.php/prodotto/le-parole-del-manager/"><em>Le parole del manager</em></a> (2006), <a href="https://www.guerini.it/index.php/prodotto/il-project-management-emergente/"><em>Il project management emergente</em></a> (con W. Ginevri, 2009), <a href="https://www.guerini.it/index.php/prodotto/contro-il-management/"><em>Contro il management</em></a> (2010) e <a href="https://www.guerini.it/index.php/prodotto/le-nuove-parole-del-manager/"><em>Nuove parole del manager</em></a> (2011).</p>

<p>Più che alla relazione tra docenti e discenti, più che agli strumenti formativi, importa oggi porre attenzione alla formazione intesa come ‘prendere forma’: il manifestarsi di nuovi saperi, di nuovi modi di agire. Siamo tutti oggi, allo stesso tempo, docenti e discenti. Il libro inizia come dialogo, e si svolge poi come raccolta di testi scritti nel corso degli anni da due autori che si avvicinano, da punti di vista diversi, a un comune interesse: il variegato campo dell’apprendimento e della costruzione sociale di conoscenza.</p>
<p>Il libro appare dunque anche testimonianza di una reciproca formazione: ognuno usa le metafore e le chiavi di lettura che gli sono proprie. La letteratura e la poesia, la scienza, la geopolitica, la tecnologia appaiono così come differenti, ma convergenti <em>vie della formazione</em>.<br />
Dunque, uno strumento utile sia per insegnanti impegnati nella scuola e nell’università, sia per formatori aziendali. Per coach e per counselor. Per manager impegnati nello sviluppo delle Risorse Umane, e, più in generale, per manager attenti alle persone. Ma anche un manifesto politico: serve oggi, per il nostro Paese, una nuova alleanza fra conoscenza e progettualità. La formazione è una delle chiavi centrali di questa nuova alleanza. La sfida è appena cominciata, e richiede nuovi contributi, nuove attenzioni, nuove passioni.</p>

<!-- This site is optimized with the Yoast SEO plugin v25.4 - https://yoast.com/wordpress/plugins/seo/ -->
<title>Le vie della formazione - Guerini e Associati</title>
<meta name="robots" content="index, follow, max-snippet:-1, max-image-preview:large, max-video-preview:-1" />
<link rel="canonical" href="https://www.guerini.it/index.php/prodotto/9788862504881-vie-della-formazione/" />
<meta property="og:locale" content="it_IT" />
<meta property="og:type" content="article" />
<meta property="og:title" content="Le vie della formazione - Guerini e Associati" />
<meta property="og:description" content="Più che alla relazione tra docenti e discenti, più che agli strumenti formativi, importa oggi porre attenzione alla formazione intesa come ‘prendere forma’: il manifestarsi di nuovi saperi, di nuovi modi di agire. Siamo tutti oggi, allo stesso tempo, docenti e discenti. Il libro inizia come dialogo, e si svolge poi come raccolta di testi scritti nel corso degli anni da due autori che si avvicinano, da punti di vista diversi, a un comune interesse: il variegato campo dell’apprendimento e della costruzione sociale di conoscenza.  Il libro appare dunque anche testimonianza di una reciproca formazione: ognuno usa le metafore e le chiavi di lettura che gli sono proprie. La letteratura e la poesia, la scienza, la geopolitica, la tecnologia appaiono così come differenti, ma convergenti vie della formazione. Dunque, uno strumento utile sia per insegnanti impegnati nella scuola e nell’università, sia per formatori aziendali. Per coach e per counselor. Per manager impegnati nello sviluppo delle Risorse Umane, e, più in generale, per manager attenti alle persone. Ma anche un manifesto politico: serve oggi, per il nostro Paese, una nuova alleanza fra conoscenza e progettualità. La formazione è una delle chiavi centrali di questa nuova alleanza. La sfida è appena cominciata, e richiede nuovi contributi, nuove attenzioni, nuove passioni." />
<meta property="og:url" content="https://www.guerini.it/index.php/prodotto/9788862504881-vie-della-formazione/" />
<meta property="og:site_name" content="Guerini e Associati" />
<meta property="article:modified_time" content="2024-06-12T12:39:45+00:00" />
<meta property="og:image" content="https://www.guerini.it/wp-content/uploads/2013/11/Cop.Bocchi-scaled-e1666004293916.jpg" />
	<meta property="og:image:width" content="225" />
	<meta property="og:image:height" content="350" />
	<meta property="og:image:type" content="image/jpeg" />
<meta name="twitter:card" content="summary_large_image" />
<meta name="twitter:label1" content="Tempo di lettura stimato" />
	<meta name="twitter:data1" content="2 minuti" />
<!-- / Yoast SEO plugin. -->

Più che alla relazione tra docenti e discenti, più che agli strumenti formativi, importa oggi porre attenzione alla formazione intesa come ‘prendere forma’: il manifestarsi di nuovi saperi, di nuovi modi di agire. Siamo tutti oggi, allo stesso tempo, docenti e discenti. Il libro inizia come dialogo, e si svolge poi come raccolta di testi scritti nel corso degli anni da due autori che si avvicinano, da punti di vista diversi, a un comune interesse: il variegato campo dell’apprendimento e della costruzione sociale di conoscenza.  Il libro appare dunque anche testimonianza di una reciproca formazione: ognuno usa le metafore e le chiavi di lettura che gli sono proprie. La letteratura e la poesia, la scienza, la geopolitica, la tecnologia appaiono così come differenti, ma convergenti vie della formazione. Dunque, uno strumento utile sia per insegnanti impegnati nella scuola e nell’università, sia per formatori aziendali. Per coach e per counselor. Per manager impegnati nello sviluppo delle Risorse Umane, e, più in generale, per manager attenti alle persone. Ma anche un manifesto politico: serve oggi, per il nostro Paese, una nuova alleanza fra conoscenza e progettualità. La formazione è una delle chiavi centrali di questa nuova alleanza. La sfida è appena cominciata, e richiede nuovi contributi, nuove attenzioni, nuove passioni.

30 anni di libri, idee e libertà
