{"id":15295,"date":"2013-12-06T11:17:55","date_gmt":"2013-12-06T10:17:55","guid":{"rendered":"https:\/\/test.guerini.it\/?product=9788862504850-smed"},"modified":"2025-10-13T20:53:45","modified_gmt":"2025-10-13T18:53:45","slug":"9788862504850-smed","status":"publish","type":"product","link":"https:\/\/www.guerini.it\/index.php\/prodotto\/9788862504850-smed\/","title":{"rendered":"SMED"},"content":{"rendered":"<p style=\"text-align: justify;\">Siete in procinto di iniziare un progetto JIT (\u00abJust in time\u00bb) e vi serve un aiuto per sensibilizzare i vostri dipendenti riguardo le grandi potenzialit\u00e0 di un approccio di questo tipo? In particolare dovete convincere altri che si pu\u00f2 produrre a piccoli lotti riducendo drasticamente i tempi di setup? Ecco a voi una guida pratica per introdurre i concetti base, le tecniche e i vantaggi del metodo SMED (Single Minute Exchange of Die). L\u2019approccio organizzativo SMED \u00e8 in grado di accrescere notevolmente la competitivit\u00e0 della vostra azienda rendendo pi\u00f9 flessibile il processo produttivo. Il management definisce i principi guida del sistema produttivo adottato, ma sono gli operatori ad avere un ruolo fondamentale nella realizzazione effettiva dello stesso. Come tutti i libri della collana \u00abGuide pratiche per l\u2019azienda lean\u00bb anche questo si avvale di un linguaggio semplice e accessibile per presentare concetti e strumenti. I contenuti del libro sono stati specificamente strutturati per essere letti e discussi in brevi riunioni di gruppo. All\u2019interno del libro troverete numerose illustrazioni ed esempi che spiegano i concetti base dello SMED.<\/p>\n<p><strong>Permalink:\u00a0<\/strong><a href=\"http:\/\/digital.casalini.it\/9788862504850\">http:\/\/digital.casalini.it\/9788862504850<\/a><\/p>\n","protected":false},"excerpt":{"rendered":"<p style=\"text-align: justify;\">Siete in procinto di iniziare un progetto JIT (\u00abJust in time\u00bb) e vi serve un aiuto per sensibilizzare i vostri dipendenti riguardo le grandi potenzialit\u00e0 di un approccio di questo tipo? In particolare dovete convincere altri che si pu\u00f2 produrre a piccoli lotti riducendo drasticamente i tempi di setup? Ecco a voi una guida pratica per introdurre i concetti base, le tecniche e i vantaggi del metodo SMED (Single Minute Exchange of Die). L\u2019approccio organizzativo SMED \u00e8 in grado di accrescere notevolmente la competitivit\u00e0 della vostra azienda rendendo pi\u00f9 flessibile il processo produttivo. Il management definisce i principi guida del sistema produttivo adottato, ma sono gli operatori ad avere un ruolo fondamentale nella realizzazione effettiva dello stesso.<\/p>\n","protected":false},"featured_media":15294,"template":"","meta":{"_editorskit_title_hidden":false,"_editorskit_reading_time":0,"_editorskit_is_block_options_detached":false,"_editorskit_block_options_position":"{}","_monsterinsights_skip_tracking":false,"_monsterinsights_sitenote_active":false,"_monsterinsights_sitenote_note":"","_monsterinsights_sitenote_category":0},"product_brand":[],"product_cat":[6562,6532],"product_tag":[],"class_list":{"0":"post-15295","1":"product","2":"type-product","3":"status-publish","4":"has-post-thumbnail","6":"product_cat-gpl","7":"product_cat-lean-production","8":"pa_guerini_amazon_link-5a-httpswwwamazonitsmed_chiav","9":"pa_guerini_feltrinelli_link-ac-httpswwwawin1comcreadphpaw","10":"pa_guerini_ibs_link-cd-httpswwwawin1comcreadphpaw","12":"first","13":"instock","14":"sale","15":"shipping-taxable","16":"purchasable","17":"product-type-simple"},"yoast_head":"<!-- This site is optimized with the Yoast SEO plugin v25.4 - https:\/\/yoast.com\/wordpress\/plugins\/seo\/ -->\n<title>SMED - Guerini e Associati<\/title>\n<meta name=\"robots\" content=\"index, follow, max-snippet:-1, max-image-preview:large, max-video-preview:-1\" \/>\n<link rel=\"canonical\" href=\"https:\/\/www.guerini.it\/index.php\/prodotto\/9788862504850-smed\/\" \/>\n<meta property=\"og:locale\" content=\"it_IT\" \/>\n<meta property=\"og:type\" content=\"article\" \/>\n<meta property=\"og:title\" content=\"SMED - Guerini e Associati\" \/>\n<meta property=\"og:description\" content=\"Siete in procinto di iniziare un progetto JIT (\u00abJust in time\u00bb) e vi serve un aiuto per sensibilizzare i vostri dipendenti riguardo le grandi potenzialit\u00e0 di un approccio di questo tipo? In particolare dovete convincere altri che si pu\u00f2 produrre a piccoli lotti riducendo drasticamente i tempi di setup? Ecco a voi una guida pratica per introdurre i concetti base, le tecniche e i vantaggi del metodo SMED (Single Minute Exchange of Die). L\u2019approccio organizzativo SMED \u00e8 in grado di accrescere notevolmente la competitivit\u00e0 della vostra azienda rendendo pi\u00f9 flessibile il processo produttivo. Il management definisce i principi guida del sistema produttivo adottato, ma sono gli operatori ad avere un ruolo fondamentale nella realizzazione effettiva dello stesso.\" \/>\n<meta property=\"og:url\" content=\"https:\/\/www.guerini.it\/index.php\/prodotto\/9788862504850-smed\/\" \/>\n<meta property=\"og:site_name\" content=\"Guerini e Associati\" \/>\n<meta property=\"article:modified_time\" content=\"2025-10-13T18:53:45+00:00\" \/>\n<meta property=\"og:image\" content=\"https:\/\/www.guerini.it\/wp-content\/uploads\/2013\/12\/smed_sito.jpg\" \/>\n\t<meta property=\"og:image:width\" content=\"224\" \/>\n\t<meta property=\"og:image:height\" content=\"353\" \/>\n\t<meta property=\"og:image:type\" content=\"image\/jpeg\" \/>\n<meta name=\"twitter:card\" content=\"summary_large_image\" \/>\n<meta name=\"twitter:label1\" content=\"Tempo di lettura stimato\" \/>\n\t<meta name=\"twitter:data1\" content=\"1 minuto\" \/>\n<!-- \/ Yoast SEO plugin. -->","yoast_head_json":{"title":"SMED - Guerini e Associati","robots":{"index":"index","follow":"follow","max-snippet":"max-snippet:-1","max-image-preview":"max-image-preview:large","max-video-preview":"max-video-preview:-1"},"canonical":"https:\/\/www.guerini.it\/index.php\/prodotto\/9788862504850-smed\/","og_locale":"it_IT","og_type":"article","og_title":"SMED - Guerini e Associati","og_description":"Siete in procinto di iniziare un progetto JIT (\u00abJust in time\u00bb) e vi serve un aiuto per sensibilizzare i vostri dipendenti riguardo le grandi potenzialit\u00e0 di un approccio di questo tipo? In particolare dovete convincere altri che si pu\u00f2 produrre a piccoli lotti riducendo drasticamente i tempi di setup? Ecco a voi una guida pratica per introdurre i concetti base, le tecniche e i vantaggi del metodo SMED (Single Minute Exchange of Die). L\u2019approccio organizzativo SMED \u00e8 in grado di accrescere notevolmente la competitivit\u00e0 della vostra azienda rendendo pi\u00f9 flessibile il processo produttivo. Il management definisce i principi guida del sistema produttivo adottato, ma sono gli operatori ad avere un ruolo fondamentale nella realizzazione effettiva dello stesso.","og_url":"https:\/\/www.guerini.it\/index.php\/prodotto\/9788862504850-smed\/","og_site_name":"Guerini e Associati","article_modified_time":"2025-10-13T18:53:45+00:00","og_image":[{"width":224,"height":353,"url":"https:\/\/www.guerini.it\/wp-content\/uploads\/2013\/12\/smed_sito.jpg","type":"image\/jpeg"}],"twitter_card":"summary_large_image","twitter_misc":{"Tempo di lettura stimato":"1 minuto"},"schema":{"@context":"https:\/\/schema.org","@graph":[{"@type":"WebPage","@id":"https:\/\/www.guerini.it\/index.php\/prodotto\/9788862504850-smed\/","url":"https:\/\/www.guerini.it\/index.php\/prodotto\/9788862504850-smed\/","name":"SMED - Guerini e Associati","isPartOf":{"@id":"https:\/\/www.guerini.it\/#website"},"primaryImageOfPage":{"@id":"https:\/\/www.guerini.it\/index.php\/prodotto\/9788862504850-smed\/#primaryimage"},"image":{"@id":"https:\/\/www.guerini.it\/index.php\/prodotto\/9788862504850-smed\/#primaryimage"},"thumbnailUrl":"https:\/\/www.guerini.it\/wp-content\/uploads\/2013\/12\/smed_sito.jpg","datePublished":"2013-12-06T10:17:55+00:00","dateModified":"2025-10-13T18:53:45+00:00","breadcrumb":{"@id":"https:\/\/www.guerini.it\/index.php\/prodotto\/9788862504850-smed\/#breadcrumb"},"inLanguage":"it-IT","potentialAction":[{"@type":"ReadAction","target":["https:\/\/www.guerini.it\/index.php\/prodotto\/9788862504850-smed\/"]}]},{"@type":"ImageObject","inLanguage":"it-IT","@id":"https:\/\/www.guerini.it\/index.php\/prodotto\/9788862504850-smed\/#primaryimage","url":"https:\/\/www.guerini.it\/wp-content\/uploads\/2013\/12\/smed_sito.jpg","contentUrl":"https:\/\/www.guerini.it\/wp-content\/uploads\/2013\/12\/smed_sito.jpg","width":224,"height":353,"caption":"SMED"},{"@type":"BreadcrumbList","@id":"https:\/\/www.guerini.it\/index.php\/prodotto\/9788862504850-smed\/#breadcrumb","itemListElement":[{"@type":"ListItem","position":1,"name":"Home","item":"https:\/\/www.guerini.it\/"},{"@type":"ListItem","position":2,"name":"Catalogo","item":"https:\/\/www.guerini.it\/index.php\/negozio\/"},{"@type":"ListItem","position":3,"name":"SMED"}]},{"@type":"WebSite","@id":"https:\/\/www.guerini.it\/#website","url":"https:\/\/www.guerini.it\/","name":"Guerini e Associati","description":"30 anni di libri, idee e libert\u00e0","publisher":{"@id":"https:\/\/www.guerini.it\/#organization"},"potentialAction":[{"@type":"SearchAction","target":{"@type":"EntryPoint","urlTemplate":"https:\/\/www.guerini.it\/?s={search_term_string}"},"query-input":{"@type":"PropertyValueSpecification","valueRequired":true,"valueName":"search_term_string"}}],"inLanguage":"it-IT"},{"@type":"Organization","@id":"https:\/\/www.guerini.it\/#organization","name":"Guerini e Associati","url":"https:\/\/www.guerini.it\/","logo":{"@type":"ImageObject","inLanguage":"it-IT","@id":"https:\/\/www.guerini.it\/#\/schema\/logo\/image\/","url":"https:\/\/www.guerini.it\/wp-content\/uploads\/2021\/03\/Logo-Guerini-OK_-e1615831292285.png","contentUrl":"https:\/\/www.guerini.it\/wp-content\/uploads\/2021\/03\/Logo-Guerini-OK_-e1615831292285.png","width":2805,"height":1870,"caption":"Guerini e Associati"},"image":{"@id":"https:\/\/www.guerini.it\/#\/schema\/logo\/image\/"}}]}},"_links":{"self":[{"href":"https:\/\/www.guerini.it\/index.php\/wp-json\/wp\/v2\/product\/15295","targetHints":{"allow":["GET"]}}],"collection":[{"href":"https:\/\/www.guerini.it\/index.php\/wp-json\/wp\/v2\/product"}],"about":[{"href":"https:\/\/www.guerini.it\/index.php\/wp-json\/wp\/v2\/types\/product"}],"wp:featuredmedia":[{"embeddable":true,"href":"https:\/\/www.guerini.it\/index.php\/wp-json\/wp\/v2\/media\/15294"}],"wp:attachment":[{"href":"https:\/\/www.guerini.it\/index.php\/wp-json\/wp\/v2\/media?parent=15295"}],"wp:term":[{"taxonomy":"product_brand","embeddable":true,"href":"https:\/\/www.guerini.it\/index.php\/wp-json\/wp\/v2\/product_brand?post=15295"},{"taxonomy":"product_cat","embeddable":true,"href":"https:\/\/www.guerini.it\/index.php\/wp-json\/wp\/v2\/product_cat?post=15295"},{"taxonomy":"product_tag","embeddable":true,"href":"https:\/\/www.guerini.it\/index.php\/wp-json\/wp\/v2\/product_tag?post=15295"}],"curies":[{"name":"wp","href":"https:\/\/api.w.org\/{rel}","templated":true}]}}