{"id":15299,"date":"2013-12-12T13:32:19","date_gmt":"2013-12-12T12:32:19","guid":{"rendered":"https:\/\/test.guerini.it\/?product=9788862504904-generazioni-in-azienda"},"modified":"2024-12-11T16:13:55","modified_gmt":"2024-12-11T15:13:55","slug":"9788862504904-generazioni-in-azienda","status":"publish","type":"product","link":"https:\/\/www.guerini.it\/index.php\/prodotto\/9788862504904-generazioni-in-azienda\/","title":{"rendered":"Generazioni in azienda"},"content":{"rendered":"<p style=\"text-align: justify;\">Tra i differenti elementi che il <em>diversity management<\/em> dovr\u00e0 presidiare nel futuro quello delle generazioni sar\u00e0 sicuramente uno dei prioritari. Da un lato, con l\u2019aumento dell\u2019aspettativa di vita si sposta progressivamente l\u2019et\u00e0 del pensionamento, dall\u2019altro i giovani \u2013 la generazione y \u2013 che entrano nei contesti organizzativi sono portatori di valori, aspettative, linguaggi completamente discordanti da quelli delle generazioni precedenti: una situazione nuova che deve essere affrontata sia a livello di progettazione di nuove modalit\u00e0 di gestione del personale; sia nella rivisitazione profonda degli stereotipi di et\u00e0 che spesso escludono persone competenti solo in virt\u00f9 degli anni che dimostrano.<\/p>\n<p style=\"text-align: justify;\">La ricerca che viene proposta, progettata e condotta da Wise Growth, societ\u00e0 di consulenza specializzata nei temi della diversit\u00e0, utilizza lo schema interpretativo delle generazioni, evidenziando, rispetto all\u2019arco temporale di ciascun periodo considerato, i riferimenti culturali, la storia economica, gli eventuali disagi di appartenenza e i comportamenti organizzativi che ne derivano. Il tema centrale riguarda il modo di intendere il lavoro nelle diverse generazioni e, di conseguenza, la qualit\u00e0 dello scambio tra persone e organizzazione. Una base sulla quale riflettere per ogni elemento di diversit\u00e0 e per cogliere i cambiamenti, spesso molto veloci, che caratterizzano l\u2019attuale contesto sociale ed organizzativo.<\/p>\n","protected":false},"excerpt":{"rendered":"<p style=\"text-align: justify;\">Tra i differenti elementi che il diversity management dovr\u00e0 presidiare nel futuro quello delle generazioni sar\u00e0 sicuramente uno dei prioritari. Da un lato, con l\u2019aumento dell\u2019aspettativa di vita si sposta progressivamente l\u2019et\u00e0 del pensionamento, dall\u2019altro i giovani \u2013 la generazione y \u2013 che entrano nei contesti organizzativi sono portatori di valori, aspettative, linguaggi completamente discordanti da quelli delle generazioni precedenti: una situazione nuova che deve essere affrontata sia a livello di progettazione di nuove modalit\u00e0 di gestione del personale; sia nella rivisitazione profonda degli stereotipi di et\u00e0 che spesso escludono persone competenti solo in virt\u00f9 degli anni che dimostrano.<\/p>\n","protected":false},"featured_media":15298,"template":"","meta":{"_editorskit_title_hidden":false,"_editorskit_reading_time":0,"_editorskit_is_block_options_detached":false,"_editorskit_block_options_position":"{}","_monsterinsights_skip_tracking":false,"_monsterinsights_sitenote_active":false,"_monsterinsights_sitenote_note":"","_monsterinsights_sitenote_category":0},"product_brand":[],"product_cat":[6529],"product_tag":[],"class_list":{"0":"post-15299","1":"product","2":"type-product","3":"status-publish","4":"has-post-thumbnail","6":"product_cat-economia-e-management","8":"first","9":"instock","10":"sale","11":"shipping-taxable","12":"purchasable","13":"product-type-simple"},"yoast_head":"<!-- This site is optimized with the Yoast SEO plugin v25.4 - https:\/\/yoast.com\/wordpress\/plugins\/seo\/ -->\n<title>Generazioni in azienda - Guerini e Associati<\/title>\n<meta name=\"robots\" content=\"index, follow, max-snippet:-1, max-image-preview:large, max-video-preview:-1\" \/>\n<link rel=\"canonical\" href=\"https:\/\/www.guerini.it\/index.php\/prodotto\/9788862504904-generazioni-in-azienda\/\" \/>\n<meta property=\"og:locale\" content=\"it_IT\" \/>\n<meta property=\"og:type\" content=\"article\" \/>\n<meta property=\"og:title\" content=\"Generazioni in azienda - Guerini e Associati\" \/>\n<meta property=\"og:description\" content=\"Tra i differenti elementi che il diversity management dovr\u00e0 presidiare nel futuro quello delle generazioni sar\u00e0 sicuramente uno dei prioritari. Da un lato, con l\u2019aumento dell\u2019aspettativa di vita si sposta progressivamente l\u2019et\u00e0 del pensionamento, dall\u2019altro i giovani \u2013 la generazione y \u2013 che entrano nei contesti organizzativi sono portatori di valori, aspettative, linguaggi completamente discordanti da quelli delle generazioni precedenti: una situazione nuova che deve essere affrontata sia a livello di progettazione di nuove modalit\u00e0 di gestione del personale; sia nella rivisitazione profonda degli stereotipi di et\u00e0 che spesso escludono persone competenti solo in virt\u00f9 degli anni che dimostrano.\" \/>\n<meta property=\"og:url\" content=\"https:\/\/www.guerini.it\/index.php\/prodotto\/9788862504904-generazioni-in-azienda\/\" \/>\n<meta property=\"og:site_name\" content=\"Guerini e Associati\" \/>\n<meta property=\"article:modified_time\" content=\"2024-12-11T15:13:55+00:00\" \/>\n<meta property=\"og:image\" content=\"https:\/\/www.guerini.it\/wp-content\/uploads\/2013\/12\/generazioni_in_azienda.jpg\" \/>\n\t<meta property=\"og:image:width\" content=\"445\" \/>\n\t<meta property=\"og:image:height\" content=\"689\" \/>\n\t<meta property=\"og:image:type\" content=\"image\/jpeg\" \/>\n<meta name=\"twitter:card\" content=\"summary_large_image\" \/>\n<meta name=\"twitter:label1\" content=\"Tempo di lettura stimato\" \/>\n\t<meta name=\"twitter:data1\" content=\"2 minuti\" \/>\n<!-- \/ Yoast SEO plugin. -->","yoast_head_json":{"title":"Generazioni in azienda - Guerini e Associati","robots":{"index":"index","follow":"follow","max-snippet":"max-snippet:-1","max-image-preview":"max-image-preview:large","max-video-preview":"max-video-preview:-1"},"canonical":"https:\/\/www.guerini.it\/index.php\/prodotto\/9788862504904-generazioni-in-azienda\/","og_locale":"it_IT","og_type":"article","og_title":"Generazioni in azienda - Guerini e Associati","og_description":"Tra i differenti elementi che il diversity management dovr\u00e0 presidiare nel futuro quello delle generazioni sar\u00e0 sicuramente uno dei prioritari. Da un lato, con l\u2019aumento dell\u2019aspettativa di vita si sposta progressivamente l\u2019et\u00e0 del pensionamento, dall\u2019altro i giovani \u2013 la generazione y \u2013 che entrano nei contesti organizzativi sono portatori di valori, aspettative, linguaggi completamente discordanti da quelli delle generazioni precedenti: una situazione nuova che deve essere affrontata sia a livello di progettazione di nuove modalit\u00e0 di gestione del personale; sia nella rivisitazione profonda degli stereotipi di et\u00e0 che spesso escludono persone competenti solo in virt\u00f9 degli anni che dimostrano.","og_url":"https:\/\/www.guerini.it\/index.php\/prodotto\/9788862504904-generazioni-in-azienda\/","og_site_name":"Guerini e Associati","article_modified_time":"2024-12-11T15:13:55+00:00","og_image":[{"width":445,"height":689,"url":"https:\/\/www.guerini.it\/wp-content\/uploads\/2013\/12\/generazioni_in_azienda.jpg","type":"image\/jpeg"}],"twitter_card":"summary_large_image","twitter_misc":{"Tempo di lettura stimato":"2 minuti"},"schema":{"@context":"https:\/\/schema.org","@graph":[{"@type":"WebPage","@id":"https:\/\/www.guerini.it\/index.php\/prodotto\/9788862504904-generazioni-in-azienda\/","url":"https:\/\/www.guerini.it\/index.php\/prodotto\/9788862504904-generazioni-in-azienda\/","name":"Generazioni in azienda - Guerini e Associati","isPartOf":{"@id":"https:\/\/www.guerini.it\/#website"},"primaryImageOfPage":{"@id":"https:\/\/www.guerini.it\/index.php\/prodotto\/9788862504904-generazioni-in-azienda\/#primaryimage"},"image":{"@id":"https:\/\/www.guerini.it\/index.php\/prodotto\/9788862504904-generazioni-in-azienda\/#primaryimage"},"thumbnailUrl":"https:\/\/www.guerini.it\/wp-content\/uploads\/2013\/12\/generazioni_in_azienda.jpg","datePublished":"2013-12-12T12:32:19+00:00","dateModified":"2024-12-11T15:13:55+00:00","breadcrumb":{"@id":"https:\/\/www.guerini.it\/index.php\/prodotto\/9788862504904-generazioni-in-azienda\/#breadcrumb"},"inLanguage":"it-IT","potentialAction":[{"@type":"ReadAction","target":["https:\/\/www.guerini.it\/index.php\/prodotto\/9788862504904-generazioni-in-azienda\/"]}]},{"@type":"ImageObject","inLanguage":"it-IT","@id":"https:\/\/www.guerini.it\/index.php\/prodotto\/9788862504904-generazioni-in-azienda\/#primaryimage","url":"https:\/\/www.guerini.it\/wp-content\/uploads\/2013\/12\/generazioni_in_azienda.jpg","contentUrl":"https:\/\/www.guerini.it\/wp-content\/uploads\/2013\/12\/generazioni_in_azienda.jpg","width":445,"height":689,"caption":"Generazioni in azienda"},{"@type":"BreadcrumbList","@id":"https:\/\/www.guerini.it\/index.php\/prodotto\/9788862504904-generazioni-in-azienda\/#breadcrumb","itemListElement":[{"@type":"ListItem","position":1,"name":"Home","item":"https:\/\/www.guerini.it\/"},{"@type":"ListItem","position":2,"name":"Catalogo","item":"https:\/\/www.guerini.it\/index.php\/negozio\/"},{"@type":"ListItem","position":3,"name":"Generazioni in azienda"}]},{"@type":"WebSite","@id":"https:\/\/www.guerini.it\/#website","url":"https:\/\/www.guerini.it\/","name":"Guerini e Associati","description":"30 anni di libri, idee e libert\u00e0","publisher":{"@id":"https:\/\/www.guerini.it\/#organization"},"potentialAction":[{"@type":"SearchAction","target":{"@type":"EntryPoint","urlTemplate":"https:\/\/www.guerini.it\/?s={search_term_string}"},"query-input":{"@type":"PropertyValueSpecification","valueRequired":true,"valueName":"search_term_string"}}],"inLanguage":"it-IT"},{"@type":"Organization","@id":"https:\/\/www.guerini.it\/#organization","name":"Guerini e Associati","url":"https:\/\/www.guerini.it\/","logo":{"@type":"ImageObject","inLanguage":"it-IT","@id":"https:\/\/www.guerini.it\/#\/schema\/logo\/image\/","url":"https:\/\/www.guerini.it\/wp-content\/uploads\/2021\/03\/Logo-Guerini-OK_-e1615831292285.png","contentUrl":"https:\/\/www.guerini.it\/wp-content\/uploads\/2021\/03\/Logo-Guerini-OK_-e1615831292285.png","width":2805,"height":1870,"caption":"Guerini e Associati"},"image":{"@id":"https:\/\/www.guerini.it\/#\/schema\/logo\/image\/"}}]}},"_links":{"self":[{"href":"https:\/\/www.guerini.it\/index.php\/wp-json\/wp\/v2\/product\/15299","targetHints":{"allow":["GET"]}}],"collection":[{"href":"https:\/\/www.guerini.it\/index.php\/wp-json\/wp\/v2\/product"}],"about":[{"href":"https:\/\/www.guerini.it\/index.php\/wp-json\/wp\/v2\/types\/product"}],"wp:featuredmedia":[{"embeddable":true,"href":"https:\/\/www.guerini.it\/index.php\/wp-json\/wp\/v2\/media\/15298"}],"wp:attachment":[{"href":"https:\/\/www.guerini.it\/index.php\/wp-json\/wp\/v2\/media?parent=15299"}],"wp:term":[{"taxonomy":"product_brand","embeddable":true,"href":"https:\/\/www.guerini.it\/index.php\/wp-json\/wp\/v2\/product_brand?post=15299"},{"taxonomy":"product_cat","embeddable":true,"href":"https:\/\/www.guerini.it\/index.php\/wp-json\/wp\/v2\/product_cat?post=15299"},{"taxonomy":"product_tag","embeddable":true,"href":"https:\/\/www.guerini.it\/index.php\/wp-json\/wp\/v2\/product_tag?post=15299"}],"curies":[{"name":"wp","href":"https:\/\/api.w.org\/{rel}","templated":true}]}}

<p style="text-align: justify;">Tra i differenti elementi che il <em>diversity management</em> dovrà presidiare nel futuro quello delle generazioni sarà sicuramente uno dei prioritari. Da un lato, con l’aumento dell’aspettativa di vita si sposta progressivamente l’età del pensionamento, dall’altro i giovani – la generazione y – che entrano nei contesti organizzativi sono portatori di valori, aspettative, linguaggi completamente discordanti da quelli delle generazioni precedenti: una situazione nuova che deve essere affrontata sia a livello di progettazione di nuove modalità di gestione del personale; sia nella rivisitazione profonda degli stereotipi di età che spesso escludono persone competenti solo in virtù degli anni che dimostrano.</p>
<p style="text-align: justify;">La ricerca che viene proposta, progettata e condotta da Wise Growth, società di consulenza specializzata nei temi della diversità, utilizza lo schema interpretativo delle generazioni, evidenziando, rispetto all’arco temporale di ciascun periodo considerato, i riferimenti culturali, la storia economica, gli eventuali disagi di appartenenza e i comportamenti organizzativi che ne derivano. Il tema centrale riguarda il modo di intendere il lavoro nelle diverse generazioni e, di conseguenza, la qualità dello scambio tra persone e organizzazione. Una base sulla quale riflettere per ogni elemento di diversità e per cogliere i cambiamenti, spesso molto veloci, che caratterizzano l’attuale contesto sociale ed organizzativo.</p>

<p style="text-align: justify;">Tra i differenti elementi che il diversity management dovrà presidiare nel futuro quello delle generazioni sarà sicuramente uno dei prioritari. Da un lato, con l’aumento dell’aspettativa di vita si sposta progressivamente l’età del pensionamento, dall’altro i giovani – la generazione y – che entrano nei contesti organizzativi sono portatori di valori, aspettative, linguaggi completamente discordanti da quelli delle generazioni precedenti: una situazione nuova che deve essere affrontata sia a livello di progettazione di nuove modalità di gestione del personale; sia nella rivisitazione profonda degli stereotipi di età che spesso escludono persone competenti solo in virtù degli anni che dimostrano.</p>

<!-- This site is optimized with the Yoast SEO plugin v25.4 - https://yoast.com/wordpress/plugins/seo/ -->
<title>Generazioni in azienda - Guerini e Associati</title>
<meta name="robots" content="index, follow, max-snippet:-1, max-image-preview:large, max-video-preview:-1" />
<link rel="canonical" href="https://www.guerini.it/index.php/prodotto/9788862504904-generazioni-in-azienda/" />
<meta property="og:locale" content="it_IT" />
<meta property="og:type" content="article" />
<meta property="og:title" content="Generazioni in azienda - Guerini e Associati" />
<meta property="og:description" content="Tra i differenti elementi che il diversity management dovrà presidiare nel futuro quello delle generazioni sarà sicuramente uno dei prioritari. Da un lato, con l’aumento dell’aspettativa di vita si sposta progressivamente l’età del pensionamento, dall’altro i giovani – la generazione y – che entrano nei contesti organizzativi sono portatori di valori, aspettative, linguaggi completamente discordanti da quelli delle generazioni precedenti: una situazione nuova che deve essere affrontata sia a livello di progettazione di nuove modalità di gestione del personale; sia nella rivisitazione profonda degli stereotipi di età che spesso escludono persone competenti solo in virtù degli anni che dimostrano." />
<meta property="og:url" content="https://www.guerini.it/index.php/prodotto/9788862504904-generazioni-in-azienda/" />
<meta property="og:site_name" content="Guerini e Associati" />
<meta property="article:modified_time" content="2024-12-11T15:13:55+00:00" />
<meta property="og:image" content="https://www.guerini.it/wp-content/uploads/2013/12/generazioni_in_azienda.jpg" />
	<meta property="og:image:width" content="445" />
	<meta property="og:image:height" content="689" />
	<meta property="og:image:type" content="image/jpeg" />
<meta name="twitter:card" content="summary_large_image" />
<meta name="twitter:label1" content="Tempo di lettura stimato" />
	<meta name="twitter:data1" content="2 minuti" />
<!-- / Yoast SEO plugin. -->

Tra i differenti elementi che il diversity management dovrà presidiare nel futuro quello delle generazioni sarà sicuramente uno dei prioritari. Da un lato, con l’aumento dell’aspettativa di vita si sposta progressivamente l’età del pensionamento, dall’altro i giovani – la generazione y – che entrano nei contesti organizzativi sono portatori di valori, aspettative, linguaggi completamente discordanti da quelli delle generazioni precedenti: una situazione nuova che deve essere affrontata sia a livello di progettazione di nuove modalità di gestione del personale; sia nella rivisitazione profonda degli stereotipi di età che spesso escludono persone competenti solo in virtù degli anni che dimostrano.

30 anni di libri, idee e libertà
