{"id":15323,"date":"2014-02-13T09:08:38","date_gmt":"2014-02-13T08:08:38","guid":{"rendered":"https:\/\/test.guerini.it\/?product=estetica-dell-architettura-9788862505123"},"modified":"2024-06-20T13:04:17","modified_gmt":"2024-06-20T11:04:17","slug":"estetica-dell-architettura-9788862505123","status":"publish","type":"product","link":"https:\/\/www.guerini.it\/index.php\/prodotto\/estetica-dell-architettura-9788862505123\/","title":{"rendered":"Estetica dell&#8217;architettura"},"content":{"rendered":"<p>La ricerca filosofica torna a guardare all\u2019architettura come a quella disciplina capace di far dialogare valori pratici, esigenze funzionali e dimensione estetica.<br \/>\nL\u2019antologia curata da Pierluigi Panza vanta una selezione variegata di testi ed autori ed \u00e8 arricchita, per questa nuova edizione, da un\u2019ampia panoramica introduttiva sullo statuto estetico, storico, antropologico e sociologico dell\u2019architettura.<br \/>\nDa Heidegger a Kant, da Rousseau a Derrida, i brani dei filosofi sono proposti secondo aree tematiche e il volume si riconferma un valido strumento didattico cos\u00ec come un punto di riferimento per la ricerca specialistica. Ci\u00f2 che si vorrebbe riattivare \u00e8 un vero e proprio dibattito teorico e critico attorno al senso e ai valori simbolici dell\u2019architettura, riconoscendole lo statuto di \u201c<em>arte poietica<\/em>\u201d e di \u201c<em>poetica dello spazio<\/em>\u201d.<\/p>\n<h4><strong><a href=\"https:\/\/www.amazon.it\/Estetica-dellarchitettura-P-Panza\/dp\/8862505124\/ref=sr_1_2?ie=UTF8&amp;qid=1553596928&amp;sr=8-2&amp;keywords=estetica+dell%27architettura\" target=\"_blank\" rel=\"noopener\">Disponibile in edizione POD su Amazon<\/a><\/strong><\/h4>\n<div id=\"gtx-trans\" style=\"position: absolute; left: -178px; top: 126.953px;\"><\/div>\n","protected":false},"excerpt":{"rendered":"<p>La ricerca filosofica torna a guardare all\u2019architettura come a quella disciplina capace di far dialogare valori pratici, esigenze funzionali e dimensione estetica.<br \/>\nL\u2019antologia curata da Pierluigi Panza vanta una selezione variegata di testi ed autori ed \u00e8 arricchita, per questa nuova edizione, da un\u2019ampia panoramica introduttiva sullo statuto estetico, storico, antropologico e sociologico dell\u2019architettura.<\/p>\n","protected":false},"featured_media":15322,"template":"","meta":{"_editorskit_title_hidden":false,"_editorskit_reading_time":0,"_editorskit_is_block_options_detached":false,"_editorskit_block_options_position":"{}","_monsterinsights_skip_tracking":false,"_monsterinsights_sitenote_active":false,"_monsterinsights_sitenote_note":"","_monsterinsights_sitenote_category":0},"product_brand":[],"product_cat":[6653],"product_tag":[],"class_list":{"0":"post-15323","1":"product","2":"type-product","3":"status-publish","4":"has-post-thumbnail","6":"product_cat-classica","7":"pa_fulfillment-esaurito","8":"pa_guerini_strillo-6e-tresecolidiriflessionisull","10":"first","11":"outofstock","12":"sale","13":"shipping-taxable","14":"purchasable","15":"product-type-simple"},"yoast_head":"<!-- This site is optimized with the Yoast SEO plugin v25.4 - https:\/\/yoast.com\/wordpress\/plugins\/seo\/ -->\n<title>Estetica dell&#039;architettura - Guerini e Associati<\/title>\n<meta name=\"robots\" content=\"index, follow, max-snippet:-1, max-image-preview:large, max-video-preview:-1\" \/>\n<link rel=\"canonical\" href=\"https:\/\/www.guerini.it\/index.php\/prodotto\/estetica-dell-architettura-9788862505123\/\" \/>\n<meta property=\"og:locale\" content=\"it_IT\" \/>\n<meta property=\"og:type\" content=\"article\" \/>\n<meta property=\"og:title\" content=\"Estetica dell&#039;architettura - Guerini e Associati\" \/>\n<meta property=\"og:description\" content=\"La ricerca filosofica torna a guardare all\u2019architettura come a quella disciplina capace di far dialogare valori pratici, esigenze funzionali e dimensione estetica. L\u2019antologia curata da Pierluigi Panza vanta una selezione variegata di testi ed autori ed \u00e8 arricchita, per questa nuova edizione, da un\u2019ampia panoramica introduttiva sullo statuto estetico, storico, antropologico e sociologico dell\u2019architettura.\" \/>\n<meta property=\"og:url\" content=\"https:\/\/www.guerini.it\/index.php\/prodotto\/estetica-dell-architettura-9788862505123\/\" \/>\n<meta property=\"og:site_name\" content=\"Guerini e Associati\" \/>\n<meta property=\"article:modified_time\" content=\"2024-06-20T11:04:17+00:00\" \/>\n<meta property=\"og:image\" content=\"https:\/\/www.guerini.it\/wp-content\/uploads\/2014\/02\/estetica_dell_architettura_sito.jpg\" \/>\n\t<meta property=\"og:image:width\" content=\"232\" \/>\n\t<meta property=\"og:image:height\" content=\"353\" \/>\n\t<meta property=\"og:image:type\" content=\"image\/jpeg\" \/>\n<meta name=\"twitter:card\" content=\"summary_large_image\" \/>\n<meta name=\"twitter:label1\" content=\"Tempo di lettura stimato\" \/>\n\t<meta name=\"twitter:data1\" content=\"1 minuto\" \/>\n<!-- \/ Yoast SEO plugin. -->","yoast_head_json":{"title":"Estetica dell'architettura - Guerini e Associati","robots":{"index":"index","follow":"follow","max-snippet":"max-snippet:-1","max-image-preview":"max-image-preview:large","max-video-preview":"max-video-preview:-1"},"canonical":"https:\/\/www.guerini.it\/index.php\/prodotto\/estetica-dell-architettura-9788862505123\/","og_locale":"it_IT","og_type":"article","og_title":"Estetica dell'architettura - Guerini e Associati","og_description":"La ricerca filosofica torna a guardare all\u2019architettura come a quella disciplina capace di far dialogare valori pratici, esigenze funzionali e dimensione estetica. L\u2019antologia curata da Pierluigi Panza vanta una selezione variegata di testi ed autori ed \u00e8 arricchita, per questa nuova edizione, da un\u2019ampia panoramica introduttiva sullo statuto estetico, storico, antropologico e sociologico dell\u2019architettura.","og_url":"https:\/\/www.guerini.it\/index.php\/prodotto\/estetica-dell-architettura-9788862505123\/","og_site_name":"Guerini e Associati","article_modified_time":"2024-06-20T11:04:17+00:00","og_image":[{"width":232,"height":353,"url":"https:\/\/www.guerini.it\/wp-content\/uploads\/2014\/02\/estetica_dell_architettura_sito.jpg","type":"image\/jpeg"}],"twitter_card":"summary_large_image","twitter_misc":{"Tempo di lettura stimato":"1 minuto"},"schema":{"@context":"https:\/\/schema.org","@graph":[{"@type":"WebPage","@id":"https:\/\/www.guerini.it\/index.php\/prodotto\/estetica-dell-architettura-9788862505123\/","url":"https:\/\/www.guerini.it\/index.php\/prodotto\/estetica-dell-architettura-9788862505123\/","name":"Estetica dell'architettura - Guerini e Associati","isPartOf":{"@id":"https:\/\/www.guerini.it\/#website"},"primaryImageOfPage":{"@id":"https:\/\/www.guerini.it\/index.php\/prodotto\/estetica-dell-architettura-9788862505123\/#primaryimage"},"image":{"@id":"https:\/\/www.guerini.it\/index.php\/prodotto\/estetica-dell-architettura-9788862505123\/#primaryimage"},"thumbnailUrl":"https:\/\/www.guerini.it\/wp-content\/uploads\/2014\/02\/estetica_dell_architettura_sito.jpg","datePublished":"2014-02-13T08:08:38+00:00","dateModified":"2024-06-20T11:04:17+00:00","breadcrumb":{"@id":"https:\/\/www.guerini.it\/index.php\/prodotto\/estetica-dell-architettura-9788862505123\/#breadcrumb"},"inLanguage":"it-IT","potentialAction":[{"@type":"ReadAction","target":["https:\/\/www.guerini.it\/index.php\/prodotto\/estetica-dell-architettura-9788862505123\/"]}]},{"@type":"ImageObject","inLanguage":"it-IT","@id":"https:\/\/www.guerini.it\/index.php\/prodotto\/estetica-dell-architettura-9788862505123\/#primaryimage","url":"https:\/\/www.guerini.it\/wp-content\/uploads\/2014\/02\/estetica_dell_architettura_sito.jpg","contentUrl":"https:\/\/www.guerini.it\/wp-content\/uploads\/2014\/02\/estetica_dell_architettura_sito.jpg","width":232,"height":353,"caption":"Estetica dell'architettura"},{"@type":"BreadcrumbList","@id":"https:\/\/www.guerini.it\/index.php\/prodotto\/estetica-dell-architettura-9788862505123\/#breadcrumb","itemListElement":[{"@type":"ListItem","position":1,"name":"Home","item":"https:\/\/www.guerini.it\/"},{"@type":"ListItem","position":2,"name":"Catalogo","item":"https:\/\/www.guerini.it\/index.php\/negozio\/"},{"@type":"ListItem","position":3,"name":"Estetica dell&#8217;architettura"}]},{"@type":"WebSite","@id":"https:\/\/www.guerini.it\/#website","url":"https:\/\/www.guerini.it\/","name":"Guerini e Associati","description":"30 anni di libri, idee e libert\u00e0","publisher":{"@id":"https:\/\/www.guerini.it\/#organization"},"potentialAction":[{"@type":"SearchAction","target":{"@type":"EntryPoint","urlTemplate":"https:\/\/www.guerini.it\/?s={search_term_string}"},"query-input":{"@type":"PropertyValueSpecification","valueRequired":true,"valueName":"search_term_string"}}],"inLanguage":"it-IT"},{"@type":"Organization","@id":"https:\/\/www.guerini.it\/#organization","name":"Guerini e Associati","url":"https:\/\/www.guerini.it\/","logo":{"@type":"ImageObject","inLanguage":"it-IT","@id":"https:\/\/www.guerini.it\/#\/schema\/logo\/image\/","url":"https:\/\/www.guerini.it\/wp-content\/uploads\/2021\/03\/Logo-Guerini-OK_-e1615831292285.png","contentUrl":"https:\/\/www.guerini.it\/wp-content\/uploads\/2021\/03\/Logo-Guerini-OK_-e1615831292285.png","width":2805,"height":1870,"caption":"Guerini e Associati"},"image":{"@id":"https:\/\/www.guerini.it\/#\/schema\/logo\/image\/"}}]}},"_links":{"self":[{"href":"https:\/\/www.guerini.it\/index.php\/wp-json\/wp\/v2\/product\/15323","targetHints":{"allow":["GET"]}}],"collection":[{"href":"https:\/\/www.guerini.it\/index.php\/wp-json\/wp\/v2\/product"}],"about":[{"href":"https:\/\/www.guerini.it\/index.php\/wp-json\/wp\/v2\/types\/product"}],"wp:featuredmedia":[{"embeddable":true,"href":"https:\/\/www.guerini.it\/index.php\/wp-json\/wp\/v2\/media\/15322"}],"wp:attachment":[{"href":"https:\/\/www.guerini.it\/index.php\/wp-json\/wp\/v2\/media?parent=15323"}],"wp:term":[{"taxonomy":"product_brand","embeddable":true,"href":"https:\/\/www.guerini.it\/index.php\/wp-json\/wp\/v2\/product_brand?post=15323"},{"taxonomy":"product_cat","embeddable":true,"href":"https:\/\/www.guerini.it\/index.php\/wp-json\/wp\/v2\/product_cat?post=15323"},{"taxonomy":"product_tag","embeddable":true,"href":"https:\/\/www.guerini.it\/index.php\/wp-json\/wp\/v2\/product_tag?post=15323"}],"curies":[{"name":"wp","href":"https:\/\/api.w.org\/{rel}","templated":true}]}}

<p>La ricerca filosofica torna a guardare all’architettura come a quella disciplina capace di far dialogare valori pratici, esigenze funzionali e dimensione estetica.<br />
L’antologia curata da Pierluigi Panza vanta una selezione variegata di testi ed autori ed è arricchita, per questa nuova edizione, da un’ampia panoramica introduttiva sullo statuto estetico, storico, antropologico e sociologico dell’architettura.<br />
Da Heidegger a Kant, da Rousseau a Derrida, i brani dei filosofi sono proposti secondo aree tematiche e il volume si riconferma un valido strumento didattico così come un punto di riferimento per la ricerca specialistica. Ciò che si vorrebbe riattivare è un vero e proprio dibattito teorico e critico attorno al senso e ai valori simbolici dell’architettura, riconoscendole lo statuto di “<em>arte poietica</em>” e di “<em>poetica dello spazio</em>”.</p>
<h4><strong><a href="https://www.amazon.it/Estetica-dellarchitettura-P-Panza/dp/8862505124/ref=sr_1_2?ie=UTF8&amp;qid=1553596928&amp;sr=8-2&amp;keywords=estetica+dell%27architettura" target="_blank" rel="noopener">Disponibile in edizione POD su Amazon</a></strong></h4>
<div id="gtx-trans" style="position: absolute; left: -178px; top: 126.953px;"></div>

<p>La ricerca filosofica torna a guardare all’architettura come a quella disciplina capace di far dialogare valori pratici, esigenze funzionali e dimensione estetica.<br />
L’antologia curata da Pierluigi Panza vanta una selezione variegata di testi ed autori ed è arricchita, per questa nuova edizione, da un’ampia panoramica introduttiva sullo statuto estetico, storico, antropologico e sociologico dell’architettura.</p>

<!-- This site is optimized with the Yoast SEO plugin v25.4 - https://yoast.com/wordpress/plugins/seo/ -->
<title>Estetica dell&#039;architettura - Guerini e Associati</title>
<meta name="robots" content="index, follow, max-snippet:-1, max-image-preview:large, max-video-preview:-1" />
<link rel="canonical" href="https://www.guerini.it/index.php/prodotto/estetica-dell-architettura-9788862505123/" />
<meta property="og:locale" content="it_IT" />
<meta property="og:type" content="article" />
<meta property="og:title" content="Estetica dell&#039;architettura - Guerini e Associati" />
<meta property="og:description" content="La ricerca filosofica torna a guardare all’architettura come a quella disciplina capace di far dialogare valori pratici, esigenze funzionali e dimensione estetica. L’antologia curata da Pierluigi Panza vanta una selezione variegata di testi ed autori ed è arricchita, per questa nuova edizione, da un’ampia panoramica introduttiva sullo statuto estetico, storico, antropologico e sociologico dell’architettura." />
<meta property="og:url" content="https://www.guerini.it/index.php/prodotto/estetica-dell-architettura-9788862505123/" />
<meta property="og:site_name" content="Guerini e Associati" />
<meta property="article:modified_time" content="2024-06-20T11:04:17+00:00" />
<meta property="og:image" content="https://www.guerini.it/wp-content/uploads/2014/02/estetica_dell_architettura_sito.jpg" />
	<meta property="og:image:width" content="232" />
	<meta property="og:image:height" content="353" />
	<meta property="og:image:type" content="image/jpeg" />
<meta name="twitter:card" content="summary_large_image" />
<meta name="twitter:label1" content="Tempo di lettura stimato" />
	<meta name="twitter:data1" content="1 minuto" />
<!-- / Yoast SEO plugin. -->

La ricerca filosofica torna a guardare all’architettura come a quella disciplina capace di far dialogare valori pratici, esigenze funzionali e dimensione estetica. L’antologia curata da Pierluigi Panza vanta una selezione variegata di testi ed autori ed è arricchita, per questa nuova edizione, da un’ampia panoramica introduttiva sullo statuto estetico, storico, antropologico e sociologico dell’architettura.

30 anni di libri, idee e libertà
