{"id":15335,"date":"2014-03-20T10:46:31","date_gmt":"2014-03-20T09:46:31","guid":{"rendered":"https:\/\/test.guerini.it\/?product=mediterraneo-9788862505116"},"modified":"2024-06-12T14:41:50","modified_gmt":"2024-06-12T12:41:50","slug":"mediterraneo-9788862505116","status":"publish","type":"product","link":"https:\/\/www.guerini.it\/index.php\/prodotto\/mediterraneo-9788862505116\/","title":{"rendered":"Mediterraneo"},"content":{"rendered":"<p style=\"text-align: justify;\">Il Mediterraneo \u00e8 stato a lungo rappresentato come il mare dei tanti conflitti. Soprattutto il secolare conflitto tra il mondo cristiano e quello islamico, divenuto un archetipo dei rapporti tra le due religioni e le civilt\u00e0 ad esse legate. Ancora oggi il Mediterraneo \u00e8 contrassegnato da una serie di preoccupanti conflitti, come quello tra israeliani e palestinesi. Ma anche la \u00abprimavera araba\u00bb ha lasciato un\u2019eredit\u00e0 di pesanti tensioni in Egitto e in Libia. Drammatica \u00e8 la situazione della Siria, ostaggio di una guerra civile con tante interferenze internazionali, dove si scontrano il mondo sunnita e sciita. Anche nel XXI secolo il mare Mediterraneo si presenta come uno spazio dove ci sono tanti conflitti, quasi confermando la storia di secoli, se non di millenni.<br \/>\nIl Mediterraneo \u00e8 un mondo frammentato in tante storie diverse, ma intrecciate l\u2019una con l\u2019altra. In questo mondo di diversit\u00e0 c\u2019\u00e8 per\u00f2 anche un\u2019unit\u00e0 profonda. Esiste un Mediterraneo che, in qualche modo, lega le sorti dei differenti paesi e delle diverse comunit\u00e0. Si ripropone il grande tema del vivere insieme nel mondo contemporaneo. La civilt\u00e0 del convivere, nell\u2019uguaglianza e nel rispetto della libert\u00e0, \u00e8 la grande prospettiva che si apre per il XXI secolo.<br \/>\nVivere insieme riguarda anche i rapporti tra le religioni, le nazioni e le culture di quel sistema complesso rappresentato dal Mediterraneo. Per chi ne percorre le storie si aprono scenari in cui le convivenze di ieri si incrinano, ma anche dove si intrecciano nuovi rapporti, nella coscienza che esiste un\u2019unit\u00e0, pur in mezzo a tanti frammenti. Per incontrare questa realt\u00e0, non bisogna lasciarsi andare a slanci ideologici, semplificazioni conflittuali o sogni irenici, ma si debbono visitare e provare a capire gli angoli della vita, delle fedi, degli scambi e dei contrasti tipici del mare Mediterraneo.<\/p>\n<hr \/>\n<p style=\"text-align: justify;\"><strong>ANDREA RICCARDI<\/strong> ha insegnato Storia Contemporanea all\u2019Universit\u00e0 di Bari, alla Sapienza e alla Terza Universit\u00e0 degli Studi di Roma. Tra le sue opere pi\u00f9 recenti ricordiamo <em>L\u2019inverno pi\u00f9 lungo. 1943-<\/em><em>44: Pio XII, gli ebrei e i nazisti a Roma <\/em>(Roma-Bari 2008), <em>Il secolo del martirio. I cristiani nel Novecento<\/em> (Milano 2009; tradotto in dieci lingue), <em>Giovanni Paolo II. La biografia<\/em> (Cinisello Balsamo 2011), <em>La sorpresa di papa Francesco<\/em> (Milano 2013). Per le nostre edizioni ha curato<a href=\"https:\/\/www.guerini.it\/index.php\/prodotto\/le-chiese-e-gli-altri\/\"><em> Le chiese e gli altri<\/em><\/a> (2008) e dirige la collana Contemporanea.<\/p>\n","protected":false},"excerpt":{"rendered":"<p>Il Mediterraneo \u00e8 stato a lungo rappresentato come il mare dei tanti conflitti, su tutti il secolare scontro tra il mondo cristiano e quello islamico, divenuto un archetipo dei rapporti tra le due religioni e le civilt\u00e0 ad esse legate.<br \/>\nIl Mediterraneo \u00e8 un mondo frammentato in tante storie diverse, ma intrecciate l\u2019una con l\u2019altra. In questo mondo di diversit\u00e0 c\u2019\u00e8 per\u00f2 anche un\u2019unit\u00e0 profonda. Esiste un Mediterraneo che, in qualche modo, lega le sorti dei differenti paesi e delle diverse comunit\u00e0.<br \/>\nLa nuova edizione di <em>Mediterraneo <\/em>ripropone il grande tema del vivere insieme,\u00a0nell\u2019uguaglianza e nel rispetto della libert\u00e0,\u00a0nel mondo contemporaneo.<\/p>\n","protected":false},"featured_media":15334,"template":"","meta":{"_editorskit_title_hidden":false,"_editorskit_reading_time":0,"_editorskit_is_block_options_detached":false,"_editorskit_block_options_position":"{}","_monsterinsights_skip_tracking":false,"_monsterinsights_sitenote_active":false,"_monsterinsights_sitenote_note":"","_monsterinsights_sitenote_category":0},"product_brand":[],"product_cat":[6653],"product_tag":[],"class_list":{"0":"post-15335","1":"product","2":"type-product","3":"status-publish","4":"has-post-thumbnail","6":"product_cat-classica","7":"pa_guerini_amazon_link-https-www-amazon-it-mediterraneo-cristianesimo-islam-coabitazione-conflitto-dp-8862505116","8":"pa_guerini_feltrinelli_link-https-www-lafeltrinelli-it-mediterraneo-cristianesimo-islam-tra-coabitazione-libro-andrea-riccardi-e-9788862505116","9":"pa_guerini_ibs_link-https-www-ibs-it-mediterraneo-cristianesimo-islam-tra-coabitazione-libro-andrea-riccardi-e-9788862505116","10":"pa_guerini_libruniver_link-libreriauniversitaria-it-mediterraneo-cristianesimo-islam-coabitazione-conflitto-libro-9788862505116","11":"pa_guerini_mondadori_link-https-www-mondadoristore-it-mediterraneo-cristianesimo-andrea-riccardi-eai978886250511","13":"first","14":"instock","15":"sale","16":"shipping-taxable","17":"purchasable","18":"product-type-simple"},"yoast_head":"<!-- This site is optimized with the Yoast SEO plugin v25.4 - https:\/\/yoast.com\/wordpress\/plugins\/seo\/ -->\n<title>Mediterraneo - Guerini e Associati<\/title>\n<meta name=\"robots\" content=\"index, follow, max-snippet:-1, max-image-preview:large, max-video-preview:-1\" \/>\n<link rel=\"canonical\" href=\"https:\/\/www.guerini.it\/index.php\/prodotto\/mediterraneo-9788862505116\/\" \/>\n<meta property=\"og:locale\" content=\"it_IT\" \/>\n<meta property=\"og:type\" content=\"article\" \/>\n<meta property=\"og:title\" content=\"Mediterraneo - Guerini e Associati\" \/>\n<meta property=\"og:description\" content=\"Il Mediterraneo \u00e8 stato a lungo rappresentato come il mare dei tanti conflitti, su tutti il secolare scontro tra il mondo cristiano e quello islamico, divenuto un archetipo dei rapporti tra le due religioni e le civilt\u00e0 ad esse legate. Il Mediterraneo \u00e8 un mondo frammentato in tante storie diverse, ma intrecciate l\u2019una con l\u2019altra. In questo mondo di diversit\u00e0 c\u2019\u00e8 per\u00f2 anche un\u2019unit\u00e0 profonda. Esiste un Mediterraneo che, in qualche modo, lega le sorti dei differenti paesi e delle diverse comunit\u00e0. La nuova edizione di Mediterraneo ripropone il grande tema del vivere insieme,\u00a0nell\u2019uguaglianza e nel rispetto della libert\u00e0,\u00a0nel mondo contemporaneo.\" \/>\n<meta property=\"og:url\" content=\"https:\/\/www.guerini.it\/index.php\/prodotto\/mediterraneo-9788862505116\/\" \/>\n<meta property=\"og:site_name\" content=\"Guerini e Associati\" \/>\n<meta property=\"article:modified_time\" content=\"2024-06-12T12:41:50+00:00\" \/>\n<meta property=\"og:image\" content=\"https:\/\/www.guerini.it\/wp-content\/uploads\/2014\/03\/mediterraneo_sito_1.jpg\" \/>\n\t<meta property=\"og:image:width\" content=\"237\" \/>\n\t<meta property=\"og:image:height\" content=\"353\" \/>\n\t<meta property=\"og:image:type\" content=\"image\/jpeg\" \/>\n<meta name=\"twitter:card\" content=\"summary_large_image\" \/>\n<meta name=\"twitter:label1\" content=\"Tempo di lettura stimato\" \/>\n\t<meta name=\"twitter:data1\" content=\"3 minuti\" \/>\n<!-- \/ Yoast SEO plugin. -->","yoast_head_json":{"title":"Mediterraneo - Guerini e Associati","robots":{"index":"index","follow":"follow","max-snippet":"max-snippet:-1","max-image-preview":"max-image-preview:large","max-video-preview":"max-video-preview:-1"},"canonical":"https:\/\/www.guerini.it\/index.php\/prodotto\/mediterraneo-9788862505116\/","og_locale":"it_IT","og_type":"article","og_title":"Mediterraneo - Guerini e Associati","og_description":"Il Mediterraneo \u00e8 stato a lungo rappresentato come il mare dei tanti conflitti, su tutti il secolare scontro tra il mondo cristiano e quello islamico, divenuto un archetipo dei rapporti tra le due religioni e le civilt\u00e0 ad esse legate. Il Mediterraneo \u00e8 un mondo frammentato in tante storie diverse, ma intrecciate l\u2019una con l\u2019altra. In questo mondo di diversit\u00e0 c\u2019\u00e8 per\u00f2 anche un\u2019unit\u00e0 profonda. Esiste un Mediterraneo che, in qualche modo, lega le sorti dei differenti paesi e delle diverse comunit\u00e0. La nuova edizione di Mediterraneo ripropone il grande tema del vivere insieme,\u00a0nell\u2019uguaglianza e nel rispetto della libert\u00e0,\u00a0nel mondo contemporaneo.","og_url":"https:\/\/www.guerini.it\/index.php\/prodotto\/mediterraneo-9788862505116\/","og_site_name":"Guerini e Associati","article_modified_time":"2024-06-12T12:41:50+00:00","og_image":[{"width":237,"height":353,"url":"https:\/\/www.guerini.it\/wp-content\/uploads\/2014\/03\/mediterraneo_sito_1.jpg","type":"image\/jpeg"}],"twitter_card":"summary_large_image","twitter_misc":{"Tempo di lettura stimato":"3 minuti"},"schema":{"@context":"https:\/\/schema.org","@graph":[{"@type":"WebPage","@id":"https:\/\/www.guerini.it\/index.php\/prodotto\/mediterraneo-9788862505116\/","url":"https:\/\/www.guerini.it\/index.php\/prodotto\/mediterraneo-9788862505116\/","name":"Mediterraneo - Guerini e Associati","isPartOf":{"@id":"https:\/\/www.guerini.it\/#website"},"primaryImageOfPage":{"@id":"https:\/\/www.guerini.it\/index.php\/prodotto\/mediterraneo-9788862505116\/#primaryimage"},"image":{"@id":"https:\/\/www.guerini.it\/index.php\/prodotto\/mediterraneo-9788862505116\/#primaryimage"},"thumbnailUrl":"https:\/\/www.guerini.it\/wp-content\/uploads\/2014\/03\/mediterraneo_sito_1.jpg","datePublished":"2014-03-20T09:46:31+00:00","dateModified":"2024-06-12T12:41:50+00:00","breadcrumb":{"@id":"https:\/\/www.guerini.it\/index.php\/prodotto\/mediterraneo-9788862505116\/#breadcrumb"},"inLanguage":"it-IT","potentialAction":[{"@type":"ReadAction","target":["https:\/\/www.guerini.it\/index.php\/prodotto\/mediterraneo-9788862505116\/"]}]},{"@type":"ImageObject","inLanguage":"it-IT","@id":"https:\/\/www.guerini.it\/index.php\/prodotto\/mediterraneo-9788862505116\/#primaryimage","url":"https:\/\/www.guerini.it\/wp-content\/uploads\/2014\/03\/mediterraneo_sito_1.jpg","contentUrl":"https:\/\/www.guerini.it\/wp-content\/uploads\/2014\/03\/mediterraneo_sito_1.jpg","width":237,"height":353,"caption":"mediterraneo"},{"@type":"BreadcrumbList","@id":"https:\/\/www.guerini.it\/index.php\/prodotto\/mediterraneo-9788862505116\/#breadcrumb","itemListElement":[{"@type":"ListItem","position":1,"name":"Home","item":"https:\/\/www.guerini.it\/"},{"@type":"ListItem","position":2,"name":"Catalogo","item":"https:\/\/www.guerini.it\/index.php\/negozio\/"},{"@type":"ListItem","position":3,"name":"Mediterraneo"}]},{"@type":"WebSite","@id":"https:\/\/www.guerini.it\/#website","url":"https:\/\/www.guerini.it\/","name":"Guerini e Associati","description":"30 anni di libri, idee e libert\u00e0","publisher":{"@id":"https:\/\/www.guerini.it\/#organization"},"potentialAction":[{"@type":"SearchAction","target":{"@type":"EntryPoint","urlTemplate":"https:\/\/www.guerini.it\/?s={search_term_string}"},"query-input":{"@type":"PropertyValueSpecification","valueRequired":true,"valueName":"search_term_string"}}],"inLanguage":"it-IT"},{"@type":"Organization","@id":"https:\/\/www.guerini.it\/#organization","name":"Guerini e Associati","url":"https:\/\/www.guerini.it\/","logo":{"@type":"ImageObject","inLanguage":"it-IT","@id":"https:\/\/www.guerini.it\/#\/schema\/logo\/image\/","url":"https:\/\/www.guerini.it\/wp-content\/uploads\/2021\/03\/Logo-Guerini-OK_-e1615831292285.png","contentUrl":"https:\/\/www.guerini.it\/wp-content\/uploads\/2021\/03\/Logo-Guerini-OK_-e1615831292285.png","width":2805,"height":1870,"caption":"Guerini e Associati"},"image":{"@id":"https:\/\/www.guerini.it\/#\/schema\/logo\/image\/"}}]}},"_links":{"self":[{"href":"https:\/\/www.guerini.it\/index.php\/wp-json\/wp\/v2\/product\/15335","targetHints":{"allow":["GET"]}}],"collection":[{"href":"https:\/\/www.guerini.it\/index.php\/wp-json\/wp\/v2\/product"}],"about":[{"href":"https:\/\/www.guerini.it\/index.php\/wp-json\/wp\/v2\/types\/product"}],"wp:featuredmedia":[{"embeddable":true,"href":"https:\/\/www.guerini.it\/index.php\/wp-json\/wp\/v2\/media\/15334"}],"wp:attachment":[{"href":"https:\/\/www.guerini.it\/index.php\/wp-json\/wp\/v2\/media?parent=15335"}],"wp:term":[{"taxonomy":"product_brand","embeddable":true,"href":"https:\/\/www.guerini.it\/index.php\/wp-json\/wp\/v2\/product_brand?post=15335"},{"taxonomy":"product_cat","embeddable":true,"href":"https:\/\/www.guerini.it\/index.php\/wp-json\/wp\/v2\/product_cat?post=15335"},{"taxonomy":"product_tag","embeddable":true,"href":"https:\/\/www.guerini.it\/index.php\/wp-json\/wp\/v2\/product_tag?post=15335"}],"curies":[{"name":"wp","href":"https:\/\/api.w.org\/{rel}","templated":true}]}}

<p style="text-align: justify;">Il Mediterraneo è stato a lungo rappresentato come il mare dei tanti conflitti. Soprattutto il secolare conflitto tra il mondo cristiano e quello islamico, divenuto un archetipo dei rapporti tra le due religioni e le civiltà ad esse legate. Ancora oggi il Mediterraneo è contrassegnato da una serie di preoccupanti conflitti, come quello tra israeliani e palestinesi. Ma anche la «primavera araba» ha lasciato un’eredità di pesanti tensioni in Egitto e in Libia. Drammatica è la situazione della Siria, ostaggio di una guerra civile con tante interferenze internazionali, dove si scontrano il mondo sunnita e sciita. Anche nel XXI secolo il mare Mediterraneo si presenta come uno spazio dove ci sono tanti conflitti, quasi confermando la storia di secoli, se non di millenni.<br />
Il Mediterraneo è un mondo frammentato in tante storie diverse, ma intrecciate l’una con l’altra. In questo mondo di diversità c’è però anche un’unità profonda. Esiste un Mediterraneo che, in qualche modo, lega le sorti dei differenti paesi e delle diverse comunità. Si ripropone il grande tema del vivere insieme nel mondo contemporaneo. La civiltà del convivere, nell’uguaglianza e nel rispetto della libertà, è la grande prospettiva che si apre per il XXI secolo.<br />
Vivere insieme riguarda anche i rapporti tra le religioni, le nazioni e le culture di quel sistema complesso rappresentato dal Mediterraneo. Per chi ne percorre le storie si aprono scenari in cui le convivenze di ieri si incrinano, ma anche dove si intrecciano nuovi rapporti, nella coscienza che esiste un’unità, pur in mezzo a tanti frammenti. Per incontrare questa realtà, non bisogna lasciarsi andare a slanci ideologici, semplificazioni conflittuali o sogni irenici, ma si debbono visitare e provare a capire gli angoli della vita, delle fedi, degli scambi e dei contrasti tipici del mare Mediterraneo.</p>
<hr />
<p style="text-align: justify;"><strong>ANDREA RICCARDI</strong> ha insegnato Storia Contemporanea all’Università di Bari, alla Sapienza e alla Terza Università degli Studi di Roma. Tra le sue opere più recenti ricordiamo <em>L’inverno più lungo. 1943-</em><em>44: Pio XII, gli ebrei e i nazisti a Roma </em>(Roma-Bari 2008), <em>Il secolo del martirio. I cristiani nel Novecento</em> (Milano 2009; tradotto in dieci lingue), <em>Giovanni Paolo II. La biografia</em> (Cinisello Balsamo 2011), <em>La sorpresa di papa Francesco</em> (Milano 2013). Per le nostre edizioni ha curato<a href="https://www.guerini.it/index.php/prodotto/le-chiese-e-gli-altri/"><em> Le chiese e gli altri</em></a> (2008) e dirige la collana Contemporanea.</p>

<p>Il Mediterraneo è stato a lungo rappresentato come il mare dei tanti conflitti, su tutti il secolare scontro tra il mondo cristiano e quello islamico, divenuto un archetipo dei rapporti tra le due religioni e le civiltà ad esse legate.<br />
Il Mediterraneo è un mondo frammentato in tante storie diverse, ma intrecciate l’una con l’altra. In questo mondo di diversità c’è però anche un’unità profonda. Esiste un Mediterraneo che, in qualche modo, lega le sorti dei differenti paesi e delle diverse comunità.<br />
La nuova edizione di <em>Mediterraneo </em>ripropone il grande tema del vivere insieme, nell’uguaglianza e nel rispetto della libertà, nel mondo contemporaneo.</p>

<!-- This site is optimized with the Yoast SEO plugin v25.4 - https://yoast.com/wordpress/plugins/seo/ -->
<title>Mediterraneo - Guerini e Associati</title>
<meta name="robots" content="index, follow, max-snippet:-1, max-image-preview:large, max-video-preview:-1" />
<link rel="canonical" href="https://www.guerini.it/index.php/prodotto/mediterraneo-9788862505116/" />
<meta property="og:locale" content="it_IT" />
<meta property="og:type" content="article" />
<meta property="og:title" content="Mediterraneo - Guerini e Associati" />
<meta property="og:description" content="Il Mediterraneo è stato a lungo rappresentato come il mare dei tanti conflitti, su tutti il secolare scontro tra il mondo cristiano e quello islamico, divenuto un archetipo dei rapporti tra le due religioni e le civiltà ad esse legate. Il Mediterraneo è un mondo frammentato in tante storie diverse, ma intrecciate l’una con l’altra. In questo mondo di diversità c’è però anche un’unità profonda. Esiste un Mediterraneo che, in qualche modo, lega le sorti dei differenti paesi e delle diverse comunità. La nuova edizione di Mediterraneo ripropone il grande tema del vivere insieme, nell’uguaglianza e nel rispetto della libertà, nel mondo contemporaneo." />
<meta property="og:url" content="https://www.guerini.it/index.php/prodotto/mediterraneo-9788862505116/" />
<meta property="og:site_name" content="Guerini e Associati" />
<meta property="article:modified_time" content="2024-06-12T12:41:50+00:00" />
<meta property="og:image" content="https://www.guerini.it/wp-content/uploads/2014/03/mediterraneo_sito_1.jpg" />
	<meta property="og:image:width" content="237" />
	<meta property="og:image:height" content="353" />
	<meta property="og:image:type" content="image/jpeg" />
<meta name="twitter:card" content="summary_large_image" />
<meta name="twitter:label1" content="Tempo di lettura stimato" />
	<meta name="twitter:data1" content="3 minuti" />
<!-- / Yoast SEO plugin. -->

Il Mediterraneo è stato a lungo rappresentato come il mare dei tanti conflitti, su tutti il secolare scontro tra il mondo cristiano e quello islamico, divenuto un archetipo dei rapporti tra le due religioni e le civiltà ad esse legate. Il Mediterraneo è un mondo frammentato in tante storie diverse, ma intrecciate l’una con l’altra. In questo mondo di diversità c’è però anche un’unità profonda. Esiste un Mediterraneo che, in qualche modo, lega le sorti dei differenti paesi e delle diverse comunità. La nuova edizione di Mediterraneo ripropone il grande tema del vivere insieme, nell’uguaglianza e nel rispetto della libertà, nel mondo contemporaneo.

30 anni di libri, idee e libertà
