{"id":15369,"date":"2014-06-18T10:20:16","date_gmt":"2014-06-18T08:20:16","guid":{"rendered":"https:\/\/test.guerini.it\/?product=9788862505154-canto-del-pane"},"modified":"2024-09-19T14:20:24","modified_gmt":"2024-09-19T12:20:24","slug":"9788862505154-canto-del-pane","status":"publish","type":"product","link":"https:\/\/www.guerini.it\/index.php\/prodotto\/9788862505154-canto-del-pane\/","title":{"rendered":"Il canto del pane"},"content":{"rendered":"<p style=\"text-align: justify;\">Le ballate popolari non vengono cantate pi\u00f9. Oggi non sappiamo pi\u00f9 bene cosa sia la poesia: e quando la cerchiamo, definiamo come poesia qualsiasi cosa che non sia tecnica, pratica o scientifica. Ma dall\u2019Oriente, dall\u2019Oriente prossimo \u2013 dalla penna di Varujan, assassinato nel 1915, agli inizi dell\u2019olocausto armeno \u2013 viene un \u00abcanto\u00bb che rid\u00e0 alla poesia tutta la sua identit\u00e0 e la sua folgorante differenza dagli altri studi umanistici e dalle altre arti: <em>Il canto del pane<\/em>.<br \/>\nL\u2019opera del grande poeta armeno Daniel Varujan, qui tradotta integralmente per la prima volta in italiano, potrebbe essere chiamata il \u00abCanto dell\u2019uomo intero\u00bb, dell\u2019uomo in cui la semplicit\u00e0 terrestre e le potenzialit\u00e0 celesti fanno un tutto armonioso, anzi un tutto di armoniosa reciprocit\u00e0.<br \/>\nNel <em>Canto del pane<\/em> queste due parti dell\u2019uomo si richiamano vicendevolmente, e vicendevolmente si arricchiscono, facendo di lui una sorta di canone musicale, in cui l\u2019individualit\u00e0 e l\u2019eternit\u00e0 s\u2019intrecciano in un canto polifonico. \u00c8 in questa armonia \u2013 che ci pu\u00f2 forse ricordare Dante, e il suo itinerario a Dio attraverso la creazione \u2013 che la poesia si distingue: l\u2019occhio del poeta, infatti, non vede l\u2019eternit\u00e0 distaccata, lontana, o scissa, ma scopre l\u2019eternit\u00e0 come dimensione di ogni singola componente dell\u2019universo, come sangue del misterioso palpitare della vita.<\/p>\n<p style=\"text-align: right;\"><em>Siobhan Nash-Marshall<\/em><\/p>\n<p style=\"text-align: justify;\">Pubblicata postuma nel 1921, per la prima volta in Italia nel 1992, questa straordinaria raccolta di poesie a cura di Antonia Arslan giunge oggi alla settima edizione.<\/p>\n<hr \/>\n<p style=\"text-align: justify;\"><strong>DANEL VARUJAN<\/strong> (1884-1915) nacque a Perknik (Anatolia). Studi\u00f2 a Venezia e a Gand, per poi stabilirsi a Costantinopoli, dove pubblic\u00f2 le raccolte poetiche che lo resero celebre (<em>Il cuore della stirpe<\/em> e <em>Canti pagani<\/em>). Fu brutalmente trucidato all\u2019inizio del genocidio armeno del 1915<em>. Il canto del pane,<\/em> il suo capolavoro, fu pubblicato postumo nel 1921.<\/p>\n","protected":false},"excerpt":{"rendered":"<p>L\u2019opera del grande poeta armeno Daniel Varujan potrebbe essere chiamata il \u00abCanto dell\u2019uomo intero\u00bb, dell\u2019uomo in cui la semplicit\u00e0 terrestre e le potenzialit\u00e0 celesti fanno un tutto armonioso, anzi un tutto di armoniosa reciprocit\u00e0.\u00a0\u00c8 in questa armonia \u2013 che ci pu\u00f2 forse ricordare Dante, e il suo itinerario a Dio attraverso la creazione \u2013 che la poesia si distingue: l\u2019occhio del poeta, infatti, non vede l\u2019eternit\u00e0 distaccata, lontana, o scissa, ma scopre l\u2019eternit\u00e0 come dimensione di ogni singola componente dell\u2019universo, come sangue del misterioso palpitare della vita.<\/p>\n<p>Pubblicata postuma nel 1921, per la prima volta in Italia nel 1992, questa straordinaria raccolta di poesie a cura di Antonia Arslan giunge oggi alla settima edizione.<\/p>\n","protected":false},"featured_media":15368,"template":"","meta":{"_editorskit_title_hidden":false,"_editorskit_reading_time":0,"_editorskit_is_block_options_detached":false,"_editorskit_block_options_position":"{}","_monsterinsights_skip_tracking":false,"_monsterinsights_sitenote_active":false,"_monsterinsights_sitenote_note":"","_monsterinsights_sitenote_category":0},"product_brand":[],"product_cat":[6621,6533,6653],"product_tag":[],"class_list":{"0":"post-15369","1":"product","2":"type-product","3":"status-publish","4":"has-post-thumbnail","6":"product_cat-storiaarmena","7":"product_cat-lingue-e-letteratura","8":"product_cat-classica","9":"pa_guerini_amazon_link-https-www-amazon-it-canto-pane-testo-armeno-fronte-dp-8862505159","10":"pa_guerini_feltrinelli_link-https-www-lafeltrinelli-it-canto-del-pane-testo-armeno-libro-daniel-varujan-e-9788862505154","11":"pa_guerini_ibs_link-https-www-ibs-it-canto-del-pane-testo-armeno-libro-daniel-varujan-e-9788862505154","12":"pa_guerini_mondadori_link-https-www-mondadoristore-it-canto-pane-testo-armeno-daniel-varujan-eai978886250515","13":"pa_guerini_nedizione-settimaedizione","15":"first","16":"instock","17":"sale","18":"shipping-taxable","19":"purchasable","20":"product-type-simple"},"yoast_head":"<!-- This site is optimized with the Yoast SEO plugin v25.4 - https:\/\/yoast.com\/wordpress\/plugins\/seo\/ -->\n<title>Il canto del pane - Guerini e Associati<\/title>\n<meta name=\"robots\" content=\"index, follow, max-snippet:-1, max-image-preview:large, max-video-preview:-1\" \/>\n<link rel=\"canonical\" href=\"https:\/\/www.guerini.it\/index.php\/prodotto\/9788862505154-canto-del-pane\/\" \/>\n<meta property=\"og:locale\" content=\"it_IT\" \/>\n<meta property=\"og:type\" content=\"article\" \/>\n<meta property=\"og:title\" content=\"Il canto del pane - Guerini e Associati\" \/>\n<meta property=\"og:description\" content=\"L\u2019opera del grande poeta armeno Daniel Varujan potrebbe essere chiamata il \u00abCanto dell\u2019uomo intero\u00bb, dell\u2019uomo in cui la semplicit\u00e0 terrestre e le potenzialit\u00e0 celesti fanno un tutto armonioso, anzi un tutto di armoniosa reciprocit\u00e0.\u00a0\u00c8 in questa armonia \u2013 che ci pu\u00f2 forse ricordare Dante, e il suo itinerario a Dio attraverso la creazione \u2013 che la poesia si distingue: l\u2019occhio del poeta, infatti, non vede l\u2019eternit\u00e0 distaccata, lontana, o scissa, ma scopre l\u2019eternit\u00e0 come dimensione di ogni singola componente dell\u2019universo, come sangue del misterioso palpitare della vita.  Pubblicata postuma nel 1921, per la prima volta in Italia nel 1992, questa straordinaria raccolta di poesie a cura di Antonia Arslan giunge oggi alla settima edizione.\" \/>\n<meta property=\"og:url\" content=\"https:\/\/www.guerini.it\/index.php\/prodotto\/9788862505154-canto-del-pane\/\" \/>\n<meta property=\"og:site_name\" content=\"Guerini e Associati\" \/>\n<meta property=\"article:modified_time\" content=\"2024-09-19T12:20:24+00:00\" \/>\n<meta property=\"og:image\" content=\"https:\/\/www.guerini.it\/wp-content\/uploads\/2014\/06\/canto_del_panene.jpg\" \/>\n\t<meta property=\"og:image:width\" content=\"230\" \/>\n\t<meta property=\"og:image:height\" content=\"352\" \/>\n\t<meta property=\"og:image:type\" content=\"image\/jpeg\" \/>\n<meta name=\"twitter:card\" content=\"summary_large_image\" \/>\n<meta name=\"twitter:label1\" content=\"Tempo di lettura stimato\" \/>\n\t<meta name=\"twitter:data1\" content=\"2 minuti\" \/>\n<!-- \/ Yoast SEO plugin. -->","yoast_head_json":{"title":"Il canto del pane - Guerini e Associati","robots":{"index":"index","follow":"follow","max-snippet":"max-snippet:-1","max-image-preview":"max-image-preview:large","max-video-preview":"max-video-preview:-1"},"canonical":"https:\/\/www.guerini.it\/index.php\/prodotto\/9788862505154-canto-del-pane\/","og_locale":"it_IT","og_type":"article","og_title":"Il canto del pane - Guerini e Associati","og_description":"L\u2019opera del grande poeta armeno Daniel Varujan potrebbe essere chiamata il \u00abCanto dell\u2019uomo intero\u00bb, dell\u2019uomo in cui la semplicit\u00e0 terrestre e le potenzialit\u00e0 celesti fanno un tutto armonioso, anzi un tutto di armoniosa reciprocit\u00e0.\u00a0\u00c8 in questa armonia \u2013 che ci pu\u00f2 forse ricordare Dante, e il suo itinerario a Dio attraverso la creazione \u2013 che la poesia si distingue: l\u2019occhio del poeta, infatti, non vede l\u2019eternit\u00e0 distaccata, lontana, o scissa, ma scopre l\u2019eternit\u00e0 come dimensione di ogni singola componente dell\u2019universo, come sangue del misterioso palpitare della vita.  Pubblicata postuma nel 1921, per la prima volta in Italia nel 1992, questa straordinaria raccolta di poesie a cura di Antonia Arslan giunge oggi alla settima edizione.","og_url":"https:\/\/www.guerini.it\/index.php\/prodotto\/9788862505154-canto-del-pane\/","og_site_name":"Guerini e Associati","article_modified_time":"2024-09-19T12:20:24+00:00","og_image":[{"width":230,"height":352,"url":"https:\/\/www.guerini.it\/wp-content\/uploads\/2014\/06\/canto_del_panene.jpg","type":"image\/jpeg"}],"twitter_card":"summary_large_image","twitter_misc":{"Tempo di lettura stimato":"2 minuti"},"schema":{"@context":"https:\/\/schema.org","@graph":[{"@type":"WebPage","@id":"https:\/\/www.guerini.it\/index.php\/prodotto\/9788862505154-canto-del-pane\/","url":"https:\/\/www.guerini.it\/index.php\/prodotto\/9788862505154-canto-del-pane\/","name":"Il canto del pane - Guerini e Associati","isPartOf":{"@id":"https:\/\/www.guerini.it\/#website"},"primaryImageOfPage":{"@id":"https:\/\/www.guerini.it\/index.php\/prodotto\/9788862505154-canto-del-pane\/#primaryimage"},"image":{"@id":"https:\/\/www.guerini.it\/index.php\/prodotto\/9788862505154-canto-del-pane\/#primaryimage"},"thumbnailUrl":"https:\/\/www.guerini.it\/wp-content\/uploads\/2014\/06\/canto_del_panene.jpg","datePublished":"2014-06-18T08:20:16+00:00","dateModified":"2024-09-19T12:20:24+00:00","breadcrumb":{"@id":"https:\/\/www.guerini.it\/index.php\/prodotto\/9788862505154-canto-del-pane\/#breadcrumb"},"inLanguage":"it-IT","potentialAction":[{"@type":"ReadAction","target":["https:\/\/www.guerini.it\/index.php\/prodotto\/9788862505154-canto-del-pane\/"]}]},{"@type":"ImageObject","inLanguage":"it-IT","@id":"https:\/\/www.guerini.it\/index.php\/prodotto\/9788862505154-canto-del-pane\/#primaryimage","url":"https:\/\/www.guerini.it\/wp-content\/uploads\/2014\/06\/canto_del_panene.jpg","contentUrl":"https:\/\/www.guerini.it\/wp-content\/uploads\/2014\/06\/canto_del_panene.jpg","width":230,"height":352,"caption":"Il canto del pane"},{"@type":"BreadcrumbList","@id":"https:\/\/www.guerini.it\/index.php\/prodotto\/9788862505154-canto-del-pane\/#breadcrumb","itemListElement":[{"@type":"ListItem","position":1,"name":"Home","item":"https:\/\/www.guerini.it\/"},{"@type":"ListItem","position":2,"name":"Catalogo","item":"https:\/\/www.guerini.it\/index.php\/negozio\/"},{"@type":"ListItem","position":3,"name":"Il canto del pane"}]},{"@type":"WebSite","@id":"https:\/\/www.guerini.it\/#website","url":"https:\/\/www.guerini.it\/","name":"Guerini e Associati","description":"30 anni di libri, idee e libert\u00e0","publisher":{"@id":"https:\/\/www.guerini.it\/#organization"},"potentialAction":[{"@type":"SearchAction","target":{"@type":"EntryPoint","urlTemplate":"https:\/\/www.guerini.it\/?s={search_term_string}"},"query-input":{"@type":"PropertyValueSpecification","valueRequired":true,"valueName":"search_term_string"}}],"inLanguage":"it-IT"},{"@type":"Organization","@id":"https:\/\/www.guerini.it\/#organization","name":"Guerini e Associati","url":"https:\/\/www.guerini.it\/","logo":{"@type":"ImageObject","inLanguage":"it-IT","@id":"https:\/\/www.guerini.it\/#\/schema\/logo\/image\/","url":"https:\/\/www.guerini.it\/wp-content\/uploads\/2021\/03\/Logo-Guerini-OK_-e1615831292285.png","contentUrl":"https:\/\/www.guerini.it\/wp-content\/uploads\/2021\/03\/Logo-Guerini-OK_-e1615831292285.png","width":2805,"height":1870,"caption":"Guerini e Associati"},"image":{"@id":"https:\/\/www.guerini.it\/#\/schema\/logo\/image\/"}}]}},"_links":{"self":[{"href":"https:\/\/www.guerini.it\/index.php\/wp-json\/wp\/v2\/product\/15369","targetHints":{"allow":["GET"]}}],"collection":[{"href":"https:\/\/www.guerini.it\/index.php\/wp-json\/wp\/v2\/product"}],"about":[{"href":"https:\/\/www.guerini.it\/index.php\/wp-json\/wp\/v2\/types\/product"}],"wp:featuredmedia":[{"embeddable":true,"href":"https:\/\/www.guerini.it\/index.php\/wp-json\/wp\/v2\/media\/15368"}],"wp:attachment":[{"href":"https:\/\/www.guerini.it\/index.php\/wp-json\/wp\/v2\/media?parent=15369"}],"wp:term":[{"taxonomy":"product_brand","embeddable":true,"href":"https:\/\/www.guerini.it\/index.php\/wp-json\/wp\/v2\/product_brand?post=15369"},{"taxonomy":"product_cat","embeddable":true,"href":"https:\/\/www.guerini.it\/index.php\/wp-json\/wp\/v2\/product_cat?post=15369"},{"taxonomy":"product_tag","embeddable":true,"href":"https:\/\/www.guerini.it\/index.php\/wp-json\/wp\/v2\/product_tag?post=15369"}],"curies":[{"name":"wp","href":"https:\/\/api.w.org\/{rel}","templated":true}]}}

<p style="text-align: justify;">Le ballate popolari non vengono cantate più. Oggi non sappiamo più bene cosa sia la poesia: e quando la cerchiamo, definiamo come poesia qualsiasi cosa che non sia tecnica, pratica o scientifica. Ma dall’Oriente, dall’Oriente prossimo – dalla penna di Varujan, assassinato nel 1915, agli inizi dell’olocausto armeno – viene un «canto» che ridà alla poesia tutta la sua identità e la sua folgorante differenza dagli altri studi umanistici e dalle altre arti: <em>Il canto del pane</em>.<br />
L’opera del grande poeta armeno Daniel Varujan, qui tradotta integralmente per la prima volta in italiano, potrebbe essere chiamata il «Canto dell’uomo intero», dell’uomo in cui la semplicità terrestre e le potenzialità celesti fanno un tutto armonioso, anzi un tutto di armoniosa reciprocità.<br />
Nel <em>Canto del pane</em> queste due parti dell’uomo si richiamano vicendevolmente, e vicendevolmente si arricchiscono, facendo di lui una sorta di canone musicale, in cui l’individualità e l’eternità s’intrecciano in un canto polifonico. È in questa armonia – che ci può forse ricordare Dante, e il suo itinerario a Dio attraverso la creazione – che la poesia si distingue: l’occhio del poeta, infatti, non vede l’eternità distaccata, lontana, o scissa, ma scopre l’eternità come dimensione di ogni singola componente dell’universo, come sangue del misterioso palpitare della vita.</p>
<p style="text-align: right;"><em>Siobhan Nash-Marshall</em></p>
<p style="text-align: justify;">Pubblicata postuma nel 1921, per la prima volta in Italia nel 1992, questa straordinaria raccolta di poesie a cura di Antonia Arslan giunge oggi alla settima edizione.</p>
<hr />
<p style="text-align: justify;"><strong>DANEL VARUJAN</strong> (1884-1915) nacque a Perknik (Anatolia). Studiò a Venezia e a Gand, per poi stabilirsi a Costantinopoli, dove pubblicò le raccolte poetiche che lo resero celebre (<em>Il cuore della stirpe</em> e <em>Canti pagani</em>). Fu brutalmente trucidato all’inizio del genocidio armeno del 1915<em>. Il canto del pane,</em> il suo capolavoro, fu pubblicato postumo nel 1921.</p>

<p>L’opera del grande poeta armeno Daniel Varujan potrebbe essere chiamata il «Canto dell’uomo intero», dell’uomo in cui la semplicità terrestre e le potenzialità celesti fanno un tutto armonioso, anzi un tutto di armoniosa reciprocità. È in questa armonia – che ci può forse ricordare Dante, e il suo itinerario a Dio attraverso la creazione – che la poesia si distingue: l’occhio del poeta, infatti, non vede l’eternità distaccata, lontana, o scissa, ma scopre l’eternità come dimensione di ogni singola componente dell’universo, come sangue del misterioso palpitare della vita.</p>
<p>Pubblicata postuma nel 1921, per la prima volta in Italia nel 1992, questa straordinaria raccolta di poesie a cura di Antonia Arslan giunge oggi alla settima edizione.</p>

<!-- This site is optimized with the Yoast SEO plugin v25.4 - https://yoast.com/wordpress/plugins/seo/ -->
<title>Il canto del pane - Guerini e Associati</title>
<meta name="robots" content="index, follow, max-snippet:-1, max-image-preview:large, max-video-preview:-1" />
<link rel="canonical" href="https://www.guerini.it/index.php/prodotto/9788862505154-canto-del-pane/" />
<meta property="og:locale" content="it_IT" />
<meta property="og:type" content="article" />
<meta property="og:title" content="Il canto del pane - Guerini e Associati" />
<meta property="og:description" content="L’opera del grande poeta armeno Daniel Varujan potrebbe essere chiamata il «Canto dell’uomo intero», dell’uomo in cui la semplicità terrestre e le potenzialità celesti fanno un tutto armonioso, anzi un tutto di armoniosa reciprocità. È in questa armonia – che ci può forse ricordare Dante, e il suo itinerario a Dio attraverso la creazione – che la poesia si distingue: l’occhio del poeta, infatti, non vede l’eternità distaccata, lontana, o scissa, ma scopre l’eternità come dimensione di ogni singola componente dell’universo, come sangue del misterioso palpitare della vita.  Pubblicata postuma nel 1921, per la prima volta in Italia nel 1992, questa straordinaria raccolta di poesie a cura di Antonia Arslan giunge oggi alla settima edizione." />
<meta property="og:url" content="https://www.guerini.it/index.php/prodotto/9788862505154-canto-del-pane/" />
<meta property="og:site_name" content="Guerini e Associati" />
<meta property="article:modified_time" content="2024-09-19T12:20:24+00:00" />
<meta property="og:image" content="https://www.guerini.it/wp-content/uploads/2014/06/canto_del_panene.jpg" />
	<meta property="og:image:width" content="230" />
	<meta property="og:image:height" content="352" />
	<meta property="og:image:type" content="image/jpeg" />
<meta name="twitter:card" content="summary_large_image" />
<meta name="twitter:label1" content="Tempo di lettura stimato" />
	<meta name="twitter:data1" content="2 minuti" />
<!-- / Yoast SEO plugin. -->

L’opera del grande poeta armeno Daniel Varujan potrebbe essere chiamata il «Canto dell’uomo intero», dell’uomo in cui la semplicità terrestre e le potenzialità celesti fanno un tutto armonioso, anzi un tutto di armoniosa reciprocità. È in questa armonia – che ci può forse ricordare Dante, e il suo itinerario a Dio attraverso la creazione – che la poesia si distingue: l’occhio del poeta, infatti, non vede l’eternità distaccata, lontana, o scissa, ma scopre l’eternità come dimensione di ogni singola componente dell’universo, come sangue del misterioso palpitare della vita.  Pubblicata postuma nel 1921, per la prima volta in Italia nel 1992, questa straordinaria raccolta di poesie a cura di Antonia Arslan giunge oggi alla settima edizione.

30 anni di libri, idee e libertà
