{"id":15408,"date":"2014-09-29T13:01:03","date_gmt":"2014-09-29T11:01:03","guid":{"rendered":"https:\/\/test.guerini.it\/?product=9788862504973-basilicata-per-l-unita-d-italia"},"modified":"2024-06-12T14:42:08","modified_gmt":"2024-06-12T12:42:08","slug":"9788862504973-basilicata-per-l-unita-d-italia","status":"publish","type":"product","link":"https:\/\/www.guerini.it\/index.php\/prodotto\/9788862504973-basilicata-per-l-unita-d-italia\/","title":{"rendered":"La Basilicata per l\u2019Unit\u00e0 d\u2019Italia"},"content":{"rendered":"<p style=\"text-align: justify;\">Il Convegno nazionale di studio svoltosi a Potenza il 22-23 settembre 2011, di cui qui si pubblicano gli Atti, ha inteso rivisitare, per un arco cronologico ben definito (1848-1876), peculiari modalit&agrave; di approdo del Mezzogiorno d&rsquo;Italia nello Stato unitario. E ci&ograve; a partire da una significativa area regionale, quale la Basilicata, guardando, nel lungo periodo, al prima e al dopo il biennio 1860-61. Un 1860-61 da Sud che, a differenza del Centro e del Nord Italia, si caratterizz&ograve; per diffuse e articolate conflittualit&agrave; interne, con distinti obiettivi di approdo verso lo Stato unitario, da parte di ceti dirigenti siciliani con priorit&agrave; per l&rsquo;affrancamento dalla subalternit&agrave; a Napoli, da parte di quelli del Mezzogiorno provinciale peninsulare nella speranza di un successivo credito con la capitale, presto vanificato dalle sue rideterminate funzioni. Di fatto con il risultato complessivo di un pi&ugrave; debole appuntamento unitario, i cui riflessi, anche per l&rsquo;assetto fortemente centralistico del nuovo Stato, avrebbero, tra l&rsquo;altro, determinato incisivi riassetti e ricollocazioni d&rsquo;ordine istituzionale- amministrativo, in parallelo con il dilatarsi e accentuarsi di conflitti politico-sociali. Dal che un Mezzogiorno continentale di fatto all&rsquo;opposizione fino al 1876, quando le rappresentanze istituzionali meridionali, largamente &lsquo;a sinistra&rsquo;, sarebbero risultate fondamentali per l&rsquo;avvio e l&rsquo;affermarsi di una nuova fase nel rideterminato quadro politico-istituzionale nazionale.<\/p>\n<p style=\"text-align: justify;\">&nbsp;<\/p>\n<p style=\"text-align: justify;\">&nbsp;<\/p>\n<p style=\"text-align: justify;\"><strong>Permalink:&nbsp;<\/strong><a href=\"http:\/\/digital.casalini.it\/9788881951482\">http:\/\/digital.casalini.it\/9788881951482<\/a><\/p>\n","protected":false},"excerpt":{"rendered":"<p>Il Convegno nazionale di studio svoltosi a Potenza il 22-23 settembre 2011, di cui qui si pubblicano gli Atti, ha inteso rivisitare, per un arco cronologico ben definito (1848-1876), peculiari modalit\u00e0 di approdo del Mezzogiorno d\u2019Italia nello Stato unitario. E ci\u00f2 a partire da una significativa area regionale, quale la Basilicata, guardando, nel lungo periodo, al prima e al dopo il biennio 1860-61. Un 1860-61 da Sud che, a differenza del Centro e del Nord Italia, si caratterizz\u00f2 per diffuse e articolate conflittualit\u00e0 interne, con distinti obiettivi di approdo verso lo Stato unitario, da parte di ceti dirigenti siciliani con priorit\u00e0 per l\u2019affrancamento dalla subalternit\u00e0 a Napoli, da parte di quelli del Mezzogiorno provinciale peninsulare nella speranza di un successivo credito con la capitale, presto vanificato dalle sue rideterminate funzioni. Di fatto con il risultato complessivo di un pi\u00f9 debole appuntamento unitario, i cui riflessi, anche per l\u2019assetto fortemente centralistico del nuovo Stato, avrebbero, tra l\u2019altro, determinato incisivi riassetti e ricollocazioni d\u2019ordine istituzionale- amministrativo, in parallelo con il dilatarsi e accentuarsi di conflitti politico-sociali. Dal che un Mezzogiorno continentale di fatto all\u2019opposizione fino al 1876, quando le rappresentanze istituzionali meridionali, largamente \u2018a sinistra\u2019, sarebbero risultate fondamentali per l\u2019avvio e l\u2019affermarsi di una nuova fase nel rideterminato quadro politico-istituzionale nazionale.<\/p>\n","protected":false},"featured_media":15407,"template":"","meta":{"_editorskit_title_hidden":false,"_editorskit_reading_time":0,"_editorskit_is_block_options_detached":false,"_editorskit_block_options_position":"{}","_monsterinsights_skip_tracking":false,"_monsterinsights_sitenote_active":false,"_monsterinsights_sitenote_note":"","_monsterinsights_sitenote_category":0},"product_brand":[],"product_cat":[6596,6539],"product_tag":[],"class_list":{"0":"post-15408","1":"product","2":"type-product","3":"status-publish","4":"has-post-thumbnail","6":"product_cat-st","7":"product_cat-storia-e-geografia","9":"first","10":"instock","11":"sale","12":"shipping-taxable","13":"purchasable","14":"product-type-simple"},"yoast_head":"<!-- This site is optimized with the Yoast SEO plugin v25.4 - https:\/\/yoast.com\/wordpress\/plugins\/seo\/ -->\n<title>La Basilicata per l\u2019Unit\u00e0 d\u2019Italia - Guerini e Associati<\/title>\n<meta name=\"robots\" content=\"index, follow, max-snippet:-1, max-image-preview:large, max-video-preview:-1\" \/>\n<link rel=\"canonical\" href=\"https:\/\/www.guerini.it\/index.php\/prodotto\/9788862504973-basilicata-per-l-unita-d-italia\/\" \/>\n<meta property=\"og:locale\" content=\"it_IT\" \/>\n<meta property=\"og:type\" content=\"article\" \/>\n<meta property=\"og:title\" content=\"La Basilicata per l\u2019Unit\u00e0 d\u2019Italia - Guerini e Associati\" \/>\n<meta property=\"og:description\" content=\"Il Convegno nazionale di studio svoltosi a Potenza il 22-23 settembre 2011, di cui qui si pubblicano gli Atti, ha inteso rivisitare, per un arco cronologico ben definito (1848-1876), peculiari modalit\u00e0 di approdo del Mezzogiorno d\u2019Italia nello Stato unitario. E ci\u00f2 a partire da una significativa area regionale, quale la Basilicata, guardando, nel lungo periodo, al prima e al dopo il biennio 1860-61. Un 1860-61 da Sud che, a differenza del Centro e del Nord Italia, si caratterizz\u00f2 per diffuse e articolate conflittualit\u00e0 interne, con distinti obiettivi di approdo verso lo Stato unitario, da parte di ceti dirigenti siciliani con priorit\u00e0 per l\u2019affrancamento dalla subalternit\u00e0 a Napoli, da parte di quelli del Mezzogiorno provinciale peninsulare nella speranza di un successivo credito con la capitale, presto vanificato dalle sue rideterminate funzioni. Di fatto con il risultato complessivo di un pi\u00f9 debole appuntamento unitario, i cui riflessi, anche per l\u2019assetto fortemente centralistico del nuovo Stato, avrebbero, tra l\u2019altro, determinato incisivi riassetti e ricollocazioni d\u2019ordine istituzionale- amministrativo, in parallelo con il dilatarsi e accentuarsi di conflitti politico-sociali. Dal che un Mezzogiorno continentale di fatto all\u2019opposizione fino al 1876, quando le rappresentanze istituzionali meridionali, largamente \u2018a sinistra\u2019, sarebbero risultate fondamentali per l\u2019avvio e l\u2019affermarsi di una nuova fase nel rideterminato quadro politico-istituzionale nazionale.\" \/>\n<meta property=\"og:url\" content=\"https:\/\/www.guerini.it\/index.php\/prodotto\/9788862504973-basilicata-per-l-unita-d-italia\/\" \/>\n<meta property=\"og:site_name\" content=\"Guerini e Associati\" \/>\n<meta property=\"article:modified_time\" content=\"2024-06-12T12:42:08+00:00\" \/>\n<meta property=\"og:image\" content=\"https:\/\/www.guerini.it\/wp-content\/uploads\/2014\/09\/basilicata_per_l_unit_d_italia.jpg\" \/>\n\t<meta property=\"og:image:width\" content=\"235\" \/>\n\t<meta property=\"og:image:height\" content=\"353\" \/>\n\t<meta property=\"og:image:type\" content=\"image\/jpeg\" \/>\n<meta name=\"twitter:card\" content=\"summary_large_image\" \/>\n<meta name=\"twitter:label1\" content=\"Tempo di lettura stimato\" \/>\n\t<meta name=\"twitter:data1\" content=\"1 minuto\" \/>\n<!-- \/ Yoast SEO plugin. -->","yoast_head_json":{"title":"La Basilicata per l\u2019Unit\u00e0 d\u2019Italia - Guerini e Associati","robots":{"index":"index","follow":"follow","max-snippet":"max-snippet:-1","max-image-preview":"max-image-preview:large","max-video-preview":"max-video-preview:-1"},"canonical":"https:\/\/www.guerini.it\/index.php\/prodotto\/9788862504973-basilicata-per-l-unita-d-italia\/","og_locale":"it_IT","og_type":"article","og_title":"La Basilicata per l\u2019Unit\u00e0 d\u2019Italia - Guerini e Associati","og_description":"Il Convegno nazionale di studio svoltosi a Potenza il 22-23 settembre 2011, di cui qui si pubblicano gli Atti, ha inteso rivisitare, per un arco cronologico ben definito (1848-1876), peculiari modalit\u00e0 di approdo del Mezzogiorno d\u2019Italia nello Stato unitario. E ci\u00f2 a partire da una significativa area regionale, quale la Basilicata, guardando, nel lungo periodo, al prima e al dopo il biennio 1860-61. Un 1860-61 da Sud che, a differenza del Centro e del Nord Italia, si caratterizz\u00f2 per diffuse e articolate conflittualit\u00e0 interne, con distinti obiettivi di approdo verso lo Stato unitario, da parte di ceti dirigenti siciliani con priorit\u00e0 per l\u2019affrancamento dalla subalternit\u00e0 a Napoli, da parte di quelli del Mezzogiorno provinciale peninsulare nella speranza di un successivo credito con la capitale, presto vanificato dalle sue rideterminate funzioni. Di fatto con il risultato complessivo di un pi\u00f9 debole appuntamento unitario, i cui riflessi, anche per l\u2019assetto fortemente centralistico del nuovo Stato, avrebbero, tra l\u2019altro, determinato incisivi riassetti e ricollocazioni d\u2019ordine istituzionale- amministrativo, in parallelo con il dilatarsi e accentuarsi di conflitti politico-sociali. Dal che un Mezzogiorno continentale di fatto all\u2019opposizione fino al 1876, quando le rappresentanze istituzionali meridionali, largamente \u2018a sinistra\u2019, sarebbero risultate fondamentali per l\u2019avvio e l\u2019affermarsi di una nuova fase nel rideterminato quadro politico-istituzionale nazionale.","og_url":"https:\/\/www.guerini.it\/index.php\/prodotto\/9788862504973-basilicata-per-l-unita-d-italia\/","og_site_name":"Guerini e Associati","article_modified_time":"2024-06-12T12:42:08+00:00","og_image":[{"width":235,"height":353,"url":"https:\/\/www.guerini.it\/wp-content\/uploads\/2014\/09\/basilicata_per_l_unit_d_italia.jpg","type":"image\/jpeg"}],"twitter_card":"summary_large_image","twitter_misc":{"Tempo di lettura stimato":"1 minuto"},"schema":{"@context":"https:\/\/schema.org","@graph":[{"@type":"WebPage","@id":"https:\/\/www.guerini.it\/index.php\/prodotto\/9788862504973-basilicata-per-l-unita-d-italia\/","url":"https:\/\/www.guerini.it\/index.php\/prodotto\/9788862504973-basilicata-per-l-unita-d-italia\/","name":"La Basilicata per l\u2019Unit\u00e0 d\u2019Italia - Guerini e Associati","isPartOf":{"@id":"https:\/\/www.guerini.it\/#website"},"primaryImageOfPage":{"@id":"https:\/\/www.guerini.it\/index.php\/prodotto\/9788862504973-basilicata-per-l-unita-d-italia\/#primaryimage"},"image":{"@id":"https:\/\/www.guerini.it\/index.php\/prodotto\/9788862504973-basilicata-per-l-unita-d-italia\/#primaryimage"},"thumbnailUrl":"https:\/\/www.guerini.it\/wp-content\/uploads\/2014\/09\/basilicata_per_l_unit_d_italia.jpg","datePublished":"2014-09-29T11:01:03+00:00","dateModified":"2024-06-12T12:42:08+00:00","breadcrumb":{"@id":"https:\/\/www.guerini.it\/index.php\/prodotto\/9788862504973-basilicata-per-l-unita-d-italia\/#breadcrumb"},"inLanguage":"it-IT","potentialAction":[{"@type":"ReadAction","target":["https:\/\/www.guerini.it\/index.php\/prodotto\/9788862504973-basilicata-per-l-unita-d-italia\/"]}]},{"@type":"ImageObject","inLanguage":"it-IT","@id":"https:\/\/www.guerini.it\/index.php\/prodotto\/9788862504973-basilicata-per-l-unita-d-italia\/#primaryimage","url":"https:\/\/www.guerini.it\/wp-content\/uploads\/2014\/09\/basilicata_per_l_unit_d_italia.jpg","contentUrl":"https:\/\/www.guerini.it\/wp-content\/uploads\/2014\/09\/basilicata_per_l_unit_d_italia.jpg","width":235,"height":353,"caption":"La Basilicata per l'Unit\u00e0 d'Italia"},{"@type":"BreadcrumbList","@id":"https:\/\/www.guerini.it\/index.php\/prodotto\/9788862504973-basilicata-per-l-unita-d-italia\/#breadcrumb","itemListElement":[{"@type":"ListItem","position":1,"name":"Home","item":"https:\/\/www.guerini.it\/"},{"@type":"ListItem","position":2,"name":"Catalogo","item":"https:\/\/www.guerini.it\/index.php\/negozio\/"},{"@type":"ListItem","position":3,"name":"La Basilicata per l\u2019Unit\u00e0 d\u2019Italia"}]},{"@type":"WebSite","@id":"https:\/\/www.guerini.it\/#website","url":"https:\/\/www.guerini.it\/","name":"Guerini e Associati","description":"30 anni di libri, idee e libert\u00e0","publisher":{"@id":"https:\/\/www.guerini.it\/#organization"},"potentialAction":[{"@type":"SearchAction","target":{"@type":"EntryPoint","urlTemplate":"https:\/\/www.guerini.it\/?s={search_term_string}"},"query-input":{"@type":"PropertyValueSpecification","valueRequired":true,"valueName":"search_term_string"}}],"inLanguage":"it-IT"},{"@type":"Organization","@id":"https:\/\/www.guerini.it\/#organization","name":"Guerini e Associati","url":"https:\/\/www.guerini.it\/","logo":{"@type":"ImageObject","inLanguage":"it-IT","@id":"https:\/\/www.guerini.it\/#\/schema\/logo\/image\/","url":"https:\/\/www.guerini.it\/wp-content\/uploads\/2021\/03\/Logo-Guerini-OK_-e1615831292285.png","contentUrl":"https:\/\/www.guerini.it\/wp-content\/uploads\/2021\/03\/Logo-Guerini-OK_-e1615831292285.png","width":2805,"height":1870,"caption":"Guerini e Associati"},"image":{"@id":"https:\/\/www.guerini.it\/#\/schema\/logo\/image\/"}}]}},"_links":{"self":[{"href":"https:\/\/www.guerini.it\/index.php\/wp-json\/wp\/v2\/product\/15408","targetHints":{"allow":["GET"]}}],"collection":[{"href":"https:\/\/www.guerini.it\/index.php\/wp-json\/wp\/v2\/product"}],"about":[{"href":"https:\/\/www.guerini.it\/index.php\/wp-json\/wp\/v2\/types\/product"}],"wp:featuredmedia":[{"embeddable":true,"href":"https:\/\/www.guerini.it\/index.php\/wp-json\/wp\/v2\/media\/15407"}],"wp:attachment":[{"href":"https:\/\/www.guerini.it\/index.php\/wp-json\/wp\/v2\/media?parent=15408"}],"wp:term":[{"taxonomy":"product_brand","embeddable":true,"href":"https:\/\/www.guerini.it\/index.php\/wp-json\/wp\/v2\/product_brand?post=15408"},{"taxonomy":"product_cat","embeddable":true,"href":"https:\/\/www.guerini.it\/index.php\/wp-json\/wp\/v2\/product_cat?post=15408"},{"taxonomy":"product_tag","embeddable":true,"href":"https:\/\/www.guerini.it\/index.php\/wp-json\/wp\/v2\/product_tag?post=15408"}],"curies":[{"name":"wp","href":"https:\/\/api.w.org\/{rel}","templated":true}]}}