{"id":15445,"date":"2014-11-20T15:04:03","date_gmt":"2014-11-20T14:04:03","guid":{"rendered":"https:\/\/test.guerini.it\/?product=le-aziende-confiscate-alla-mafia"},"modified":"2024-06-12T14:39:24","modified_gmt":"2024-06-12T12:39:24","slug":"le-aziende-confiscate-alla-mafia","status":"publish","type":"product","link":"https:\/\/www.guerini.it\/index.php\/prodotto\/le-aziende-confiscate-alla-mafia\/","title":{"rendered":"Le aziende confiscate alla mafia"},"content":{"rendered":"<p>\u00abLa mafia d\u00e0 pane e morte\u00bb, diceva il titolo della prima grande inchiesta antimafia condotta, nel 1958, da un coraggioso giornale siciliano, L\u2019Ora. Quattro soldi per un pane stentato, precario, di persone umiliate dal \u00abcaporalato\u00bb del lavoro irregolare. E morte diffusa. Da allora lo Stato ha fatto la sua parte, e ha combattuto la mafia sottraendole ricchezza e accumulando un immenso patrimonio che oggi va gestito.<br \/>\nIn questo libro si parla di questi beni. Meglio, si parla delle aziende confiscate, partendo dalla convinzione che tra le diverse propriet\u00e0 sottratte alla criminalit\u00e0, queste siano le pi\u00f9 difficili da gestire ma anche le pi\u00f9 strategiche, per il loro portato non solo economico e occupazionale, ma anche simbolico nella lotta alla criminalit\u00e0 organizzata.<\/p>\n<p>Nel libro si esplora il fenomeno, indagando le ragioni istituzionali, culturali e gestionali per cui oggi le aziende sequestrate e confiscate nella maggior parte dei casi falliscono o, nella migliore delle ipotesi, giungono dopo anni di gestione da parte dello Stato in condizioni tanto precarie da rendere quasi impossibile anche solo intravedere per loro un reale futuro di sviluppo.<br \/>\nSi propone, con lo sguardo di chi conosce profondamente le organizzazioni e il management, un modello di valutazione, gestione e rilancio basato sui principi della tempestivit\u00e0, selettivit\u00e0 ed economicit\u00e0 nella ricerca di soluzioni che tutelino anche l\u2019alto valore simbolico e sociale dell\u2019impresa sottratta alla mafia.<br \/>\nCon un approccio neutrale che cerca di non farsi influenzare dalla connotazione ideologica ed emotiva che accompagna il tema in ogni dibattito, e con l\u2019aiuto di casi reali, Marella Caramazza offre al lettore una lettura critica e propositiva, ma anche appassionata, di un fenomeno complesso che interessa tutta la societ\u00e0.<\/p>\n","protected":false},"excerpt":{"rendered":"<p>\u00abLa mafia d\u00e0 pane e morte\u00bb, diceva il titolo della prima grande inchiesta antimafia condotta, nel 1958, da un coraggioso giornale siciliano, L\u2019Ora. Quattro soldi per un pane stentato, precario, di persone umiliate dal \u00abcaporalato\u00bb del lavoro irregolare. E morte diffusa. Da allora lo Stato ha fatto la sua parte, e ha combattuto la mafia sottraendole ricchezza e accumulando un immenso patrimonio che oggi va gestito.<br \/>\nIn questo libro si parla di questi beni. Meglio, si parla delle aziende confiscate, partendo dalla convinzione che tra le diverse propriet\u00e0 sottratte alla criminalit\u00e0, queste siano le pi\u00f9 difficili da gestire ma anche le pi\u00f9 strategiche, per il loro portato non solo economico e occupazionale, ma anche simbolico nella lotta alla criminalit\u00e0 organizzata.<\/p>\n","protected":false},"featured_media":15444,"template":"","meta":{"_editorskit_title_hidden":false,"_editorskit_reading_time":0,"_editorskit_is_block_options_detached":false,"_editorskit_block_options_position":"{}","_monsterinsights_skip_tracking":false,"_monsterinsights_sitenote_active":false,"_monsterinsights_sitenote_note":"","_monsterinsights_sitenote_category":0},"product_brand":[],"product_cat":[6529],"product_tag":[],"class_list":{"0":"post-15445","1":"product","2":"type-product","3":"status-publish","4":"has-post-thumbnail","6":"product_cat-economia-e-management","8":"first","9":"instock","10":"sale","11":"shipping-taxable","12":"purchasable","13":"product-type-simple"},"yoast_head":"<!-- This site is optimized with the Yoast SEO plugin v25.4 - https:\/\/yoast.com\/wordpress\/plugins\/seo\/ -->\n<title>Le aziende confiscate alla mafia - Guerini e Associati<\/title>\n<meta name=\"robots\" content=\"index, follow, max-snippet:-1, max-image-preview:large, max-video-preview:-1\" \/>\n<link rel=\"canonical\" href=\"https:\/\/www.guerini.it\/index.php\/prodotto\/le-aziende-confiscate-alla-mafia\/\" \/>\n<meta property=\"og:locale\" content=\"it_IT\" \/>\n<meta property=\"og:type\" content=\"article\" \/>\n<meta property=\"og:title\" content=\"Le aziende confiscate alla mafia - Guerini e Associati\" \/>\n<meta property=\"og:description\" content=\"\u00abLa mafia d\u00e0 pane e morte\u00bb, diceva il titolo della prima grande inchiesta antimafia condotta, nel 1958, da un coraggioso giornale siciliano, L\u2019Ora. Quattro soldi per un pane stentato, precario, di persone umiliate dal \u00abcaporalato\u00bb del lavoro irregolare. E morte diffusa. Da allora lo Stato ha fatto la sua parte, e ha combattuto la mafia sottraendole ricchezza e accumulando un immenso patrimonio che oggi va gestito. In questo libro si parla di questi beni. Meglio, si parla delle aziende confiscate, partendo dalla convinzione che tra le diverse propriet\u00e0 sottratte alla criminalit\u00e0, queste siano le pi\u00f9 difficili da gestire ma anche le pi\u00f9 strategiche, per il loro portato non solo economico e occupazionale, ma anche simbolico nella lotta alla criminalit\u00e0 organizzata.\" \/>\n<meta property=\"og:url\" content=\"https:\/\/www.guerini.it\/index.php\/prodotto\/le-aziende-confiscate-alla-mafia\/\" \/>\n<meta property=\"og:site_name\" content=\"Guerini e Associati\" \/>\n<meta property=\"article:modified_time\" content=\"2024-06-12T12:39:24+00:00\" \/>\n<meta property=\"og:image\" content=\"https:\/\/www.guerini.it\/wp-content\/uploads\/2014\/11\/aziende_confiscate_alla_mafia_le__sito_guerini.jpg\" \/>\n\t<meta property=\"og:image:width\" content=\"235\" \/>\n\t<meta property=\"og:image:height\" content=\"353\" \/>\n\t<meta property=\"og:image:type\" content=\"image\/jpeg\" \/>\n<meta name=\"twitter:card\" content=\"summary_large_image\" \/>\n<meta name=\"twitter:label1\" content=\"Tempo di lettura stimato\" \/>\n\t<meta name=\"twitter:data1\" content=\"1 minuto\" \/>\n<!-- \/ Yoast SEO plugin. -->","yoast_head_json":{"title":"Le aziende confiscate alla mafia - Guerini e Associati","robots":{"index":"index","follow":"follow","max-snippet":"max-snippet:-1","max-image-preview":"max-image-preview:large","max-video-preview":"max-video-preview:-1"},"canonical":"https:\/\/www.guerini.it\/index.php\/prodotto\/le-aziende-confiscate-alla-mafia\/","og_locale":"it_IT","og_type":"article","og_title":"Le aziende confiscate alla mafia - Guerini e Associati","og_description":"\u00abLa mafia d\u00e0 pane e morte\u00bb, diceva il titolo della prima grande inchiesta antimafia condotta, nel 1958, da un coraggioso giornale siciliano, L\u2019Ora. Quattro soldi per un pane stentato, precario, di persone umiliate dal \u00abcaporalato\u00bb del lavoro irregolare. E morte diffusa. Da allora lo Stato ha fatto la sua parte, e ha combattuto la mafia sottraendole ricchezza e accumulando un immenso patrimonio che oggi va gestito. In questo libro si parla di questi beni. Meglio, si parla delle aziende confiscate, partendo dalla convinzione che tra le diverse propriet\u00e0 sottratte alla criminalit\u00e0, queste siano le pi\u00f9 difficili da gestire ma anche le pi\u00f9 strategiche, per il loro portato non solo economico e occupazionale, ma anche simbolico nella lotta alla criminalit\u00e0 organizzata.","og_url":"https:\/\/www.guerini.it\/index.php\/prodotto\/le-aziende-confiscate-alla-mafia\/","og_site_name":"Guerini e Associati","article_modified_time":"2024-06-12T12:39:24+00:00","og_image":[{"width":235,"height":353,"url":"https:\/\/www.guerini.it\/wp-content\/uploads\/2014\/11\/aziende_confiscate_alla_mafia_le__sito_guerini.jpg","type":"image\/jpeg"}],"twitter_card":"summary_large_image","twitter_misc":{"Tempo di lettura stimato":"1 minuto"},"schema":{"@context":"https:\/\/schema.org","@graph":[{"@type":"WebPage","@id":"https:\/\/www.guerini.it\/index.php\/prodotto\/le-aziende-confiscate-alla-mafia\/","url":"https:\/\/www.guerini.it\/index.php\/prodotto\/le-aziende-confiscate-alla-mafia\/","name":"Le aziende confiscate alla mafia - Guerini e Associati","isPartOf":{"@id":"https:\/\/www.guerini.it\/#website"},"primaryImageOfPage":{"@id":"https:\/\/www.guerini.it\/index.php\/prodotto\/le-aziende-confiscate-alla-mafia\/#primaryimage"},"image":{"@id":"https:\/\/www.guerini.it\/index.php\/prodotto\/le-aziende-confiscate-alla-mafia\/#primaryimage"},"thumbnailUrl":"https:\/\/www.guerini.it\/wp-content\/uploads\/2014\/11\/aziende_confiscate_alla_mafia_le__sito_guerini.jpg","datePublished":"2014-11-20T14:04:03+00:00","dateModified":"2024-06-12T12:39:24+00:00","breadcrumb":{"@id":"https:\/\/www.guerini.it\/index.php\/prodotto\/le-aziende-confiscate-alla-mafia\/#breadcrumb"},"inLanguage":"it-IT","potentialAction":[{"@type":"ReadAction","target":["https:\/\/www.guerini.it\/index.php\/prodotto\/le-aziende-confiscate-alla-mafia\/"]}]},{"@type":"ImageObject","inLanguage":"it-IT","@id":"https:\/\/www.guerini.it\/index.php\/prodotto\/le-aziende-confiscate-alla-mafia\/#primaryimage","url":"https:\/\/www.guerini.it\/wp-content\/uploads\/2014\/11\/aziende_confiscate_alla_mafia_le__sito_guerini.jpg","contentUrl":"https:\/\/www.guerini.it\/wp-content\/uploads\/2014\/11\/aziende_confiscate_alla_mafia_le__sito_guerini.jpg","width":235,"height":353,"caption":"Le aziende confiscate alla mafia"},{"@type":"BreadcrumbList","@id":"https:\/\/www.guerini.it\/index.php\/prodotto\/le-aziende-confiscate-alla-mafia\/#breadcrumb","itemListElement":[{"@type":"ListItem","position":1,"name":"Home","item":"https:\/\/www.guerini.it\/"},{"@type":"ListItem","position":2,"name":"Catalogo","item":"https:\/\/www.guerini.it\/index.php\/negozio\/"},{"@type":"ListItem","position":3,"name":"Le aziende confiscate alla mafia"}]},{"@type":"WebSite","@id":"https:\/\/www.guerini.it\/#website","url":"https:\/\/www.guerini.it\/","name":"Guerini e Associati","description":"30 anni di libri, idee e libert\u00e0","publisher":{"@id":"https:\/\/www.guerini.it\/#organization"},"potentialAction":[{"@type":"SearchAction","target":{"@type":"EntryPoint","urlTemplate":"https:\/\/www.guerini.it\/?s={search_term_string}"},"query-input":{"@type":"PropertyValueSpecification","valueRequired":true,"valueName":"search_term_string"}}],"inLanguage":"it-IT"},{"@type":"Organization","@id":"https:\/\/www.guerini.it\/#organization","name":"Guerini e Associati","url":"https:\/\/www.guerini.it\/","logo":{"@type":"ImageObject","inLanguage":"it-IT","@id":"https:\/\/www.guerini.it\/#\/schema\/logo\/image\/","url":"https:\/\/www.guerini.it\/wp-content\/uploads\/2021\/03\/Logo-Guerini-OK_-e1615831292285.png","contentUrl":"https:\/\/www.guerini.it\/wp-content\/uploads\/2021\/03\/Logo-Guerini-OK_-e1615831292285.png","width":2805,"height":1870,"caption":"Guerini e Associati"},"image":{"@id":"https:\/\/www.guerini.it\/#\/schema\/logo\/image\/"}}]}},"_links":{"self":[{"href":"https:\/\/www.guerini.it\/index.php\/wp-json\/wp\/v2\/product\/15445","targetHints":{"allow":["GET"]}}],"collection":[{"href":"https:\/\/www.guerini.it\/index.php\/wp-json\/wp\/v2\/product"}],"about":[{"href":"https:\/\/www.guerini.it\/index.php\/wp-json\/wp\/v2\/types\/product"}],"wp:featuredmedia":[{"embeddable":true,"href":"https:\/\/www.guerini.it\/index.php\/wp-json\/wp\/v2\/media\/15444"}],"wp:attachment":[{"href":"https:\/\/www.guerini.it\/index.php\/wp-json\/wp\/v2\/media?parent=15445"}],"wp:term":[{"taxonomy":"product_brand","embeddable":true,"href":"https:\/\/www.guerini.it\/index.php\/wp-json\/wp\/v2\/product_brand?post=15445"},{"taxonomy":"product_cat","embeddable":true,"href":"https:\/\/www.guerini.it\/index.php\/wp-json\/wp\/v2\/product_cat?post=15445"},{"taxonomy":"product_tag","embeddable":true,"href":"https:\/\/www.guerini.it\/index.php\/wp-json\/wp\/v2\/product_tag?post=15445"}],"curies":[{"name":"wp","href":"https:\/\/api.w.org\/{rel}","templated":true}]}}

<p>«La mafia dà pane e morte», diceva il titolo della prima grande inchiesta antimafia condotta, nel 1958, da un coraggioso giornale siciliano, L’Ora. Quattro soldi per un pane stentato, precario, di persone umiliate dal «caporalato» del lavoro irregolare. E morte diffusa. Da allora lo Stato ha fatto la sua parte, e ha combattuto la mafia sottraendole ricchezza e accumulando un immenso patrimonio che oggi va gestito.<br />
In questo libro si parla di questi beni. Meglio, si parla delle aziende confiscate, partendo dalla convinzione che tra le diverse proprietà sottratte alla criminalità, queste siano le più difficili da gestire ma anche le più strategiche, per il loro portato non solo economico e occupazionale, ma anche simbolico nella lotta alla criminalità organizzata.</p>
<p>Nel libro si esplora il fenomeno, indagando le ragioni istituzionali, culturali e gestionali per cui oggi le aziende sequestrate e confiscate nella maggior parte dei casi falliscono o, nella migliore delle ipotesi, giungono dopo anni di gestione da parte dello Stato in condizioni tanto precarie da rendere quasi impossibile anche solo intravedere per loro un reale futuro di sviluppo.<br />
Si propone, con lo sguardo di chi conosce profondamente le organizzazioni e il management, un modello di valutazione, gestione e rilancio basato sui principi della tempestività, selettività ed economicità nella ricerca di soluzioni che tutelino anche l’alto valore simbolico e sociale dell’impresa sottratta alla mafia.<br />
Con un approccio neutrale che cerca di non farsi influenzare dalla connotazione ideologica ed emotiva che accompagna il tema in ogni dibattito, e con l’aiuto di casi reali, Marella Caramazza offre al lettore una lettura critica e propositiva, ma anche appassionata, di un fenomeno complesso che interessa tutta la società.</p>

<p>«La mafia dà pane e morte», diceva il titolo della prima grande inchiesta antimafia condotta, nel 1958, da un coraggioso giornale siciliano, L’Ora. Quattro soldi per un pane stentato, precario, di persone umiliate dal «caporalato» del lavoro irregolare. E morte diffusa. Da allora lo Stato ha fatto la sua parte, e ha combattuto la mafia sottraendole ricchezza e accumulando un immenso patrimonio che oggi va gestito.<br />
In questo libro si parla di questi beni. Meglio, si parla delle aziende confiscate, partendo dalla convinzione che tra le diverse proprietà sottratte alla criminalità, queste siano le più difficili da gestire ma anche le più strategiche, per il loro portato non solo economico e occupazionale, ma anche simbolico nella lotta alla criminalità organizzata.</p>

<!-- This site is optimized with the Yoast SEO plugin v25.4 - https://yoast.com/wordpress/plugins/seo/ -->
<title>Le aziende confiscate alla mafia - Guerini e Associati</title>
<meta name="robots" content="index, follow, max-snippet:-1, max-image-preview:large, max-video-preview:-1" />
<link rel="canonical" href="https://www.guerini.it/index.php/prodotto/le-aziende-confiscate-alla-mafia/" />
<meta property="og:locale" content="it_IT" />
<meta property="og:type" content="article" />
<meta property="og:title" content="Le aziende confiscate alla mafia - Guerini e Associati" />
<meta property="og:description" content="«La mafia dà pane e morte», diceva il titolo della prima grande inchiesta antimafia condotta, nel 1958, da un coraggioso giornale siciliano, L’Ora. Quattro soldi per un pane stentato, precario, di persone umiliate dal «caporalato» del lavoro irregolare. E morte diffusa. Da allora lo Stato ha fatto la sua parte, e ha combattuto la mafia sottraendole ricchezza e accumulando un immenso patrimonio che oggi va gestito. In questo libro si parla di questi beni. Meglio, si parla delle aziende confiscate, partendo dalla convinzione che tra le diverse proprietà sottratte alla criminalità, queste siano le più difficili da gestire ma anche le più strategiche, per il loro portato non solo economico e occupazionale, ma anche simbolico nella lotta alla criminalità organizzata." />
<meta property="og:url" content="https://www.guerini.it/index.php/prodotto/le-aziende-confiscate-alla-mafia/" />
<meta property="og:site_name" content="Guerini e Associati" />
<meta property="article:modified_time" content="2024-06-12T12:39:24+00:00" />
<meta property="og:image" content="https://www.guerini.it/wp-content/uploads/2014/11/aziende_confiscate_alla_mafia_le__sito_guerini.jpg" />
	<meta property="og:image:width" content="235" />
	<meta property="og:image:height" content="353" />
	<meta property="og:image:type" content="image/jpeg" />
<meta name="twitter:card" content="summary_large_image" />
<meta name="twitter:label1" content="Tempo di lettura stimato" />
	<meta name="twitter:data1" content="1 minuto" />
<!-- / Yoast SEO plugin. -->

«La mafia dà pane e morte», diceva il titolo della prima grande inchiesta antimafia condotta, nel 1958, da un coraggioso giornale siciliano, L’Ora. Quattro soldi per un pane stentato, precario, di persone umiliate dal «caporalato» del lavoro irregolare. E morte diffusa. Da allora lo Stato ha fatto la sua parte, e ha combattuto la mafia sottraendole ricchezza e accumulando un immenso patrimonio che oggi va gestito. In questo libro si parla di questi beni. Meglio, si parla delle aziende confiscate, partendo dalla convinzione che tra le diverse proprietà sottratte alla criminalità, queste siano le più difficili da gestire ma anche le più strategiche, per il loro portato non solo economico e occupazionale, ma anche simbolico nella lotta alla criminalità organizzata.

30 anni di libri, idee e libertà
