{"id":15487,"date":"2015-02-10T13:35:33","date_gmt":"2015-02-10T12:35:33","guid":{"rendered":"https:\/\/test.guerini.it\/?product=il-codice-del-tennis"},"modified":"2024-06-12T14:39:38","modified_gmt":"2024-06-12T12:39:38","slug":"il-codice-del-tennis","status":"publish","type":"product","link":"https:\/\/www.guerini.it\/index.php\/prodotto\/il-codice-del-tennis\/","title":{"rendered":"Il codice del tennis"},"content":{"rendered":"<p>Professionista superpagato, celebrit\u00e0 mediatica, protagonista del jet set hollywoodiano, discusso per la sua vita privata, \u00e8 un\u2019icona del tennis e forse l\u2019inventore del gioco moderno. Ma non ha mai incontrato Roger Federer. \u201cBig Bill\u201d Tilden \u00e8 la star dei ruggenti anni venti: l\u2019et\u00e0 del jazz, dell\u2019automobile e dei film di Greta Garbo. Grazie a lui il tennis passa da sport d\u2019\u00e9lite a fenomeno di massa. La gente fa la coda per veder giocare i campioni e affolla i club per imitarne le gesta. E Tilden non \u00e8 solo protagonista in campo, ma anche insegnante, teorico e divulgatore del tennis. Ha scritto pi\u00f9 di trenta best-seller in cui c\u2019\u00e8 tutto quello che ogni tennista deve sapere, dalla tecnica dei colpi alle posizioni in campo, dai fondamentali alle pi\u00f9 sofisticate rotazioni della palla.<br \/>\nQuesto libro non \u00e8 solo la riscoperta di un personaggio leggendario che ha saputo caratterizzare un\u2019intera epoca attraverso la sua carriera sportiva e letteraria. \u00c8 un viaggio con la macchina del tempo nell\u2019arte e nella scienza del tennis, nelle sue origini e forse nel suo futuro.<\/p>\n","protected":false},"excerpt":{"rendered":"<p>Professionista superpagato, celebrit\u00e0 mediatica, protagonista del jet set hollywoodiano, discusso per la sua vita privata, \u00e8 un\u2019icona del tennis e forse l\u2019inventore del gioco moderno. Ma non ha mai incontrato Roger Federer. \u201cBig Bill\u201d Tilden \u00e8 la star dei ruggenti anni venti: l\u2019et\u00e0 del jazz, dell\u2019automobile e dei film di Greta Garbo. Grazie a lui il tennis passa da sport d\u2019\u00e9lite a fenomeno di massa. La gente fa la coda per veder giocare i campioni e affolla i club per imitarne le gesta. E Tilden non \u00e8 solo protagonista in campo, ma anche insegnante, teorico e divulgatore del tennis. Ha scritto pi\u00f9 di trenta best-seller in cui c\u2019\u00e8 tutto quello che ogni tennista deve sapere, dalla tecnica dei colpi alle posizioni in campo, dai fondamentali alle pi\u00f9 sofisticate rotazioni della palla.<br \/>\nQuesto libro non \u00e8 solo la riscoperta di un personaggio leggendario che ha saputo caratterizzare un\u2019intera epoca attraverso la sua carriera sportiva e letteraria. \u00c8 un viaggio con la macchina del tempo nell\u2019arte e nella scienza del tennis, nelle sue origini e forse nel suo futuro.<\/p>\n","protected":false},"featured_media":15486,"template":"","meta":{"_editorskit_title_hidden":false,"_editorskit_reading_time":0,"_editorskit_is_block_options_detached":false,"_editorskit_block_options_position":"{}","_monsterinsights_skip_tracking":false,"_monsterinsights_sitenote_active":false,"_monsterinsights_sitenote_note":"","_monsterinsights_sitenote_category":0},"product_brand":[],"product_cat":[6529],"product_tag":[],"class_list":{"0":"post-15487","1":"product","2":"type-product","3":"status-publish","4":"has-post-thumbnail","6":"product_cat-economia-e-management","8":"first","9":"instock","10":"sale","11":"shipping-taxable","12":"purchasable","13":"product-type-simple"},"yoast_head":"<!-- This site is optimized with the Yoast SEO plugin v25.4 - https:\/\/yoast.com\/wordpress\/plugins\/seo\/ -->\n<title>Il codice del tennis - Guerini e Associati<\/title>\n<meta name=\"robots\" content=\"index, follow, max-snippet:-1, max-image-preview:large, max-video-preview:-1\" \/>\n<link rel=\"canonical\" href=\"https:\/\/www.guerini.it\/index.php\/prodotto\/il-codice-del-tennis\/\" \/>\n<meta property=\"og:locale\" content=\"it_IT\" \/>\n<meta property=\"og:type\" content=\"article\" \/>\n<meta property=\"og:title\" content=\"Il codice del tennis - Guerini e Associati\" \/>\n<meta property=\"og:description\" content=\"Professionista superpagato, celebrit\u00e0 mediatica, protagonista del jet set hollywoodiano, discusso per la sua vita privata, \u00e8 un\u2019icona del tennis e forse l\u2019inventore del gioco moderno. Ma non ha mai incontrato Roger Federer. \u201cBig Bill\u201d Tilden \u00e8 la star dei ruggenti anni venti: l\u2019et\u00e0 del jazz, dell\u2019automobile e dei film di Greta Garbo. Grazie a lui il tennis passa da sport d\u2019\u00e9lite a fenomeno di massa. La gente fa la coda per veder giocare i campioni e affolla i club per imitarne le gesta. E Tilden non \u00e8 solo protagonista in campo, ma anche insegnante, teorico e divulgatore del tennis. Ha scritto pi\u00f9 di trenta best-seller in cui c\u2019\u00e8 tutto quello che ogni tennista deve sapere, dalla tecnica dei colpi alle posizioni in campo, dai fondamentali alle pi\u00f9 sofisticate rotazioni della palla.  Questo libro non \u00e8 solo la riscoperta di un personaggio leggendario che ha saputo caratterizzare un\u2019intera epoca attraverso la sua carriera sportiva e letteraria. \u00c8 un viaggio con la macchina del tempo nell\u2019arte e nella scienza del tennis, nelle sue origini e forse nel suo futuro.\" \/>\n<meta property=\"og:url\" content=\"https:\/\/www.guerini.it\/index.php\/prodotto\/il-codice-del-tennis\/\" \/>\n<meta property=\"og:site_name\" content=\"Guerini e Associati\" \/>\n<meta property=\"article:modified_time\" content=\"2024-06-12T12:39:38+00:00\" \/>\n<meta property=\"og:image\" content=\"https:\/\/www.guerini.it\/wp-content\/uploads\/2015\/02\/codice_del_tennis_il__sitoguerini.jpg\" \/>\n\t<meta property=\"og:image:width\" content=\"230\" \/>\n\t<meta property=\"og:image:height\" content=\"353\" \/>\n\t<meta property=\"og:image:type\" content=\"image\/jpeg\" \/>\n<meta name=\"twitter:card\" content=\"summary_large_image\" \/>\n<meta name=\"twitter:label1\" content=\"Tempo di lettura stimato\" \/>\n\t<meta name=\"twitter:data1\" content=\"1 minuto\" \/>\n<!-- \/ Yoast SEO plugin. -->","yoast_head_json":{"title":"Il codice del tennis - Guerini e Associati","robots":{"index":"index","follow":"follow","max-snippet":"max-snippet:-1","max-image-preview":"max-image-preview:large","max-video-preview":"max-video-preview:-1"},"canonical":"https:\/\/www.guerini.it\/index.php\/prodotto\/il-codice-del-tennis\/","og_locale":"it_IT","og_type":"article","og_title":"Il codice del tennis - Guerini e Associati","og_description":"Professionista superpagato, celebrit\u00e0 mediatica, protagonista del jet set hollywoodiano, discusso per la sua vita privata, \u00e8 un\u2019icona del tennis e forse l\u2019inventore del gioco moderno. Ma non ha mai incontrato Roger Federer. \u201cBig Bill\u201d Tilden \u00e8 la star dei ruggenti anni venti: l\u2019et\u00e0 del jazz, dell\u2019automobile e dei film di Greta Garbo. Grazie a lui il tennis passa da sport d\u2019\u00e9lite a fenomeno di massa. La gente fa la coda per veder giocare i campioni e affolla i club per imitarne le gesta. E Tilden non \u00e8 solo protagonista in campo, ma anche insegnante, teorico e divulgatore del tennis. Ha scritto pi\u00f9 di trenta best-seller in cui c\u2019\u00e8 tutto quello che ogni tennista deve sapere, dalla tecnica dei colpi alle posizioni in campo, dai fondamentali alle pi\u00f9 sofisticate rotazioni della palla.  Questo libro non \u00e8 solo la riscoperta di un personaggio leggendario che ha saputo caratterizzare un\u2019intera epoca attraverso la sua carriera sportiva e letteraria. \u00c8 un viaggio con la macchina del tempo nell\u2019arte e nella scienza del tennis, nelle sue origini e forse nel suo futuro.","og_url":"https:\/\/www.guerini.it\/index.php\/prodotto\/il-codice-del-tennis\/","og_site_name":"Guerini e Associati","article_modified_time":"2024-06-12T12:39:38+00:00","og_image":[{"width":230,"height":353,"url":"https:\/\/www.guerini.it\/wp-content\/uploads\/2015\/02\/codice_del_tennis_il__sitoguerini.jpg","type":"image\/jpeg"}],"twitter_card":"summary_large_image","twitter_misc":{"Tempo di lettura stimato":"1 minuto"},"schema":{"@context":"https:\/\/schema.org","@graph":[{"@type":"WebPage","@id":"https:\/\/www.guerini.it\/index.php\/prodotto\/il-codice-del-tennis\/","url":"https:\/\/www.guerini.it\/index.php\/prodotto\/il-codice-del-tennis\/","name":"Il codice del tennis - Guerini e Associati","isPartOf":{"@id":"https:\/\/www.guerini.it\/#website"},"primaryImageOfPage":{"@id":"https:\/\/www.guerini.it\/index.php\/prodotto\/il-codice-del-tennis\/#primaryimage"},"image":{"@id":"https:\/\/www.guerini.it\/index.php\/prodotto\/il-codice-del-tennis\/#primaryimage"},"thumbnailUrl":"https:\/\/www.guerini.it\/wp-content\/uploads\/2015\/02\/codice_del_tennis_il__sitoguerini.jpg","datePublished":"2015-02-10T12:35:33+00:00","dateModified":"2024-06-12T12:39:38+00:00","breadcrumb":{"@id":"https:\/\/www.guerini.it\/index.php\/prodotto\/il-codice-del-tennis\/#breadcrumb"},"inLanguage":"it-IT","potentialAction":[{"@type":"ReadAction","target":["https:\/\/www.guerini.it\/index.php\/prodotto\/il-codice-del-tennis\/"]}]},{"@type":"ImageObject","inLanguage":"it-IT","@id":"https:\/\/www.guerini.it\/index.php\/prodotto\/il-codice-del-tennis\/#primaryimage","url":"https:\/\/www.guerini.it\/wp-content\/uploads\/2015\/02\/codice_del_tennis_il__sitoguerini.jpg","contentUrl":"https:\/\/www.guerini.it\/wp-content\/uploads\/2015\/02\/codice_del_tennis_il__sitoguerini.jpg","width":230,"height":353,"caption":"Il codice del tennis"},{"@type":"BreadcrumbList","@id":"https:\/\/www.guerini.it\/index.php\/prodotto\/il-codice-del-tennis\/#breadcrumb","itemListElement":[{"@type":"ListItem","position":1,"name":"Home","item":"https:\/\/www.guerini.it\/"},{"@type":"ListItem","position":2,"name":"Catalogo","item":"https:\/\/www.guerini.it\/index.php\/negozio\/"},{"@type":"ListItem","position":3,"name":"Il codice del tennis"}]},{"@type":"WebSite","@id":"https:\/\/www.guerini.it\/#website","url":"https:\/\/www.guerini.it\/","name":"Guerini e Associati","description":"30 anni di libri, idee e libert\u00e0","publisher":{"@id":"https:\/\/www.guerini.it\/#organization"},"potentialAction":[{"@type":"SearchAction","target":{"@type":"EntryPoint","urlTemplate":"https:\/\/www.guerini.it\/?s={search_term_string}"},"query-input":{"@type":"PropertyValueSpecification","valueRequired":true,"valueName":"search_term_string"}}],"inLanguage":"it-IT"},{"@type":"Organization","@id":"https:\/\/www.guerini.it\/#organization","name":"Guerini e Associati","url":"https:\/\/www.guerini.it\/","logo":{"@type":"ImageObject","inLanguage":"it-IT","@id":"https:\/\/www.guerini.it\/#\/schema\/logo\/image\/","url":"https:\/\/www.guerini.it\/wp-content\/uploads\/2021\/03\/Logo-Guerini-OK_-e1615831292285.png","contentUrl":"https:\/\/www.guerini.it\/wp-content\/uploads\/2021\/03\/Logo-Guerini-OK_-e1615831292285.png","width":2805,"height":1870,"caption":"Guerini e Associati"},"image":{"@id":"https:\/\/www.guerini.it\/#\/schema\/logo\/image\/"}}]}},"_links":{"self":[{"href":"https:\/\/www.guerini.it\/index.php\/wp-json\/wp\/v2\/product\/15487","targetHints":{"allow":["GET"]}}],"collection":[{"href":"https:\/\/www.guerini.it\/index.php\/wp-json\/wp\/v2\/product"}],"about":[{"href":"https:\/\/www.guerini.it\/index.php\/wp-json\/wp\/v2\/types\/product"}],"wp:featuredmedia":[{"embeddable":true,"href":"https:\/\/www.guerini.it\/index.php\/wp-json\/wp\/v2\/media\/15486"}],"wp:attachment":[{"href":"https:\/\/www.guerini.it\/index.php\/wp-json\/wp\/v2\/media?parent=15487"}],"wp:term":[{"taxonomy":"product_brand","embeddable":true,"href":"https:\/\/www.guerini.it\/index.php\/wp-json\/wp\/v2\/product_brand?post=15487"},{"taxonomy":"product_cat","embeddable":true,"href":"https:\/\/www.guerini.it\/index.php\/wp-json\/wp\/v2\/product_cat?post=15487"},{"taxonomy":"product_tag","embeddable":true,"href":"https:\/\/www.guerini.it\/index.php\/wp-json\/wp\/v2\/product_tag?post=15487"}],"curies":[{"name":"wp","href":"https:\/\/api.w.org\/{rel}","templated":true}]}}