{"id":15491,"date":"2015-02-17T12:40:14","date_gmt":"2015-02-17T11:40:14","guid":{"rendered":"https:\/\/test.guerini.it\/?product=visioni-metropolitane"},"modified":"2024-06-12T14:41:18","modified_gmt":"2024-06-12T12:41:18","slug":"visioni-metropolitane","status":"publish","type":"product","link":"https:\/\/www.guerini.it\/index.php\/prodotto\/visioni-metropolitane\/","title":{"rendered":"Visioni metropolitane"},"content":{"rendered":"<p>Visioni metropolitane \u00e8 ci\u00f2 di cui tratta il volume, ma il termine visione pone non pochi problemi, ancor di pi\u00f9 se usato in relazione alla metropoli. C\u2019\u00e8, infatti, da chiedersi se l\u2019avvento della metropoli non determini un modo di essere e di mostrarsi del mondo e se quindi la metropoli non possa considerarsi l\u2019evento che, accadendo, produce visione del mondo.<br \/>\nIl volume \u00e8 un\u2019interrogazione sul senso da attribuire al termine visione quando si tratti di visioni metropolitane e a parlarne sono linguaggi come il cinema, l\u2019architettura, l\u2019arte, i nuovi media.<br \/>\nI saggi che lo compongono, pur nella differenza delle intenzioni e dei percorsi, danno testimonianza di questo interrogativo. <\/p>\n","protected":false},"excerpt":{"rendered":"<p>Il volume \u00e8 un\u2019interrogazione sul senso da attribuire al termine visione quando si tratti di visioni metropolitane e a parlarne sono linguaggi come il cinema, l\u2019architettura, l\u2019arte, i nuovi media.<br \/>\nI saggi che lo compongono, pur nella differenza delle intenzioni e dei percorsi, danno testimonianza di questo interrogativo. <\/p>\n","protected":false},"featured_media":15490,"template":"","meta":{"_editorskit_title_hidden":false,"_editorskit_reading_time":0,"_editorskit_is_block_options_detached":false,"_editorskit_block_options_position":"{}","_monsterinsights_skip_tracking":false,"_monsterinsights_sitenote_active":false,"_monsterinsights_sitenote_note":"","_monsterinsights_sitenote_category":0},"product_brand":[],"product_cat":[6530,6657],"product_tag":[],"class_list":{"0":"post-15491","1":"product","2":"type-product","3":"status-publish","4":"has-post-thumbnail","6":"product_cat-filosofia","7":"product_cat-e-sp-nm","9":"first","10":"instock","11":"sale","12":"shipping-taxable","13":"purchasable","14":"product-type-simple"},"yoast_head":"<!-- This site is optimized with the Yoast SEO plugin v25.4 - https:\/\/yoast.com\/wordpress\/plugins\/seo\/ -->\n<title>Visioni metropolitane - Guerini e Associati<\/title>\n<meta name=\"robots\" content=\"index, follow, max-snippet:-1, max-image-preview:large, max-video-preview:-1\" \/>\n<link rel=\"canonical\" href=\"https:\/\/www.guerini.it\/index.php\/prodotto\/visioni-metropolitane\/\" \/>\n<meta property=\"og:locale\" content=\"it_IT\" \/>\n<meta property=\"og:type\" content=\"article\" \/>\n<meta property=\"og:title\" content=\"Visioni metropolitane - Guerini e Associati\" \/>\n<meta property=\"og:description\" content=\"Il volume \u00e8 un\u2019interrogazione sul senso da attribuire al termine visione quando si tratti di visioni metropolitane e a parlarne sono linguaggi come il cinema, l\u2019architettura, l\u2019arte, i nuovi media. I saggi che lo compongono, pur nella differenza delle intenzioni e dei percorsi, danno testimonianza di questo interrogativo.\" \/>\n<meta property=\"og:url\" content=\"https:\/\/www.guerini.it\/index.php\/prodotto\/visioni-metropolitane\/\" \/>\n<meta property=\"og:site_name\" content=\"Guerini e Associati\" \/>\n<meta property=\"article:modified_time\" content=\"2024-06-12T12:41:18+00:00\" \/>\n<meta property=\"og:image\" content=\"https:\/\/www.guerini.it\/wp-content\/uploads\/2015\/02\/visioni_metropolitane.jpg\" \/>\n\t<meta property=\"og:image:width\" content=\"224\" \/>\n\t<meta property=\"og:image:height\" content=\"353\" \/>\n\t<meta property=\"og:image:type\" content=\"image\/jpeg\" \/>\n<meta name=\"twitter:card\" content=\"summary_large_image\" \/>\n<meta name=\"twitter:label1\" content=\"Tempo di lettura stimato\" \/>\n\t<meta name=\"twitter:data1\" content=\"1 minuto\" \/>\n<!-- \/ Yoast SEO plugin. -->","yoast_head_json":{"title":"Visioni metropolitane - Guerini e Associati","robots":{"index":"index","follow":"follow","max-snippet":"max-snippet:-1","max-image-preview":"max-image-preview:large","max-video-preview":"max-video-preview:-1"},"canonical":"https:\/\/www.guerini.it\/index.php\/prodotto\/visioni-metropolitane\/","og_locale":"it_IT","og_type":"article","og_title":"Visioni metropolitane - Guerini e Associati","og_description":"Il volume \u00e8 un\u2019interrogazione sul senso da attribuire al termine visione quando si tratti di visioni metropolitane e a parlarne sono linguaggi come il cinema, l\u2019architettura, l\u2019arte, i nuovi media. I saggi che lo compongono, pur nella differenza delle intenzioni e dei percorsi, danno testimonianza di questo interrogativo.","og_url":"https:\/\/www.guerini.it\/index.php\/prodotto\/visioni-metropolitane\/","og_site_name":"Guerini e Associati","article_modified_time":"2024-06-12T12:41:18+00:00","og_image":[{"width":224,"height":353,"url":"https:\/\/www.guerini.it\/wp-content\/uploads\/2015\/02\/visioni_metropolitane.jpg","type":"image\/jpeg"}],"twitter_card":"summary_large_image","twitter_misc":{"Tempo di lettura stimato":"1 minuto"},"schema":{"@context":"https:\/\/schema.org","@graph":[{"@type":"WebPage","@id":"https:\/\/www.guerini.it\/index.php\/prodotto\/visioni-metropolitane\/","url":"https:\/\/www.guerini.it\/index.php\/prodotto\/visioni-metropolitane\/","name":"Visioni metropolitane - Guerini e Associati","isPartOf":{"@id":"https:\/\/www.guerini.it\/#website"},"primaryImageOfPage":{"@id":"https:\/\/www.guerini.it\/index.php\/prodotto\/visioni-metropolitane\/#primaryimage"},"image":{"@id":"https:\/\/www.guerini.it\/index.php\/prodotto\/visioni-metropolitane\/#primaryimage"},"thumbnailUrl":"https:\/\/www.guerini.it\/wp-content\/uploads\/2015\/02\/visioni_metropolitane.jpg","datePublished":"2015-02-17T11:40:14+00:00","dateModified":"2024-06-12T12:41:18+00:00","breadcrumb":{"@id":"https:\/\/www.guerini.it\/index.php\/prodotto\/visioni-metropolitane\/#breadcrumb"},"inLanguage":"it-IT","potentialAction":[{"@type":"ReadAction","target":["https:\/\/www.guerini.it\/index.php\/prodotto\/visioni-metropolitane\/"]}]},{"@type":"ImageObject","inLanguage":"it-IT","@id":"https:\/\/www.guerini.it\/index.php\/prodotto\/visioni-metropolitane\/#primaryimage","url":"https:\/\/www.guerini.it\/wp-content\/uploads\/2015\/02\/visioni_metropolitane.jpg","contentUrl":"https:\/\/www.guerini.it\/wp-content\/uploads\/2015\/02\/visioni_metropolitane.jpg","width":224,"height":353,"caption":"Visioni metropolitane-0"},{"@type":"BreadcrumbList","@id":"https:\/\/www.guerini.it\/index.php\/prodotto\/visioni-metropolitane\/#breadcrumb","itemListElement":[{"@type":"ListItem","position":1,"name":"Home","item":"https:\/\/www.guerini.it\/"},{"@type":"ListItem","position":2,"name":"Catalogo","item":"https:\/\/www.guerini.it\/index.php\/negozio\/"},{"@type":"ListItem","position":3,"name":"Visioni metropolitane"}]},{"@type":"WebSite","@id":"https:\/\/www.guerini.it\/#website","url":"https:\/\/www.guerini.it\/","name":"Guerini e Associati","description":"30 anni di libri, idee e libert\u00e0","publisher":{"@id":"https:\/\/www.guerini.it\/#organization"},"potentialAction":[{"@type":"SearchAction","target":{"@type":"EntryPoint","urlTemplate":"https:\/\/www.guerini.it\/?s={search_term_string}"},"query-input":{"@type":"PropertyValueSpecification","valueRequired":true,"valueName":"search_term_string"}}],"inLanguage":"it-IT"},{"@type":"Organization","@id":"https:\/\/www.guerini.it\/#organization","name":"Guerini e Associati","url":"https:\/\/www.guerini.it\/","logo":{"@type":"ImageObject","inLanguage":"it-IT","@id":"https:\/\/www.guerini.it\/#\/schema\/logo\/image\/","url":"https:\/\/www.guerini.it\/wp-content\/uploads\/2021\/03\/Logo-Guerini-OK_-e1615831292285.png","contentUrl":"https:\/\/www.guerini.it\/wp-content\/uploads\/2021\/03\/Logo-Guerini-OK_-e1615831292285.png","width":2805,"height":1870,"caption":"Guerini e Associati"},"image":{"@id":"https:\/\/www.guerini.it\/#\/schema\/logo\/image\/"}}]}},"_links":{"self":[{"href":"https:\/\/www.guerini.it\/index.php\/wp-json\/wp\/v2\/product\/15491","targetHints":{"allow":["GET"]}}],"collection":[{"href":"https:\/\/www.guerini.it\/index.php\/wp-json\/wp\/v2\/product"}],"about":[{"href":"https:\/\/www.guerini.it\/index.php\/wp-json\/wp\/v2\/types\/product"}],"wp:featuredmedia":[{"embeddable":true,"href":"https:\/\/www.guerini.it\/index.php\/wp-json\/wp\/v2\/media\/15490"}],"wp:attachment":[{"href":"https:\/\/www.guerini.it\/index.php\/wp-json\/wp\/v2\/media?parent=15491"}],"wp:term":[{"taxonomy":"product_brand","embeddable":true,"href":"https:\/\/www.guerini.it\/index.php\/wp-json\/wp\/v2\/product_brand?post=15491"},{"taxonomy":"product_cat","embeddable":true,"href":"https:\/\/www.guerini.it\/index.php\/wp-json\/wp\/v2\/product_cat?post=15491"},{"taxonomy":"product_tag","embeddable":true,"href":"https:\/\/www.guerini.it\/index.php\/wp-json\/wp\/v2\/product_tag?post=15491"}],"curies":[{"name":"wp","href":"https:\/\/api.w.org\/{rel}","templated":true}]}}

<p>Visioni metropolitane è ciò di cui tratta il volume, ma il termine visione pone non pochi problemi, ancor di più se usato in relazione alla metropoli. C’è, infatti, da chiedersi se l’avvento della metropoli non determini un modo di essere e di mostrarsi del mondo e se quindi la metropoli non possa considerarsi l’evento che, accadendo, produce visione del mondo.<br />
Il volume è un’interrogazione sul senso da attribuire al termine visione quando si tratti di visioni metropolitane e a parlarne sono linguaggi come il cinema, l’architettura, l’arte, i nuovi media.<br />
I saggi che lo compongono, pur nella differenza delle intenzioni e dei percorsi, danno testimonianza di questo interrogativo. </p>

<p>Il volume è un’interrogazione sul senso da attribuire al termine visione quando si tratti di visioni metropolitane e a parlarne sono linguaggi come il cinema, l’architettura, l’arte, i nuovi media.<br />
I saggi che lo compongono, pur nella differenza delle intenzioni e dei percorsi, danno testimonianza di questo interrogativo. </p>

<!-- This site is optimized with the Yoast SEO plugin v25.4 - https://yoast.com/wordpress/plugins/seo/ -->
<title>Visioni metropolitane - Guerini e Associati</title>
<meta name="robots" content="index, follow, max-snippet:-1, max-image-preview:large, max-video-preview:-1" />
<link rel="canonical" href="https://www.guerini.it/index.php/prodotto/visioni-metropolitane/" />
<meta property="og:locale" content="it_IT" />
<meta property="og:type" content="article" />
<meta property="og:title" content="Visioni metropolitane - Guerini e Associati" />
<meta property="og:description" content="Il volume è un’interrogazione sul senso da attribuire al termine visione quando si tratti di visioni metropolitane e a parlarne sono linguaggi come il cinema, l’architettura, l’arte, i nuovi media. I saggi che lo compongono, pur nella differenza delle intenzioni e dei percorsi, danno testimonianza di questo interrogativo." />
<meta property="og:url" content="https://www.guerini.it/index.php/prodotto/visioni-metropolitane/" />
<meta property="og:site_name" content="Guerini e Associati" />
<meta property="article:modified_time" content="2024-06-12T12:41:18+00:00" />
<meta property="og:image" content="https://www.guerini.it/wp-content/uploads/2015/02/visioni_metropolitane.jpg" />
	<meta property="og:image:width" content="224" />
	<meta property="og:image:height" content="353" />
	<meta property="og:image:type" content="image/jpeg" />
<meta name="twitter:card" content="summary_large_image" />
<meta name="twitter:label1" content="Tempo di lettura stimato" />
	<meta name="twitter:data1" content="1 minuto" />
<!-- / Yoast SEO plugin. -->

Il volume è un’interrogazione sul senso da attribuire al termine visione quando si tratti di visioni metropolitane e a parlarne sono linguaggi come il cinema, l’architettura, l’arte, i nuovi media. I saggi che lo compongono, pur nella differenza delle intenzioni e dei percorsi, danno testimonianza di questo interrogativo.

30 anni di libri, idee e libertà
