{"id":15499,"date":"2015-02-25T08:28:20","date_gmt":"2015-02-25T07:28:20","guid":{"rendered":"https:\/\/test.guerini.it\/?product=guadagnare-in-borsa-con-il-day-trading"},"modified":"2024-06-12T14:39:20","modified_gmt":"2024-06-12T12:39:20","slug":"guadagnare-in-borsa-con-il-day-trading","status":"publish","type":"product","link":"https:\/\/www.guerini.it\/index.php\/prodotto\/guadagnare-in-borsa-con-il-day-trading\/","title":{"rendered":"Guadagnare in borsa con il day trading"},"content":{"rendered":"<p>Il primo titolo che inaugura questa serie di manuali operativi dedicati al day trading (o trading intraday), introduce le tecniche che consentono, a chi voglia cimentarsi in questo settore, un\u2019immediata operativit\u00e0: si apre una posizione al mattino (o la sera prima), poi ci si occupa delle proprie cose, quindi, di massima, si chiude la posizione alla sera\u2026 possibilmente guadagnando in maniera cospicua.<br \/>\nQuesti manuali dunque non hanno ambizioni teoriche come altri libri dell\u2019autore: vogliono mettere in grado il lettore, qui e subito, di operare e guadagnare sui mercati finanziari, evitando di perdere, tramite tutti gli strumenti pratici necessari all\u2019attivit\u00e0 del trading intraday, a partire dal paper trading, lo stadio iniziale essenziale per imparare a svolgere correttamente questa attivit\u00e0 cos\u00ec appassionante.<\/p>\n<p>L\u2019autore mette a disposizione dei propri lettori i fogli di lavoro e gli script utilizzati che saranno inviati gratis via e-mail a chi ne vorr\u00e0 fare richiesta, seguendo le istruzioni contenute nel libro.<\/p>\n<p>Grazie a questo piccolo manuale potrete essere immediatamente operativi. Ma non vi illudete troppo: come vedremo, molto, moltissimo, se non proprio tutto, dipender\u00e0 proprio da voi. Si pu\u00f2 guadagnare, eccome, ma occorrono seriet\u00e0, applicazione, studio, rigore e\u2026 anche un po\u2019 di talento.<\/p>\n","protected":false},"excerpt":{"rendered":"<p>Il primo titolo che inaugura questa serie di manuali operativi dedicati al day trading (o trading intraday), introduce le tecniche che consentono, a chi voglia cimentarsi in questo settore, un\u2019immediata operativit\u00e0: si apre una posizione al mattino (o la sera prima), poi ci si occupa delle proprie cose, quindi, di massima, si chiude la posizione alla sera\u2026 possibilmente guadagnando in maniera cospicua.<br \/>\nQuesti manuali dunque non hanno ambizioni teoriche come altri libri dell\u2019autore: vogliono mettere in grado il lettore, qui e subito, di operare e guadagnare sui mercati finanziari, evitando di perdere, tramite tutti gli strumenti pratici necessari all\u2019attivit\u00e0 del trading intraday, a partire dal paper trading, lo stadio iniziale essenziale per imparare a svolgere correttamente questa attivit\u00e0 cos\u00ec appassionante.<\/p>\n<p>L\u2019autore mette a disposizione dei propri lettori i fogli di lavoro e gli script utilizzati che saranno inviati gratis via e-mail a chi ne vorr\u00e0 fare richiesta, seguendo le istruzioni contenute nel libro.<\/p>\n<p>Grazie a questo piccolo manuale potrete essere immediatamente operativi. Ma non vi illudete troppo: come vedremo, molto, moltissimo, se non proprio tutto, dipender\u00e0 proprio da voi. Si pu\u00f2 guadagnare, eccome, ma occorrono seriet\u00e0, applicazione, studio, rigore e\u2026 anche un po\u2019 di talento.<\/p>\n","protected":false},"featured_media":15498,"template":"","meta":{"_editorskit_title_hidden":false,"_editorskit_reading_time":0,"_editorskit_is_block_options_detached":false,"_editorskit_block_options_position":"{}","_monsterinsights_skip_tracking":false,"_monsterinsights_sitenote_active":false,"_monsterinsights_sitenote_note":"","_monsterinsights_sitenote_category":0},"product_brand":[],"product_cat":[6529,6703],"product_tag":[],"class_list":{"0":"post-15499","1":"product","2":"type-product","3":"status-publish","4":"has-post-thumbnail","6":"product_cat-economia-e-management","7":"product_cat-guadagnare-in-borsa-con-il-day-trading","8":"pa_guerini_strillo-94-stateallalargadacolorochev","10":"first","11":"instock","12":"sale","13":"shipping-taxable","14":"purchasable","15":"product-type-simple"},"yoast_head":"<!-- This site is optimized with the Yoast SEO plugin v25.4 - https:\/\/yoast.com\/wordpress\/plugins\/seo\/ -->\n<title>Guadagnare in borsa con il day trading - Guerini e Associati<\/title>\n<meta name=\"robots\" content=\"index, follow, max-snippet:-1, max-image-preview:large, max-video-preview:-1\" \/>\n<link rel=\"canonical\" href=\"https:\/\/www.guerini.it\/index.php\/prodotto\/guadagnare-in-borsa-con-il-day-trading\/\" \/>\n<meta property=\"og:locale\" content=\"it_IT\" \/>\n<meta property=\"og:type\" content=\"article\" \/>\n<meta property=\"og:title\" content=\"Guadagnare in borsa con il day trading - Guerini e Associati\" \/>\n<meta property=\"og:description\" content=\"Il primo titolo che inaugura questa serie di manuali operativi dedicati al day trading (o trading intraday), introduce le tecniche che consentono, a chi voglia cimentarsi in questo settore, un\u2019immediata operativit\u00e0: si apre una posizione al mattino (o la sera prima), poi ci si occupa delle proprie cose, quindi, di massima, si chiude la posizione alla sera\u2026 possibilmente guadagnando in maniera cospicua. Questi manuali dunque non hanno ambizioni teoriche come altri libri dell\u2019autore: vogliono mettere in grado il lettore, qui e subito, di operare e guadagnare sui mercati finanziari, evitando di perdere, tramite tutti gli strumenti pratici necessari all\u2019attivit\u00e0 del trading intraday, a partire dal paper trading, lo stadio iniziale essenziale per imparare a svolgere correttamente questa attivit\u00e0 cos\u00ec appassionante.  L\u2019autore mette a disposizione dei propri lettori i fogli di lavoro e gli script utilizzati che saranno inviati gratis via e-mail a chi ne vorr\u00e0 fare richiesta, seguendo le istruzioni contenute nel libro.  Grazie a questo piccolo manuale potrete essere immediatamente operativi. Ma non vi illudete troppo: come vedremo, molto, moltissimo, se non proprio tutto, dipender\u00e0 proprio da voi. Si pu\u00f2 guadagnare, eccome, ma occorrono seriet\u00e0, applicazione, studio, rigore e\u2026 anche un po\u2019 di talento.\" \/>\n<meta property=\"og:url\" content=\"https:\/\/www.guerini.it\/index.php\/prodotto\/guadagnare-in-borsa-con-il-day-trading\/\" \/>\n<meta property=\"og:site_name\" content=\"Guerini e Associati\" \/>\n<meta property=\"article:modified_time\" content=\"2024-06-12T12:39:20+00:00\" \/>\n<meta property=\"og:image\" content=\"https:\/\/www.guerini.it\/wp-content\/uploads\/2015\/02\/guadagnare_in_borsa_sito_gea.jpg\" \/>\n\t<meta property=\"og:image:width\" content=\"236\" \/>\n\t<meta property=\"og:image:height\" content=\"355\" \/>\n\t<meta property=\"og:image:type\" content=\"image\/jpeg\" \/>\n<meta name=\"twitter:card\" content=\"summary_large_image\" \/>\n<meta name=\"twitter:label1\" content=\"Tempo di lettura stimato\" \/>\n\t<meta name=\"twitter:data1\" content=\"1 minuto\" \/>\n<!-- \/ Yoast SEO plugin. -->","yoast_head_json":{"title":"Guadagnare in borsa con il day trading - Guerini e Associati","robots":{"index":"index","follow":"follow","max-snippet":"max-snippet:-1","max-image-preview":"max-image-preview:large","max-video-preview":"max-video-preview:-1"},"canonical":"https:\/\/www.guerini.it\/index.php\/prodotto\/guadagnare-in-borsa-con-il-day-trading\/","og_locale":"it_IT","og_type":"article","og_title":"Guadagnare in borsa con il day trading - Guerini e Associati","og_description":"Il primo titolo che inaugura questa serie di manuali operativi dedicati al day trading (o trading intraday), introduce le tecniche che consentono, a chi voglia cimentarsi in questo settore, un\u2019immediata operativit\u00e0: si apre una posizione al mattino (o la sera prima), poi ci si occupa delle proprie cose, quindi, di massima, si chiude la posizione alla sera\u2026 possibilmente guadagnando in maniera cospicua. Questi manuali dunque non hanno ambizioni teoriche come altri libri dell\u2019autore: vogliono mettere in grado il lettore, qui e subito, di operare e guadagnare sui mercati finanziari, evitando di perdere, tramite tutti gli strumenti pratici necessari all\u2019attivit\u00e0 del trading intraday, a partire dal paper trading, lo stadio iniziale essenziale per imparare a svolgere correttamente questa attivit\u00e0 cos\u00ec appassionante.  L\u2019autore mette a disposizione dei propri lettori i fogli di lavoro e gli script utilizzati che saranno inviati gratis via e-mail a chi ne vorr\u00e0 fare richiesta, seguendo le istruzioni contenute nel libro.  Grazie a questo piccolo manuale potrete essere immediatamente operativi. Ma non vi illudete troppo: come vedremo, molto, moltissimo, se non proprio tutto, dipender\u00e0 proprio da voi. Si pu\u00f2 guadagnare, eccome, ma occorrono seriet\u00e0, applicazione, studio, rigore e\u2026 anche un po\u2019 di talento.","og_url":"https:\/\/www.guerini.it\/index.php\/prodotto\/guadagnare-in-borsa-con-il-day-trading\/","og_site_name":"Guerini e Associati","article_modified_time":"2024-06-12T12:39:20+00:00","og_image":[{"width":236,"height":355,"url":"https:\/\/www.guerini.it\/wp-content\/uploads\/2015\/02\/guadagnare_in_borsa_sito_gea.jpg","type":"image\/jpeg"}],"twitter_card":"summary_large_image","twitter_misc":{"Tempo di lettura stimato":"1 minuto"},"schema":{"@context":"https:\/\/schema.org","@graph":[{"@type":"WebPage","@id":"https:\/\/www.guerini.it\/index.php\/prodotto\/guadagnare-in-borsa-con-il-day-trading\/","url":"https:\/\/www.guerini.it\/index.php\/prodotto\/guadagnare-in-borsa-con-il-day-trading\/","name":"Guadagnare in borsa con il day trading - Guerini e Associati","isPartOf":{"@id":"https:\/\/www.guerini.it\/#website"},"primaryImageOfPage":{"@id":"https:\/\/www.guerini.it\/index.php\/prodotto\/guadagnare-in-borsa-con-il-day-trading\/#primaryimage"},"image":{"@id":"https:\/\/www.guerini.it\/index.php\/prodotto\/guadagnare-in-borsa-con-il-day-trading\/#primaryimage"},"thumbnailUrl":"https:\/\/www.guerini.it\/wp-content\/uploads\/2015\/02\/guadagnare_in_borsa_sito_gea.jpg","datePublished":"2015-02-25T07:28:20+00:00","dateModified":"2024-06-12T12:39:20+00:00","breadcrumb":{"@id":"https:\/\/www.guerini.it\/index.php\/prodotto\/guadagnare-in-borsa-con-il-day-trading\/#breadcrumb"},"inLanguage":"it-IT","potentialAction":[{"@type":"ReadAction","target":["https:\/\/www.guerini.it\/index.php\/prodotto\/guadagnare-in-borsa-con-il-day-trading\/"]}]},{"@type":"ImageObject","inLanguage":"it-IT","@id":"https:\/\/www.guerini.it\/index.php\/prodotto\/guadagnare-in-borsa-con-il-day-trading\/#primaryimage","url":"https:\/\/www.guerini.it\/wp-content\/uploads\/2015\/02\/guadagnare_in_borsa_sito_gea.jpg","contentUrl":"https:\/\/www.guerini.it\/wp-content\/uploads\/2015\/02\/guadagnare_in_borsa_sito_gea.jpg","width":236,"height":355,"caption":"Guadagnare in borsa con il day trading"},{"@type":"BreadcrumbList","@id":"https:\/\/www.guerini.it\/index.php\/prodotto\/guadagnare-in-borsa-con-il-day-trading\/#breadcrumb","itemListElement":[{"@type":"ListItem","position":1,"name":"Home","item":"https:\/\/www.guerini.it\/"},{"@type":"ListItem","position":2,"name":"Catalogo","item":"https:\/\/www.guerini.it\/index.php\/negozio\/"},{"@type":"ListItem","position":3,"name":"Guadagnare in borsa con il day trading"}]},{"@type":"WebSite","@id":"https:\/\/www.guerini.it\/#website","url":"https:\/\/www.guerini.it\/","name":"Guerini e Associati","description":"30 anni di libri, idee e libert\u00e0","publisher":{"@id":"https:\/\/www.guerini.it\/#organization"},"potentialAction":[{"@type":"SearchAction","target":{"@type":"EntryPoint","urlTemplate":"https:\/\/www.guerini.it\/?s={search_term_string}"},"query-input":{"@type":"PropertyValueSpecification","valueRequired":true,"valueName":"search_term_string"}}],"inLanguage":"it-IT"},{"@type":"Organization","@id":"https:\/\/www.guerini.it\/#organization","name":"Guerini e Associati","url":"https:\/\/www.guerini.it\/","logo":{"@type":"ImageObject","inLanguage":"it-IT","@id":"https:\/\/www.guerini.it\/#\/schema\/logo\/image\/","url":"https:\/\/www.guerini.it\/wp-content\/uploads\/2021\/03\/Logo-Guerini-OK_-e1615831292285.png","contentUrl":"https:\/\/www.guerini.it\/wp-content\/uploads\/2021\/03\/Logo-Guerini-OK_-e1615831292285.png","width":2805,"height":1870,"caption":"Guerini e Associati"},"image":{"@id":"https:\/\/www.guerini.it\/#\/schema\/logo\/image\/"}}]}},"_links":{"self":[{"href":"https:\/\/www.guerini.it\/index.php\/wp-json\/wp\/v2\/product\/15499","targetHints":{"allow":["GET"]}}],"collection":[{"href":"https:\/\/www.guerini.it\/index.php\/wp-json\/wp\/v2\/product"}],"about":[{"href":"https:\/\/www.guerini.it\/index.php\/wp-json\/wp\/v2\/types\/product"}],"wp:featuredmedia":[{"embeddable":true,"href":"https:\/\/www.guerini.it\/index.php\/wp-json\/wp\/v2\/media\/15498"}],"wp:attachment":[{"href":"https:\/\/www.guerini.it\/index.php\/wp-json\/wp\/v2\/media?parent=15499"}],"wp:term":[{"taxonomy":"product_brand","embeddable":true,"href":"https:\/\/www.guerini.it\/index.php\/wp-json\/wp\/v2\/product_brand?post=15499"},{"taxonomy":"product_cat","embeddable":true,"href":"https:\/\/www.guerini.it\/index.php\/wp-json\/wp\/v2\/product_cat?post=15499"},{"taxonomy":"product_tag","embeddable":true,"href":"https:\/\/www.guerini.it\/index.php\/wp-json\/wp\/v2\/product_tag?post=15499"}],"curies":[{"name":"wp","href":"https:\/\/api.w.org\/{rel}","templated":true}]}}