{"id":15507,"date":"2015-02-26T10:02:12","date_gmt":"2015-02-26T09:02:12","guid":{"rendered":"https:\/\/test.guerini.it\/?product=elogio-del-centrocampista"},"modified":"2024-06-12T14:41:27","modified_gmt":"2024-06-12T12:41:27","slug":"elogio-del-centrocampista","status":"publish","type":"product","link":"https:\/\/www.guerini.it\/index.php\/prodotto\/elogio-del-centrocampista\/","title":{"rendered":"Elogio del centrocampista"},"content":{"rendered":"<p>Si pu\u00f2 vincere una partita con un goal da fondo campo? Forse s\u00ec, ma nel calcio, come nella societ\u00e0, c\u2019\u00e8 bisogno di chi costruisce il gioco a centrocampo: i corpi intermedi, le associazioni, le Camere di commercio a fianco delle imprese anche e soprattutto in tempo di crisi, come quella di Monza e Brianza.<br \/>\nQuesto libro intende esplorare, utilizzando la metafora del calcio, la nostra societ\u00e0, guardando al gioco dal punto di vista dei centrocampisti. Gli autori in particolare indagano il ruolo delle Camere di commercio, delle cosiddette autonomie funzionali, a servizio del sistema economico locale.<\/p>\n","protected":false},"excerpt":{"rendered":"<p>Si pu\u00f2 vincere una partita con un goal da fondo campo? Forse s\u00ec, ma nel calcio, come nella societ\u00e0, c\u2019\u00e8 bisogno di chi costruisce il gioco a centrocampo: i corpi intermedi, le associazioni, le Camere di commercio a fianco delle imprese anche e soprattutto in tempo di crisi, come quella di Monza e Brianza.<br \/>\nQuesto libro intende esplorare, utilizzando la metafora del calcio, la nostra societ\u00e0, guardando al gioco dal punto di vista dei centrocampisti. Gli autori in particolare indagano il ruolo delle Camere di commercio, delle cosiddette autonomie funzionali, a servizio del sistema economico locale.<\/p>\n","protected":false},"featured_media":15506,"template":"","meta":{"_editorskit_title_hidden":false,"_editorskit_reading_time":0,"_editorskit_is_block_options_detached":false,"_editorskit_block_options_position":"{}","_monsterinsights_skip_tracking":false,"_monsterinsights_sitenote_active":false,"_monsterinsights_sitenote_note":"","_monsterinsights_sitenote_category":0},"product_brand":[],"product_cat":[6527],"product_tag":[],"class_list":{"0":"post-15507","1":"product","2":"type-product","3":"status-publish","4":"has-post-thumbnail","6":"product_cat-attualita","8":"first","9":"instock","10":"sale","11":"shipping-taxable","12":"purchasable","13":"product-type-simple"},"yoast_head":"<!-- This site is optimized with the Yoast SEO plugin v25.4 - https:\/\/yoast.com\/wordpress\/plugins\/seo\/ -->\n<title>Elogio del centrocampista - Guerini e Associati<\/title>\n<meta name=\"robots\" content=\"index, follow, max-snippet:-1, max-image-preview:large, max-video-preview:-1\" \/>\n<link rel=\"canonical\" href=\"https:\/\/www.guerini.it\/index.php\/prodotto\/elogio-del-centrocampista\/\" \/>\n<meta property=\"og:locale\" content=\"it_IT\" \/>\n<meta property=\"og:type\" content=\"article\" \/>\n<meta property=\"og:title\" content=\"Elogio del centrocampista - Guerini e Associati\" \/>\n<meta property=\"og:description\" content=\"Si pu\u00f2 vincere una partita con un goal da fondo campo? Forse s\u00ec, ma nel calcio, come nella societ\u00e0, c\u2019\u00e8 bisogno di chi costruisce il gioco a centrocampo: i corpi intermedi, le associazioni, le Camere di commercio a fianco delle imprese anche e soprattutto in tempo di crisi, come quella di Monza e Brianza. Questo libro intende esplorare, utilizzando la metafora del calcio, la nostra societ\u00e0, guardando al gioco dal punto di vista dei centrocampisti. Gli autori in particolare indagano il ruolo delle Camere di commercio, delle cosiddette autonomie funzionali, a servizio del sistema economico locale.\" \/>\n<meta property=\"og:url\" content=\"https:\/\/www.guerini.it\/index.php\/prodotto\/elogio-del-centrocampista\/\" \/>\n<meta property=\"og:site_name\" content=\"Guerini e Associati\" \/>\n<meta property=\"article:modified_time\" content=\"2024-06-12T12:41:27+00:00\" \/>\n<meta property=\"og:image\" content=\"https:\/\/www.guerini.it\/wp-content\/uploads\/2015\/02\/elogio_del_centrocampista_sito.jpg\" \/>\n\t<meta property=\"og:image:width\" content=\"251\" \/>\n\t<meta property=\"og:image:height\" content=\"353\" \/>\n\t<meta property=\"og:image:type\" content=\"image\/jpeg\" \/>\n<meta name=\"twitter:card\" content=\"summary_large_image\" \/>\n<!-- \/ Yoast SEO plugin. -->","yoast_head_json":{"title":"Elogio del centrocampista - Guerini e Associati","robots":{"index":"index","follow":"follow","max-snippet":"max-snippet:-1","max-image-preview":"max-image-preview:large","max-video-preview":"max-video-preview:-1"},"canonical":"https:\/\/www.guerini.it\/index.php\/prodotto\/elogio-del-centrocampista\/","og_locale":"it_IT","og_type":"article","og_title":"Elogio del centrocampista - Guerini e Associati","og_description":"Si pu\u00f2 vincere una partita con un goal da fondo campo? Forse s\u00ec, ma nel calcio, come nella societ\u00e0, c\u2019\u00e8 bisogno di chi costruisce il gioco a centrocampo: i corpi intermedi, le associazioni, le Camere di commercio a fianco delle imprese anche e soprattutto in tempo di crisi, come quella di Monza e Brianza. Questo libro intende esplorare, utilizzando la metafora del calcio, la nostra societ\u00e0, guardando al gioco dal punto di vista dei centrocampisti. Gli autori in particolare indagano il ruolo delle Camere di commercio, delle cosiddette autonomie funzionali, a servizio del sistema economico locale.","og_url":"https:\/\/www.guerini.it\/index.php\/prodotto\/elogio-del-centrocampista\/","og_site_name":"Guerini e Associati","article_modified_time":"2024-06-12T12:41:27+00:00","og_image":[{"width":251,"height":353,"url":"https:\/\/www.guerini.it\/wp-content\/uploads\/2015\/02\/elogio_del_centrocampista_sito.jpg","type":"image\/jpeg"}],"twitter_card":"summary_large_image","schema":{"@context":"https:\/\/schema.org","@graph":[{"@type":"WebPage","@id":"https:\/\/www.guerini.it\/index.php\/prodotto\/elogio-del-centrocampista\/","url":"https:\/\/www.guerini.it\/index.php\/prodotto\/elogio-del-centrocampista\/","name":"Elogio del centrocampista - Guerini e Associati","isPartOf":{"@id":"https:\/\/www.guerini.it\/#website"},"primaryImageOfPage":{"@id":"https:\/\/www.guerini.it\/index.php\/prodotto\/elogio-del-centrocampista\/#primaryimage"},"image":{"@id":"https:\/\/www.guerini.it\/index.php\/prodotto\/elogio-del-centrocampista\/#primaryimage"},"thumbnailUrl":"https:\/\/www.guerini.it\/wp-content\/uploads\/2015\/02\/elogio_del_centrocampista_sito.jpg","datePublished":"2015-02-26T09:02:12+00:00","dateModified":"2024-06-12T12:41:27+00:00","breadcrumb":{"@id":"https:\/\/www.guerini.it\/index.php\/prodotto\/elogio-del-centrocampista\/#breadcrumb"},"inLanguage":"it-IT","potentialAction":[{"@type":"ReadAction","target":["https:\/\/www.guerini.it\/index.php\/prodotto\/elogio-del-centrocampista\/"]}]},{"@type":"ImageObject","inLanguage":"it-IT","@id":"https:\/\/www.guerini.it\/index.php\/prodotto\/elogio-del-centrocampista\/#primaryimage","url":"https:\/\/www.guerini.it\/wp-content\/uploads\/2015\/02\/elogio_del_centrocampista_sito.jpg","contentUrl":"https:\/\/www.guerini.it\/wp-content\/uploads\/2015\/02\/elogio_del_centrocampista_sito.jpg","width":251,"height":353,"caption":"Elogio del centrocampista-0"},{"@type":"BreadcrumbList","@id":"https:\/\/www.guerini.it\/index.php\/prodotto\/elogio-del-centrocampista\/#breadcrumb","itemListElement":[{"@type":"ListItem","position":1,"name":"Home","item":"https:\/\/www.guerini.it\/"},{"@type":"ListItem","position":2,"name":"Catalogo","item":"https:\/\/www.guerini.it\/index.php\/negozio\/"},{"@type":"ListItem","position":3,"name":"Elogio del centrocampista"}]},{"@type":"WebSite","@id":"https:\/\/www.guerini.it\/#website","url":"https:\/\/www.guerini.it\/","name":"Guerini e Associati","description":"30 anni di libri, idee e libert\u00e0","publisher":{"@id":"https:\/\/www.guerini.it\/#organization"},"potentialAction":[{"@type":"SearchAction","target":{"@type":"EntryPoint","urlTemplate":"https:\/\/www.guerini.it\/?s={search_term_string}"},"query-input":{"@type":"PropertyValueSpecification","valueRequired":true,"valueName":"search_term_string"}}],"inLanguage":"it-IT"},{"@type":"Organization","@id":"https:\/\/www.guerini.it\/#organization","name":"Guerini e Associati","url":"https:\/\/www.guerini.it\/","logo":{"@type":"ImageObject","inLanguage":"it-IT","@id":"https:\/\/www.guerini.it\/#\/schema\/logo\/image\/","url":"https:\/\/www.guerini.it\/wp-content\/uploads\/2021\/03\/Logo-Guerini-OK_-e1615831292285.png","contentUrl":"https:\/\/www.guerini.it\/wp-content\/uploads\/2021\/03\/Logo-Guerini-OK_-e1615831292285.png","width":2805,"height":1870,"caption":"Guerini e Associati"},"image":{"@id":"https:\/\/www.guerini.it\/#\/schema\/logo\/image\/"}}]}},"_links":{"self":[{"href":"https:\/\/www.guerini.it\/index.php\/wp-json\/wp\/v2\/product\/15507","targetHints":{"allow":["GET"]}}],"collection":[{"href":"https:\/\/www.guerini.it\/index.php\/wp-json\/wp\/v2\/product"}],"about":[{"href":"https:\/\/www.guerini.it\/index.php\/wp-json\/wp\/v2\/types\/product"}],"wp:featuredmedia":[{"embeddable":true,"href":"https:\/\/www.guerini.it\/index.php\/wp-json\/wp\/v2\/media\/15506"}],"wp:attachment":[{"href":"https:\/\/www.guerini.it\/index.php\/wp-json\/wp\/v2\/media?parent=15507"}],"wp:term":[{"taxonomy":"product_brand","embeddable":true,"href":"https:\/\/www.guerini.it\/index.php\/wp-json\/wp\/v2\/product_brand?post=15507"},{"taxonomy":"product_cat","embeddable":true,"href":"https:\/\/www.guerini.it\/index.php\/wp-json\/wp\/v2\/product_cat?post=15507"},{"taxonomy":"product_tag","embeddable":true,"href":"https:\/\/www.guerini.it\/index.php\/wp-json\/wp\/v2\/product_tag?post=15507"}],"curies":[{"name":"wp","href":"https:\/\/api.w.org\/{rel}","templated":true}]}}