{"id":15509,"date":"2015-03-10T10:37:25","date_gmt":"2015-03-10T09:37:25","guid":{"rendered":"https:\/\/test.guerini.it\/?product=bisogna-salvare-gli-armeni"},"modified":"2024-06-12T14:41:45","modified_gmt":"2024-06-12T12:41:45","slug":"bisogna-salvare-gli-armeni","status":"publish","type":"product","link":"https:\/\/www.guerini.it\/index.php\/prodotto\/bisogna-salvare-gli-armeni\/","title":{"rendered":"Bisogna salvare gli armeni"},"content":{"rendered":"<p style=\"text-align: justify;\">\u00abDavanti a tutto quel sangue versato, davanti a quegli orrori, davanti a quella ferocia, davanti a quella violazione della parola data da parte della Francia e dei diritti umani, neppure un grido \u00e8 uscito dalle vostre bocche, neppure una parola \u00e8 uscita dalle vostre coscienze, e voi avete assistito, muti e quindi complici, al completo sterminio\u00bb: con questo atto d\u2019accusa il deputato socialista Jaur\u00e8s si rivolge al parlamento francese nel 1897. \u00c8 il suo terzo intervento in difesa degli armeni perseguitati dall\u2019impero ottomano e abbandonati dalle grandi potenze. Egli, come sottolinea Fontana nella sua introduzione, \u00abcon la solennit\u00e0 del suo discorso e con la volont\u00e0 di spezzare le complicit\u00e0 francesi, dimostra che la politica non ha frontiere e che la morale democratica impone la lotta contro la tirannide ovunque essa sia\u00bb.<br \/>\nE si \u00e8 solo ai prodromi del genocidio, il <em>Metz Yegh\u00e9rn<\/em> deve ancora arrivare.<\/p>\n<p style=\"text-align: justify;\">Il volume \u00e8 il secondo numero della collana <a href=\"https:\/\/www.guerini.it\/index.php\/categoria-prodotto\/default-category\/attualita\/fdm\/\"><em>Frammenti di un discorso mediorientale<\/em><\/a><\/p>\n<hr \/>\n<p><strong>JEAN JAUR\u00c8S<\/strong> (Castres 1859 \u2013 Parigi 1914), deputato socialista, fondatore de l\u2019<em>Humanit\u00e9<\/em> e pacifista militante, si attir\u00f2 l\u2019ostilit\u00e0 degli ambienti nazionalisti. Venne assassinato il 31 luglio del 1914, alla vigilia della prima guerra mondiale. Dieci anni dopo, i suoi resti furono traslati al Panth\u00e9on di Parigi.<\/p>\n<p><strong>PAOLO FONTANA<\/strong> (Padova 1951) ha tradotto opere di Diderot, Voltaire, Nerval, Balzac, Hugo, Dreyfus, Zola. Vice Presidente dell\u2019Alliance Fran\u00e7aise di Padova; \u00e8 responsabile del gruppo Italia 186 di Amnesty International.<\/p>\n<p style=\"text-align: justify;\"><strong>Permalink:\u00a0<a href=\"http:\/\/digital.casalini.it\/9788881951802\">http:\/\/digital.casalini.it\/9788881951802<\/a><\/strong><\/p>\n","protected":false},"excerpt":{"rendered":"<p>Con questo atto d\u2019accusa il deputato socialista Jaur\u00e8s si rivolge al parlamento francese nel 1897. \u00c8 il suo terzo intervento in difesa degli armeni perseguitati dall\u2019impero ottomano e abbandonati dalle grandi potenze. Egli, come sottolinea Fontana nella sua introduzione, \u00abcon la solennit\u00e0 del suo discorso e con la volont\u00e0 di spezzare le complicit\u00e0 francesi, dimostra che la politica non ha frontiere e che la morale democratica impone la lotta contro la tirannide ovunque essa sia\u00bb.<br \/>\nJaur\u00e8s propone una lettura politica del dramma: condanna la miopia del governo francese e il colpevole silenzio dell\u2019opinione pubblica sui massacri armeni dichiarando che quei massacri riguardano l\u2019umanit\u00e0 intera e che la Francia, per ragioni che risiedono nella sua storia, non pu\u00f2 ignorarli.<\/p>\n","protected":false},"featured_media":23441,"template":"","meta":{"_editorskit_title_hidden":false,"_editorskit_reading_time":0,"_editorskit_is_block_options_detached":false,"_editorskit_block_options_position":"{}","_monsterinsights_skip_tracking":false,"_monsterinsights_sitenote_active":false,"_monsterinsights_sitenote_note":"","_monsterinsights_sitenote_category":0},"product_brand":[],"product_cat":[6606,6621,6539],"product_tag":[8502,9703,7050],"class_list":{"0":"post-15509","1":"product","2":"type-product","3":"status-publish","4":"has-post-thumbnail","6":"product_cat-fdm","7":"product_cat-storiaarmena","8":"product_cat-storia-e-geografia","9":"product_tag-armenia","10":"product_tag-genocidio","11":"product_tag-storia","12":"pa_guerini_amazon_link-https-www-amazon-it-bisogna-salvare-discorsi-deputati-francese-dp-8862505671","13":"pa_guerini_feltrinelli_link-https-www-lafeltrinelli-it-bisogna-salvare-armeni-discorsi-alla-libro-jean-jaures-e-9788862505673","14":"pa_guerini_ibs_link-https-www-ibs-it-bisogna-salvare-armeni-discorsi-alla-libro-jean-jaures-e-9788862505673","15":"pa_guerini_libruniver_link-https-www-libreriauniversitaria-it-bisogna-salvare-armeni-discorsi-camera-libro-9788862505673","16":"pa_guerini_mondadori_link-https-www-mondadoristore-it-bisogna-salvare-armeni-jean-jaures-eai978886250567","18":"first","19":"instock","20":"sale","21":"shipping-taxable","22":"purchasable","23":"product-type-simple"},"yoast_head":"<!-- This site is optimized with the Yoast SEO plugin v25.4 - https:\/\/yoast.com\/wordpress\/plugins\/seo\/ -->\n<title>Bisogna salvare gli armeni - Guerini e Associati<\/title>\n<meta name=\"robots\" content=\"index, follow, max-snippet:-1, max-image-preview:large, max-video-preview:-1\" \/>\n<link rel=\"canonical\" href=\"https:\/\/www.guerini.it\/index.php\/prodotto\/bisogna-salvare-gli-armeni\/\" \/>\n<meta property=\"og:locale\" content=\"it_IT\" \/>\n<meta property=\"og:type\" content=\"article\" \/>\n<meta property=\"og:title\" content=\"Bisogna salvare gli armeni - Guerini e Associati\" \/>\n<meta property=\"og:description\" content=\"Con questo atto d\u2019accusa il deputato socialista Jaur\u00e8s si rivolge al parlamento francese nel 1897. \u00c8 il suo terzo intervento in difesa degli armeni perseguitati dall\u2019impero ottomano e abbandonati dalle grandi potenze. Egli, come sottolinea Fontana nella sua introduzione, \u00abcon la solennit\u00e0 del suo discorso e con la volont\u00e0 di spezzare le complicit\u00e0 francesi, dimostra che la politica non ha frontiere e che la morale democratica impone la lotta contro la tirannide ovunque essa sia\u00bb. Jaur\u00e8s propone una lettura politica del dramma: condanna la miopia del governo francese e il colpevole silenzio dell\u2019opinione pubblica sui massacri armeni dichiarando che quei massacri riguardano l\u2019umanit\u00e0 intera e che la Francia, per ragioni che risiedono nella sua storia, non pu\u00f2 ignorarli.\" \/>\n<meta property=\"og:url\" content=\"https:\/\/www.guerini.it\/index.php\/prodotto\/bisogna-salvare-gli-armeni\/\" \/>\n<meta property=\"og:site_name\" content=\"Guerini e Associati\" \/>\n<meta property=\"article:modified_time\" content=\"2024-06-12T12:41:45+00:00\" \/>\n<meta property=\"og:image\" content=\"https:\/\/www.guerini.it\/wp-content\/uploads\/2015\/03\/Bisogna-salvare-gli-armeni.webp\" \/>\n\t<meta property=\"og:image:width\" content=\"931\" \/>\n\t<meta property=\"og:image:height\" content=\"1308\" \/>\n\t<meta property=\"og:image:type\" content=\"image\/webp\" \/>\n<meta name=\"twitter:card\" content=\"summary_large_image\" \/>\n<meta name=\"twitter:label1\" content=\"Tempo di lettura stimato\" \/>\n\t<meta name=\"twitter:data1\" content=\"2 minuti\" \/>\n<!-- \/ Yoast SEO plugin. -->","yoast_head_json":{"title":"Bisogna salvare gli armeni - Guerini e Associati","robots":{"index":"index","follow":"follow","max-snippet":"max-snippet:-1","max-image-preview":"max-image-preview:large","max-video-preview":"max-video-preview:-1"},"canonical":"https:\/\/www.guerini.it\/index.php\/prodotto\/bisogna-salvare-gli-armeni\/","og_locale":"it_IT","og_type":"article","og_title":"Bisogna salvare gli armeni - Guerini e Associati","og_description":"Con questo atto d\u2019accusa il deputato socialista Jaur\u00e8s si rivolge al parlamento francese nel 1897. \u00c8 il suo terzo intervento in difesa degli armeni perseguitati dall\u2019impero ottomano e abbandonati dalle grandi potenze. Egli, come sottolinea Fontana nella sua introduzione, \u00abcon la solennit\u00e0 del suo discorso e con la volont\u00e0 di spezzare le complicit\u00e0 francesi, dimostra che la politica non ha frontiere e che la morale democratica impone la lotta contro la tirannide ovunque essa sia\u00bb. Jaur\u00e8s propone una lettura politica del dramma: condanna la miopia del governo francese e il colpevole silenzio dell\u2019opinione pubblica sui massacri armeni dichiarando che quei massacri riguardano l\u2019umanit\u00e0 intera e che la Francia, per ragioni che risiedono nella sua storia, non pu\u00f2 ignorarli.","og_url":"https:\/\/www.guerini.it\/index.php\/prodotto\/bisogna-salvare-gli-armeni\/","og_site_name":"Guerini e Associati","article_modified_time":"2024-06-12T12:41:45+00:00","og_image":[{"width":931,"height":1308,"url":"https:\/\/www.guerini.it\/wp-content\/uploads\/2015\/03\/Bisogna-salvare-gli-armeni.webp","type":"image\/webp"}],"twitter_card":"summary_large_image","twitter_misc":{"Tempo di lettura stimato":"2 minuti"},"schema":{"@context":"https:\/\/schema.org","@graph":[{"@type":"WebPage","@id":"https:\/\/www.guerini.it\/index.php\/prodotto\/bisogna-salvare-gli-armeni\/","url":"https:\/\/www.guerini.it\/index.php\/prodotto\/bisogna-salvare-gli-armeni\/","name":"Bisogna salvare gli armeni - Guerini e Associati","isPartOf":{"@id":"https:\/\/www.guerini.it\/#website"},"primaryImageOfPage":{"@id":"https:\/\/www.guerini.it\/index.php\/prodotto\/bisogna-salvare-gli-armeni\/#primaryimage"},"image":{"@id":"https:\/\/www.guerini.it\/index.php\/prodotto\/bisogna-salvare-gli-armeni\/#primaryimage"},"thumbnailUrl":"https:\/\/www.guerini.it\/wp-content\/uploads\/2015\/03\/Bisogna-salvare-gli-armeni.webp","datePublished":"2015-03-10T09:37:25+00:00","dateModified":"2024-06-12T12:41:45+00:00","breadcrumb":{"@id":"https:\/\/www.guerini.it\/index.php\/prodotto\/bisogna-salvare-gli-armeni\/#breadcrumb"},"inLanguage":"it-IT","potentialAction":[{"@type":"ReadAction","target":["https:\/\/www.guerini.it\/index.php\/prodotto\/bisogna-salvare-gli-armeni\/"]}]},{"@type":"ImageObject","inLanguage":"it-IT","@id":"https:\/\/www.guerini.it\/index.php\/prodotto\/bisogna-salvare-gli-armeni\/#primaryimage","url":"https:\/\/www.guerini.it\/wp-content\/uploads\/2015\/03\/Bisogna-salvare-gli-armeni.webp","contentUrl":"https:\/\/www.guerini.it\/wp-content\/uploads\/2015\/03\/Bisogna-salvare-gli-armeni.webp","width":931,"height":1308,"caption":"Copertina del volume Bisogna salvare gli armeni, Guerini e Associati, 2015"},{"@type":"BreadcrumbList","@id":"https:\/\/www.guerini.it\/index.php\/prodotto\/bisogna-salvare-gli-armeni\/#breadcrumb","itemListElement":[{"@type":"ListItem","position":1,"name":"Home","item":"https:\/\/www.guerini.it\/"},{"@type":"ListItem","position":2,"name":"Catalogo","item":"https:\/\/www.guerini.it\/index.php\/negozio\/"},{"@type":"ListItem","position":3,"name":"Bisogna salvare gli armeni"}]},{"@type":"WebSite","@id":"https:\/\/www.guerini.it\/#website","url":"https:\/\/www.guerini.it\/","name":"Guerini e Associati","description":"30 anni di libri, idee e libert\u00e0","publisher":{"@id":"https:\/\/www.guerini.it\/#organization"},"potentialAction":[{"@type":"SearchAction","target":{"@type":"EntryPoint","urlTemplate":"https:\/\/www.guerini.it\/?s={search_term_string}"},"query-input":{"@type":"PropertyValueSpecification","valueRequired":true,"valueName":"search_term_string"}}],"inLanguage":"it-IT"},{"@type":"Organization","@id":"https:\/\/www.guerini.it\/#organization","name":"Guerini e Associati","url":"https:\/\/www.guerini.it\/","logo":{"@type":"ImageObject","inLanguage":"it-IT","@id":"https:\/\/www.guerini.it\/#\/schema\/logo\/image\/","url":"https:\/\/www.guerini.it\/wp-content\/uploads\/2021\/03\/Logo-Guerini-OK_-e1615831292285.png","contentUrl":"https:\/\/www.guerini.it\/wp-content\/uploads\/2021\/03\/Logo-Guerini-OK_-e1615831292285.png","width":2805,"height":1870,"caption":"Guerini e Associati"},"image":{"@id":"https:\/\/www.guerini.it\/#\/schema\/logo\/image\/"}}]}},"_links":{"self":[{"href":"https:\/\/www.guerini.it\/index.php\/wp-json\/wp\/v2\/product\/15509","targetHints":{"allow":["GET"]}}],"collection":[{"href":"https:\/\/www.guerini.it\/index.php\/wp-json\/wp\/v2\/product"}],"about":[{"href":"https:\/\/www.guerini.it\/index.php\/wp-json\/wp\/v2\/types\/product"}],"wp:featuredmedia":[{"embeddable":true,"href":"https:\/\/www.guerini.it\/index.php\/wp-json\/wp\/v2\/media\/23441"}],"wp:attachment":[{"href":"https:\/\/www.guerini.it\/index.php\/wp-json\/wp\/v2\/media?parent=15509"}],"wp:term":[{"taxonomy":"product_brand","embeddable":true,"href":"https:\/\/www.guerini.it\/index.php\/wp-json\/wp\/v2\/product_brand?post=15509"},{"taxonomy":"product_cat","embeddable":true,"href":"https:\/\/www.guerini.it\/index.php\/wp-json\/wp\/v2\/product_cat?post=15509"},{"taxonomy":"product_tag","embeddable":true,"href":"https:\/\/www.guerini.it\/index.php\/wp-json\/wp\/v2\/product_tag?post=15509"}],"curies":[{"name":"wp","href":"https:\/\/api.w.org\/{rel}","templated":true}]}}

<p style="text-align: justify;">«Davanti a tutto quel sangue versato, davanti a quegli orrori, davanti a quella ferocia, davanti a quella violazione della parola data da parte della Francia e dei diritti umani, neppure un grido è uscito dalle vostre bocche, neppure una parola è uscita dalle vostre coscienze, e voi avete assistito, muti e quindi complici, al completo sterminio»: con questo atto d’accusa il deputato socialista Jaurès si rivolge al parlamento francese nel 1897. È il suo terzo intervento in difesa degli armeni perseguitati dall’impero ottomano e abbandonati dalle grandi potenze. Egli, come sottolinea Fontana nella sua introduzione, «con la solennità del suo discorso e con la volontà di spezzare le complicità francesi, dimostra che la politica non ha frontiere e che la morale democratica impone la lotta contro la tirannide ovunque essa sia».<br />
E si è solo ai prodromi del genocidio, il <em>Metz Yeghérn</em> deve ancora arrivare.</p>
<p style="text-align: justify;">Il volume è il secondo numero della collana <a href="https://www.guerini.it/index.php/categoria-prodotto/default-category/attualita/fdm/"><em>Frammenti di un discorso mediorientale</em></a></p>
<hr />
<p><strong>JEAN JAURÈS</strong> (Castres 1859 – Parigi 1914), deputato socialista, fondatore de l’<em>Humanité</em> e pacifista militante, si attirò l’ostilità degli ambienti nazionalisti. Venne assassinato il 31 luglio del 1914, alla vigilia della prima guerra mondiale. Dieci anni dopo, i suoi resti furono traslati al Panthéon di Parigi.</p>
<p><strong>PAOLO FONTANA</strong> (Padova 1951) ha tradotto opere di Diderot, Voltaire, Nerval, Balzac, Hugo, Dreyfus, Zola. Vice Presidente dell’Alliance Française di Padova; è responsabile del gruppo Italia 186 di Amnesty International.</p>
<p style="text-align: justify;"><strong>Permalink: <a href="http://digital.casalini.it/9788881951802">http://digital.casalini.it/9788881951802</a></strong></p>

<p>Con questo atto d’accusa il deputato socialista Jaurès si rivolge al parlamento francese nel 1897. È il suo terzo intervento in difesa degli armeni perseguitati dall’impero ottomano e abbandonati dalle grandi potenze. Egli, come sottolinea Fontana nella sua introduzione, «con la solennità del suo discorso e con la volontà di spezzare le complicità francesi, dimostra che la politica non ha frontiere e che la morale democratica impone la lotta contro la tirannide ovunque essa sia».<br />
Jaurès propone una lettura politica del dramma: condanna la miopia del governo francese e il colpevole silenzio dell’opinione pubblica sui massacri armeni dichiarando che quei massacri riguardano l’umanità intera e che la Francia, per ragioni che risiedono nella sua storia, non può ignorarli.</p>

<!-- This site is optimized with the Yoast SEO plugin v25.4 - https://yoast.com/wordpress/plugins/seo/ -->
<title>Bisogna salvare gli armeni - Guerini e Associati</title>
<meta name="robots" content="index, follow, max-snippet:-1, max-image-preview:large, max-video-preview:-1" />
<link rel="canonical" href="https://www.guerini.it/index.php/prodotto/bisogna-salvare-gli-armeni/" />
<meta property="og:locale" content="it_IT" />
<meta property="og:type" content="article" />
<meta property="og:title" content="Bisogna salvare gli armeni - Guerini e Associati" />
<meta property="og:description" content="Con questo atto d’accusa il deputato socialista Jaurès si rivolge al parlamento francese nel 1897. È il suo terzo intervento in difesa degli armeni perseguitati dall’impero ottomano e abbandonati dalle grandi potenze. Egli, come sottolinea Fontana nella sua introduzione, «con la solennità del suo discorso e con la volontà di spezzare le complicità francesi, dimostra che la politica non ha frontiere e che la morale democratica impone la lotta contro la tirannide ovunque essa sia». Jaurès propone una lettura politica del dramma: condanna la miopia del governo francese e il colpevole silenzio dell’opinione pubblica sui massacri armeni dichiarando che quei massacri riguardano l’umanità intera e che la Francia, per ragioni che risiedono nella sua storia, non può ignorarli." />
<meta property="og:url" content="https://www.guerini.it/index.php/prodotto/bisogna-salvare-gli-armeni/" />
<meta property="og:site_name" content="Guerini e Associati" />
<meta property="article:modified_time" content="2024-06-12T12:41:45+00:00" />
<meta property="og:image" content="https://www.guerini.it/wp-content/uploads/2015/03/Bisogna-salvare-gli-armeni.webp" />
	<meta property="og:image:width" content="931" />
	<meta property="og:image:height" content="1308" />
	<meta property="og:image:type" content="image/webp" />
<meta name="twitter:card" content="summary_large_image" />
<meta name="twitter:label1" content="Tempo di lettura stimato" />
	<meta name="twitter:data1" content="2 minuti" />
<!-- / Yoast SEO plugin. -->

Con questo atto d’accusa il deputato socialista Jaurès si rivolge al parlamento francese nel 1897. È il suo terzo intervento in difesa degli armeni perseguitati dall’impero ottomano e abbandonati dalle grandi potenze. Egli, come sottolinea Fontana nella sua introduzione, «con la solennità del suo discorso e con la volontà di spezzare le complicità francesi, dimostra che la politica non ha frontiere e che la morale democratica impone la lotta contro la tirannide ovunque essa sia». Jaurès propone una lettura politica del dramma: condanna la miopia del governo francese e il colpevole silenzio dell’opinione pubblica sui massacri armeni dichiarando che quei massacri riguardano l’umanità intera e che la Francia, per ragioni che risiedono nella sua storia, non può ignorarli.

30 anni di libri, idee e libertà
