{"id":15519,"date":"2015-03-31T06:59:29","date_gmt":"2015-03-31T04:59:29","guid":{"rendered":"https:\/\/test.guerini.it\/?product=responsabilita-e-comunita-umana"},"modified":"2024-06-12T14:41:44","modified_gmt":"2024-06-12T12:41:44","slug":"responsabilita-e-comunita-umana","status":"publish","type":"product","link":"https:\/\/www.guerini.it\/index.php\/prodotto\/responsabilita-e-comunita-umana\/","title":{"rendered":"Responsabilit\u00e0 e comunit\u00e0 umana"},"content":{"rendered":"<p>Per Giuseppe Semerari, pensatore teoreticamente vigoroso, acuto e raffinato interprete del proprio tempo, quel che caratterizza l&rsquo;esistenza umana &egrave; l&rsquo;insecuritas, la problematicit&agrave;, l&rsquo;inquietudine, il senso di disorientamento e di fragilit&agrave; che l&rsquo;accompagna. &laquo;Questo volume raccoglie le Ricerche, che ho condotte con prospettiva unitaria, anche se in occasioni diverse, intorno ai problemi della responsabilit&agrave; e della comunit&agrave; umana. Il nesso tra i due problemi &egrave; assai stretto. La responsabilit&agrave; &egrave; sempre e soltanto individuale, ma il suo orizzonte operativo &egrave; sempre e soltanto la relazione sociale. Reciprocamente, la relazione sociale &egrave; concreta e positiva solo come limite di possibilit&agrave; delle responsabilit&agrave; individuali. L&rsquo;appello alla responsabilit&agrave; conta tra le esigenze pi&ugrave; urgenti della et&agrave; contemporanea ed emerge fondamentalmente a tre distinti livelli: metafisico, scientifico e politico&raquo;.<\/p>\n<p>&nbsp;<\/p>\n<p>&nbsp;<\/p>\n<p><strong>Permalink:&nbsp;<\/strong><a href=\"http:\/\/digital.casalini.it\/9788881951703\">http:\/\/digital.casalini.it\/9788881951703<\/a><\/p>\n","protected":false},"excerpt":{"rendered":"<p>Per Giuseppe Semerari, pensatore teoreticamente vigoroso, acuto e raffinato interprete del proprio tempo, quel che caratterizza l\u2019esistenza umana \u00e8 l\u2019insecuritas, la problematicit\u00e0, l\u2019inquietudine, il senso di disorientamento e di fragilit\u00e0 che l\u2019accompagna.<br \/>\n\u00abQuesto volume raccoglie le Ricerche, che ho condotte con prospettiva unitaria, anche se in occasioni diverse, intorno ai problemi della responsabilit\u00e0 e della comunit\u00e0 umana. Il nesso tra i due problemi \u00e8 assai stretto. La responsabilit\u00e0 \u00e8 sempre e soltanto individuale, ma il suo orizzonte operativo \u00e8 sempre e soltanto la relazione sociale. Reciprocamente, la relazione sociale \u00e8 concreta e positiva solo come limite di possibilit\u00e0 delle responsabilit\u00e0 individuali. L\u2019appello alla responsabilit\u00e0 conta tra le esigenze pi\u00f9 urgenti della et\u00e0 contemporanea ed emerge fondamentalmente a tre distinti livelli: metafisico, scientifico e politico\u00bb. <\/p>\n","protected":false},"featured_media":15518,"template":"","meta":{"_editorskit_title_hidden":false,"_editorskit_reading_time":0,"_editorskit_is_block_options_detached":false,"_editorskit_block_options_position":"{}","_monsterinsights_skip_tracking":false,"_monsterinsights_sitenote_active":false,"_monsterinsights_sitenote_note":"","_monsterinsights_sitenote_category":0},"product_brand":[],"product_cat":[6594,6530],"product_tag":[],"class_list":{"0":"post-15519","1":"product","2":"type-product","3":"status-publish","4":"has-post-thumbnail","6":"product_cat-ogs","7":"product_cat-filosofia","9":"first","10":"instock","11":"sale","12":"shipping-taxable","13":"purchasable","14":"product-type-simple"},"yoast_head":"<!-- This site is optimized with the Yoast SEO plugin v25.4 - https:\/\/yoast.com\/wordpress\/plugins\/seo\/ -->\n<title>Responsabilit\u00e0 e comunit\u00e0 umana - Guerini e Associati<\/title>\n<meta name=\"robots\" content=\"index, follow, max-snippet:-1, max-image-preview:large, max-video-preview:-1\" \/>\n<link rel=\"canonical\" href=\"https:\/\/www.guerini.it\/index.php\/prodotto\/responsabilita-e-comunita-umana\/\" \/>\n<meta property=\"og:locale\" content=\"it_IT\" \/>\n<meta property=\"og:type\" content=\"article\" \/>\n<meta property=\"og:title\" content=\"Responsabilit\u00e0 e comunit\u00e0 umana - Guerini e Associati\" \/>\n<meta property=\"og:description\" content=\"Per Giuseppe Semerari, pensatore teoreticamente vigoroso, acuto e raffinato interprete del proprio tempo, quel che caratterizza l\u2019esistenza umana \u00e8 l\u2019insecuritas, la problematicit\u00e0, l\u2019inquietudine, il senso di disorientamento e di fragilit\u00e0 che l\u2019accompagna. \u00abQuesto volume raccoglie le Ricerche, che ho condotte con prospettiva unitaria, anche se in occasioni diverse, intorno ai problemi della responsabilit\u00e0 e della comunit\u00e0 umana. Il nesso tra i due problemi \u00e8 assai stretto. La responsabilit\u00e0 \u00e8 sempre e soltanto individuale, ma il suo orizzonte operativo \u00e8 sempre e soltanto la relazione sociale. Reciprocamente, la relazione sociale \u00e8 concreta e positiva solo come limite di possibilit\u00e0 delle responsabilit\u00e0 individuali. L\u2019appello alla responsabilit\u00e0 conta tra le esigenze pi\u00f9 urgenti della et\u00e0 contemporanea ed emerge fondamentalmente a tre distinti livelli: metafisico, scientifico e politico\u00bb.\" \/>\n<meta property=\"og:url\" content=\"https:\/\/www.guerini.it\/index.php\/prodotto\/responsabilita-e-comunita-umana\/\" \/>\n<meta property=\"og:site_name\" content=\"Guerini e Associati\" \/>\n<meta property=\"article:modified_time\" content=\"2024-06-12T12:41:44+00:00\" \/>\n<meta property=\"og:image\" content=\"https:\/\/www.guerini.it\/wp-content\/uploads\/2015\/03\/responsabilit_e_comunit_umana_sito.jpg\" \/>\n\t<meta property=\"og:image:width\" content=\"226\" \/>\n\t<meta property=\"og:image:height\" content=\"353\" \/>\n\t<meta property=\"og:image:type\" content=\"image\/jpeg\" \/>\n<meta name=\"twitter:card\" content=\"summary_large_image\" \/>\n<meta name=\"twitter:label1\" content=\"Tempo di lettura stimato\" \/>\n\t<meta name=\"twitter:data1\" content=\"1 minuto\" \/>\n<!-- \/ Yoast SEO plugin. -->","yoast_head_json":{"title":"Responsabilit\u00e0 e comunit\u00e0 umana - Guerini e Associati","robots":{"index":"index","follow":"follow","max-snippet":"max-snippet:-1","max-image-preview":"max-image-preview:large","max-video-preview":"max-video-preview:-1"},"canonical":"https:\/\/www.guerini.it\/index.php\/prodotto\/responsabilita-e-comunita-umana\/","og_locale":"it_IT","og_type":"article","og_title":"Responsabilit\u00e0 e comunit\u00e0 umana - Guerini e Associati","og_description":"Per Giuseppe Semerari, pensatore teoreticamente vigoroso, acuto e raffinato interprete del proprio tempo, quel che caratterizza l\u2019esistenza umana \u00e8 l\u2019insecuritas, la problematicit\u00e0, l\u2019inquietudine, il senso di disorientamento e di fragilit\u00e0 che l\u2019accompagna. \u00abQuesto volume raccoglie le Ricerche, che ho condotte con prospettiva unitaria, anche se in occasioni diverse, intorno ai problemi della responsabilit\u00e0 e della comunit\u00e0 umana. Il nesso tra i due problemi \u00e8 assai stretto. La responsabilit\u00e0 \u00e8 sempre e soltanto individuale, ma il suo orizzonte operativo \u00e8 sempre e soltanto la relazione sociale. Reciprocamente, la relazione sociale \u00e8 concreta e positiva solo come limite di possibilit\u00e0 delle responsabilit\u00e0 individuali. L\u2019appello alla responsabilit\u00e0 conta tra le esigenze pi\u00f9 urgenti della et\u00e0 contemporanea ed emerge fondamentalmente a tre distinti livelli: metafisico, scientifico e politico\u00bb.","og_url":"https:\/\/www.guerini.it\/index.php\/prodotto\/responsabilita-e-comunita-umana\/","og_site_name":"Guerini e Associati","article_modified_time":"2024-06-12T12:41:44+00:00","og_image":[{"width":226,"height":353,"url":"https:\/\/www.guerini.it\/wp-content\/uploads\/2015\/03\/responsabilit_e_comunit_umana_sito.jpg","type":"image\/jpeg"}],"twitter_card":"summary_large_image","twitter_misc":{"Tempo di lettura stimato":"1 minuto"},"schema":{"@context":"https:\/\/schema.org","@graph":[{"@type":"WebPage","@id":"https:\/\/www.guerini.it\/index.php\/prodotto\/responsabilita-e-comunita-umana\/","url":"https:\/\/www.guerini.it\/index.php\/prodotto\/responsabilita-e-comunita-umana\/","name":"Responsabilit\u00e0 e comunit\u00e0 umana - Guerini e Associati","isPartOf":{"@id":"https:\/\/www.guerini.it\/#website"},"primaryImageOfPage":{"@id":"https:\/\/www.guerini.it\/index.php\/prodotto\/responsabilita-e-comunita-umana\/#primaryimage"},"image":{"@id":"https:\/\/www.guerini.it\/index.php\/prodotto\/responsabilita-e-comunita-umana\/#primaryimage"},"thumbnailUrl":"https:\/\/www.guerini.it\/wp-content\/uploads\/2015\/03\/responsabilit_e_comunit_umana_sito.jpg","datePublished":"2015-03-31T04:59:29+00:00","dateModified":"2024-06-12T12:41:44+00:00","breadcrumb":{"@id":"https:\/\/www.guerini.it\/index.php\/prodotto\/responsabilita-e-comunita-umana\/#breadcrumb"},"inLanguage":"it-IT","potentialAction":[{"@type":"ReadAction","target":["https:\/\/www.guerini.it\/index.php\/prodotto\/responsabilita-e-comunita-umana\/"]}]},{"@type":"ImageObject","inLanguage":"it-IT","@id":"https:\/\/www.guerini.it\/index.php\/prodotto\/responsabilita-e-comunita-umana\/#primaryimage","url":"https:\/\/www.guerini.it\/wp-content\/uploads\/2015\/03\/responsabilit_e_comunit_umana_sito.jpg","contentUrl":"https:\/\/www.guerini.it\/wp-content\/uploads\/2015\/03\/responsabilit_e_comunit_umana_sito.jpg","width":226,"height":353,"caption":"Responsabilit\u00e0 e comunit\u00e0 umana-0"},{"@type":"BreadcrumbList","@id":"https:\/\/www.guerini.it\/index.php\/prodotto\/responsabilita-e-comunita-umana\/#breadcrumb","itemListElement":[{"@type":"ListItem","position":1,"name":"Home","item":"https:\/\/www.guerini.it\/"},{"@type":"ListItem","position":2,"name":"Catalogo","item":"https:\/\/www.guerini.it\/index.php\/negozio\/"},{"@type":"ListItem","position":3,"name":"Responsabilit\u00e0 e comunit\u00e0 umana"}]},{"@type":"WebSite","@id":"https:\/\/www.guerini.it\/#website","url":"https:\/\/www.guerini.it\/","name":"Guerini e Associati","description":"30 anni di libri, idee e libert\u00e0","publisher":{"@id":"https:\/\/www.guerini.it\/#organization"},"potentialAction":[{"@type":"SearchAction","target":{"@type":"EntryPoint","urlTemplate":"https:\/\/www.guerini.it\/?s={search_term_string}"},"query-input":{"@type":"PropertyValueSpecification","valueRequired":true,"valueName":"search_term_string"}}],"inLanguage":"it-IT"},{"@type":"Organization","@id":"https:\/\/www.guerini.it\/#organization","name":"Guerini e Associati","url":"https:\/\/www.guerini.it\/","logo":{"@type":"ImageObject","inLanguage":"it-IT","@id":"https:\/\/www.guerini.it\/#\/schema\/logo\/image\/","url":"https:\/\/www.guerini.it\/wp-content\/uploads\/2021\/03\/Logo-Guerini-OK_-e1615831292285.png","contentUrl":"https:\/\/www.guerini.it\/wp-content\/uploads\/2021\/03\/Logo-Guerini-OK_-e1615831292285.png","width":2805,"height":1870,"caption":"Guerini e Associati"},"image":{"@id":"https:\/\/www.guerini.it\/#\/schema\/logo\/image\/"}}]}},"_links":{"self":[{"href":"https:\/\/www.guerini.it\/index.php\/wp-json\/wp\/v2\/product\/15519","targetHints":{"allow":["GET"]}}],"collection":[{"href":"https:\/\/www.guerini.it\/index.php\/wp-json\/wp\/v2\/product"}],"about":[{"href":"https:\/\/www.guerini.it\/index.php\/wp-json\/wp\/v2\/types\/product"}],"wp:featuredmedia":[{"embeddable":true,"href":"https:\/\/www.guerini.it\/index.php\/wp-json\/wp\/v2\/media\/15518"}],"wp:attachment":[{"href":"https:\/\/www.guerini.it\/index.php\/wp-json\/wp\/v2\/media?parent=15519"}],"wp:term":[{"taxonomy":"product_brand","embeddable":true,"href":"https:\/\/www.guerini.it\/index.php\/wp-json\/wp\/v2\/product_brand?post=15519"},{"taxonomy":"product_cat","embeddable":true,"href":"https:\/\/www.guerini.it\/index.php\/wp-json\/wp\/v2\/product_cat?post=15519"},{"taxonomy":"product_tag","embeddable":true,"href":"https:\/\/www.guerini.it\/index.php\/wp-json\/wp\/v2\/product_tag?post=15519"}],"curies":[{"name":"wp","href":"https:\/\/api.w.org\/{rel}","templated":true}]}}

Responsabilità e comunità umana

<p>Per Giuseppe Semerari, pensatore teoreticamente vigoroso, acuto e raffinato interprete del proprio tempo, quel che caratterizza l’esistenza umana è l’insecuritas, la problematicità, l’inquietudine, il senso di disorientamento e di fragilità che l’accompagna.<br />
«Questo volume raccoglie le Ricerche, che ho condotte con prospettiva unitaria, anche se in occasioni diverse, intorno ai problemi della responsabilità e della comunità umana. Il nesso tra i due problemi è assai stretto. La responsabilità è sempre e soltanto individuale, ma il suo orizzonte operativo è sempre e soltanto la relazione sociale. Reciprocamente, la relazione sociale è concreta e positiva solo come limite di possibilità delle responsabilità individuali. L’appello alla responsabilità conta tra le esigenze più urgenti della età contemporanea ed emerge fondamentalmente a tre distinti livelli: metafisico, scientifico e politico». </p>

<!-- This site is optimized with the Yoast SEO plugin v25.4 - https://yoast.com/wordpress/plugins/seo/ -->
<title>Responsabilità e comunità umana - Guerini e Associati</title>
<meta name="robots" content="index, follow, max-snippet:-1, max-image-preview:large, max-video-preview:-1" />
<link rel="canonical" href="https://www.guerini.it/index.php/prodotto/responsabilita-e-comunita-umana/" />
<meta property="og:locale" content="it_IT" />
<meta property="og:type" content="article" />
<meta property="og:title" content="Responsabilità e comunità umana - Guerini e Associati" />
<meta property="og:description" content="Per Giuseppe Semerari, pensatore teoreticamente vigoroso, acuto e raffinato interprete del proprio tempo, quel che caratterizza l’esistenza umana è l’insecuritas, la problematicità, l’inquietudine, il senso di disorientamento e di fragilità che l’accompagna. «Questo volume raccoglie le Ricerche, che ho condotte con prospettiva unitaria, anche se in occasioni diverse, intorno ai problemi della responsabilità e della comunità umana. Il nesso tra i due problemi è assai stretto. La responsabilità è sempre e soltanto individuale, ma il suo orizzonte operativo è sempre e soltanto la relazione sociale. Reciprocamente, la relazione sociale è concreta e positiva solo come limite di possibilità delle responsabilità individuali. L’appello alla responsabilità conta tra le esigenze più urgenti della età contemporanea ed emerge fondamentalmente a tre distinti livelli: metafisico, scientifico e politico»." />
<meta property="og:url" content="https://www.guerini.it/index.php/prodotto/responsabilita-e-comunita-umana/" />
<meta property="og:site_name" content="Guerini e Associati" />
<meta property="article:modified_time" content="2024-06-12T12:41:44+00:00" />
<meta property="og:image" content="https://www.guerini.it/wp-content/uploads/2015/03/responsabilit_e_comunit_umana_sito.jpg" />
	<meta property="og:image:width" content="226" />
	<meta property="og:image:height" content="353" />
	<meta property="og:image:type" content="image/jpeg" />
<meta name="twitter:card" content="summary_large_image" />
<meta name="twitter:label1" content="Tempo di lettura stimato" />
	<meta name="twitter:data1" content="1 minuto" />
<!-- / Yoast SEO plugin. -->

Responsabilità e comunità umana - Guerini e Associati

Per Giuseppe Semerari, pensatore teoreticamente vigoroso, acuto e raffinato interprete del proprio tempo, quel che caratterizza l’esistenza umana è l’insecuritas, la problematicità, l’inquietudine, il senso di disorientamento e di fragilità che l’accompagna. «Questo volume raccoglie le Ricerche, che ho condotte con prospettiva unitaria, anche se in occasioni diverse, intorno ai problemi della responsabilità e della comunità umana. Il nesso tra i due problemi è assai stretto. La responsabilità è sempre e soltanto individuale, ma il suo orizzonte operativo è sempre e soltanto la relazione sociale. Reciprocamente, la relazione sociale è concreta e positiva solo come limite di possibilità delle responsabilità individuali. L’appello alla responsabilità conta tra le esigenze più urgenti della età contemporanea ed emerge fondamentalmente a tre distinti livelli: metafisico, scientifico e politico».

Responsabilità e comunità umana-0

30 anni di libri, idee e libertà
