{"id":15569,"date":"2015-06-17T07:22:11","date_gmt":"2015-06-17T05:22:11","guid":{"rendered":"https:\/\/test.guerini.it\/?product=andreotti-e-l-italia-di-confine"},"modified":"2024-06-12T14:41:14","modified_gmt":"2024-06-12T12:41:14","slug":"andreotti-e-l-italia-di-confine","status":"publish","type":"product","link":"https:\/\/www.guerini.it\/index.php\/prodotto\/andreotti-e-l-italia-di-confine\/","title":{"rendered":"Andreotti e l&#8217;Italia di confine"},"content":{"rendered":"<p style=\"text-align: justify;\">Ad appena ventotto anni, Giulio Andreotti si trov&ograve; a gestire una serie di problemi delicati, con evidenti ricadute sia sul piano interno che internazionale. Nel 1947 era stato infatti nominato sottosegretario di Stato alla Presidenza del Consiglio e, fra le varie competenze affidategli da Alcide De Gasperi, vi era la responsabilit&agrave; politica dell&#8217;Ufficio per le zone di confine, un organo istituzionale sorto per coordinare l&#8217;attivit&agrave; del governo nelle complesse situazioni di frontiera. L&#8217;Ufficio era alimentato da ingenti fondi riservati, che Andreotti decideva di volta in volta come utilizzare. <br \/>Le carte inedite dell&#8217;Archivio Andreotti, e di altri archivi consultati per questa indagine, rivelano un giovane all&#8217;inizio della carriera, gi&agrave; dotato delle qualit&agrave; che contribuiranno a renderlo uno fra i politici pi&ugrave; rappresentativi della storia italiana del dopoguerra. Nell&#8217;affrontare le principali sfide poste dal suo compito &#8211; la propaganda in difesa dell&#8217;italianit&agrave;, la tutela delle minoranze linguistiche, l&#8217;attuazione dell&#8217;autonomia speciale, i rapporti spesso difficili con la classe dirigente locale &#8211; Andreotti si dimostra gi&agrave; uomo di Stato e di governo pi&ugrave; che di partito, di grande pragmatismo e con rapporti privilegiati con il mondo ecclesiastico. Pure l&#8217;analisi degli errori compiuti, per la scarsa esperienza e forsanche per l&#8217;eccessiva ambizione, contribuisce alla ricostruzione di un tratto importante della sua complessa e per certi versi controversa biografia, cos&igrave; rilevante per il passato e il presente del nostro paese.<\/p>\n<p style=\"text-align: justify;\">&nbsp;<\/p>\n<p style=\"text-align: justify;\"><strong>Permalink:&nbsp;<\/strong><a href=\"http:\/\/digital.casalini.it\/9788881951888\">http:\/\/digital.casalini.it\/9788881951888<\/a><\/p>\n","protected":false},"excerpt":{"rendered":"<p>Ad appena ventotto anni, Giulio Andreotti si trov\u00f2 a gestire una serie di problemi delicati, con evidenti ricadute sia sul piano interno che internazionale. Nel 1947 era stato infatti nominato sottosegretario di Stato alla Presidenza del Consiglio e, fra le varie competenze affidategli da Alcide De Gasperi, vi era la responsabilit\u00e0 politica dell&#8217;Ufficio per le zone di confine, un organo istituzionale sorto per coordinare l&#8217;attivit\u00e0 del governo nelle complesse situazioni di frontiera. L&#8217;Ufficio era alimentato da ingenti fondi riservati, che Andreotti decideva di volta in volta come utilizzare.<br \/>\nLe carte inedite dell&#8217;Archivio Andreotti, e di altri archivi consultati per questa indagine, rivelano un giovane all&#8217;inizio della carriera, gi\u00e0 dotato delle qualit\u00e0 che contribuiranno a renderlo uno fra i politici pi\u00f9 rappresentativi della storia italiana del dopoguerra. Nell&#8217;affrontare le principali sfide poste dal suo compito &#8211; la propaganda in difesa dell&#8217;italianit\u00e0, la tutela delle minoranze linguistiche, l&#8217;attuazione dell&#8217;autonomia speciale, i rapporti spesso difficili con la classe dirigente locale &#8211; Andreotti si dimostra gi\u00e0 uomo di Stato e di governo pi\u00f9 che di partito, di grande pragmatismo e con rapporti privilegiati con il mondo ecclesiastico. Pure l&#8217;analisi degli errori compiuti, per la scarsa esperienza e forsanche per l&#8217;eccessiva ambizione, contribuisce alla ricostruzione di un tratto importante della sua complessa e per certi versi controversa biografia, cos\u00ec rilevante per il passato e il presente del nostro paese.<\/p>\n","protected":false},"featured_media":15568,"template":"","meta":{"_editorskit_title_hidden":false,"_editorskit_reading_time":0,"_editorskit_is_block_options_detached":false,"_editorskit_block_options_position":"{}","_monsterinsights_skip_tracking":false,"_monsterinsights_sitenote_active":false,"_monsterinsights_sitenote_note":"","_monsterinsights_sitenote_category":0},"product_brand":[],"product_cat":[6543,6539],"product_tag":[],"class_list":{"0":"post-15569","1":"product","2":"type-product","3":"status-publish","4":"has-post-thumbnail","6":"product_cat-co","7":"product_cat-storia-e-geografia","8":"pa_guerini_strillo-62-lostatoeilgovernoprimadelp","10":"first","11":"instock","12":"sale","13":"shipping-taxable","14":"purchasable","15":"product-type-simple"},"yoast_head":"<!-- This site is optimized with the Yoast SEO plugin v25.4 - https:\/\/yoast.com\/wordpress\/plugins\/seo\/ -->\n<title>Andreotti e l&#039;Italia di confine - Guerini e Associati<\/title>\n<meta name=\"robots\" content=\"index, follow, max-snippet:-1, max-image-preview:large, max-video-preview:-1\" \/>\n<link rel=\"canonical\" href=\"https:\/\/www.guerini.it\/index.php\/prodotto\/andreotti-e-l-italia-di-confine\/\" \/>\n<meta property=\"og:locale\" content=\"it_IT\" \/>\n<meta property=\"og:type\" content=\"article\" \/>\n<meta property=\"og:title\" content=\"Andreotti e l&#039;Italia di confine - Guerini e Associati\" \/>\n<meta property=\"og:description\" content=\"Ad appena ventotto anni, Giulio Andreotti si trov\u00f2 a gestire una serie di problemi delicati, con evidenti ricadute sia sul piano interno che internazionale. Nel 1947 era stato infatti nominato sottosegretario di Stato alla Presidenza del Consiglio e, fra le varie competenze affidategli da Alcide De Gasperi, vi era la responsabilit\u00e0 politica dell&#039;Ufficio per le zone di confine, un organo istituzionale sorto per coordinare l&#039;attivit\u00e0 del governo nelle complesse situazioni di frontiera. L&#039;Ufficio era alimentato da ingenti fondi riservati, che Andreotti decideva di volta in volta come utilizzare.  Le carte inedite dell&#039;Archivio Andreotti, e di altri archivi consultati per questa indagine, rivelano un giovane all&#039;inizio della carriera, gi\u00e0 dotato delle qualit\u00e0 che contribuiranno a renderlo uno fra i politici pi\u00f9 rappresentativi della storia italiana del dopoguerra. Nell&#039;affrontare le principali sfide poste dal suo compito - la propaganda in difesa dell&#039;italianit\u00e0, la tutela delle minoranze linguistiche, l&#039;attuazione dell&#039;autonomia speciale, i rapporti spesso difficili con la classe dirigente locale - Andreotti si dimostra gi\u00e0 uomo di Stato e di governo pi\u00f9 che di partito, di grande pragmatismo e con rapporti privilegiati con il mondo ecclesiastico. Pure l&#039;analisi degli errori compiuti, per la scarsa esperienza e forsanche per l&#039;eccessiva ambizione, contribuisce alla ricostruzione di un tratto importante della sua complessa e per certi versi controversa biografia, cos\u00ec rilevante per il passato e il presente del nostro paese.\" \/>\n<meta property=\"og:url\" content=\"https:\/\/www.guerini.it\/index.php\/prodotto\/andreotti-e-l-italia-di-confine\/\" \/>\n<meta property=\"og:site_name\" content=\"Guerini e Associati\" \/>\n<meta property=\"article:modified_time\" content=\"2024-06-12T12:41:14+00:00\" \/>\n<meta property=\"og:image\" content=\"https:\/\/www.guerini.it\/wp-content\/uploads\/2015\/06\/andreotti_sito.jpg\" \/>\n\t<meta property=\"og:image:width\" content=\"229\" \/>\n\t<meta property=\"og:image:height\" content=\"353\" \/>\n\t<meta property=\"og:image:type\" content=\"image\/jpeg\" \/>\n<meta name=\"twitter:card\" content=\"summary_large_image\" \/>\n<meta name=\"twitter:label1\" content=\"Tempo di lettura stimato\" \/>\n\t<meta name=\"twitter:data1\" content=\"1 minuto\" \/>\n<!-- \/ Yoast SEO plugin. -->","yoast_head_json":{"title":"Andreotti e l'Italia di confine - Guerini e Associati","robots":{"index":"index","follow":"follow","max-snippet":"max-snippet:-1","max-image-preview":"max-image-preview:large","max-video-preview":"max-video-preview:-1"},"canonical":"https:\/\/www.guerini.it\/index.php\/prodotto\/andreotti-e-l-italia-di-confine\/","og_locale":"it_IT","og_type":"article","og_title":"Andreotti e l'Italia di confine - Guerini e Associati","og_description":"Ad appena ventotto anni, Giulio Andreotti si trov\u00f2 a gestire una serie di problemi delicati, con evidenti ricadute sia sul piano interno che internazionale. Nel 1947 era stato infatti nominato sottosegretario di Stato alla Presidenza del Consiglio e, fra le varie competenze affidategli da Alcide De Gasperi, vi era la responsabilit\u00e0 politica dell'Ufficio per le zone di confine, un organo istituzionale sorto per coordinare l'attivit\u00e0 del governo nelle complesse situazioni di frontiera. L'Ufficio era alimentato da ingenti fondi riservati, che Andreotti decideva di volta in volta come utilizzare.  Le carte inedite dell'Archivio Andreotti, e di altri archivi consultati per questa indagine, rivelano un giovane all'inizio della carriera, gi\u00e0 dotato delle qualit\u00e0 che contribuiranno a renderlo uno fra i politici pi\u00f9 rappresentativi della storia italiana del dopoguerra. Nell'affrontare le principali sfide poste dal suo compito - la propaganda in difesa dell'italianit\u00e0, la tutela delle minoranze linguistiche, l'attuazione dell'autonomia speciale, i rapporti spesso difficili con la classe dirigente locale - Andreotti si dimostra gi\u00e0 uomo di Stato e di governo pi\u00f9 che di partito, di grande pragmatismo e con rapporti privilegiati con il mondo ecclesiastico. Pure l'analisi degli errori compiuti, per la scarsa esperienza e forsanche per l'eccessiva ambizione, contribuisce alla ricostruzione di un tratto importante della sua complessa e per certi versi controversa biografia, cos\u00ec rilevante per il passato e il presente del nostro paese.","og_url":"https:\/\/www.guerini.it\/index.php\/prodotto\/andreotti-e-l-italia-di-confine\/","og_site_name":"Guerini e Associati","article_modified_time":"2024-06-12T12:41:14+00:00","og_image":[{"width":229,"height":353,"url":"https:\/\/www.guerini.it\/wp-content\/uploads\/2015\/06\/andreotti_sito.jpg","type":"image\/jpeg"}],"twitter_card":"summary_large_image","twitter_misc":{"Tempo di lettura stimato":"1 minuto"},"schema":{"@context":"https:\/\/schema.org","@graph":[{"@type":"WebPage","@id":"https:\/\/www.guerini.it\/index.php\/prodotto\/andreotti-e-l-italia-di-confine\/","url":"https:\/\/www.guerini.it\/index.php\/prodotto\/andreotti-e-l-italia-di-confine\/","name":"Andreotti e l'Italia di confine - Guerini e Associati","isPartOf":{"@id":"https:\/\/www.guerini.it\/#website"},"primaryImageOfPage":{"@id":"https:\/\/www.guerini.it\/index.php\/prodotto\/andreotti-e-l-italia-di-confine\/#primaryimage"},"image":{"@id":"https:\/\/www.guerini.it\/index.php\/prodotto\/andreotti-e-l-italia-di-confine\/#primaryimage"},"thumbnailUrl":"https:\/\/www.guerini.it\/wp-content\/uploads\/2015\/06\/andreotti_sito.jpg","datePublished":"2015-06-17T05:22:11+00:00","dateModified":"2024-06-12T12:41:14+00:00","breadcrumb":{"@id":"https:\/\/www.guerini.it\/index.php\/prodotto\/andreotti-e-l-italia-di-confine\/#breadcrumb"},"inLanguage":"it-IT","potentialAction":[{"@type":"ReadAction","target":["https:\/\/www.guerini.it\/index.php\/prodotto\/andreotti-e-l-italia-di-confine\/"]}]},{"@type":"ImageObject","inLanguage":"it-IT","@id":"https:\/\/www.guerini.it\/index.php\/prodotto\/andreotti-e-l-italia-di-confine\/#primaryimage","url":"https:\/\/www.guerini.it\/wp-content\/uploads\/2015\/06\/andreotti_sito.jpg","contentUrl":"https:\/\/www.guerini.it\/wp-content\/uploads\/2015\/06\/andreotti_sito.jpg","width":229,"height":353,"caption":"Andreotti e l'Italia di confine"},{"@type":"BreadcrumbList","@id":"https:\/\/www.guerini.it\/index.php\/prodotto\/andreotti-e-l-italia-di-confine\/#breadcrumb","itemListElement":[{"@type":"ListItem","position":1,"name":"Home","item":"https:\/\/www.guerini.it\/"},{"@type":"ListItem","position":2,"name":"Catalogo","item":"https:\/\/www.guerini.it\/index.php\/negozio\/"},{"@type":"ListItem","position":3,"name":"Andreotti e l&#8217;Italia di confine"}]},{"@type":"WebSite","@id":"https:\/\/www.guerini.it\/#website","url":"https:\/\/www.guerini.it\/","name":"Guerini e Associati","description":"30 anni di libri, idee e libert\u00e0","publisher":{"@id":"https:\/\/www.guerini.it\/#organization"},"potentialAction":[{"@type":"SearchAction","target":{"@type":"EntryPoint","urlTemplate":"https:\/\/www.guerini.it\/?s={search_term_string}"},"query-input":{"@type":"PropertyValueSpecification","valueRequired":true,"valueName":"search_term_string"}}],"inLanguage":"it-IT"},{"@type":"Organization","@id":"https:\/\/www.guerini.it\/#organization","name":"Guerini e Associati","url":"https:\/\/www.guerini.it\/","logo":{"@type":"ImageObject","inLanguage":"it-IT","@id":"https:\/\/www.guerini.it\/#\/schema\/logo\/image\/","url":"https:\/\/www.guerini.it\/wp-content\/uploads\/2021\/03\/Logo-Guerini-OK_-e1615831292285.png","contentUrl":"https:\/\/www.guerini.it\/wp-content\/uploads\/2021\/03\/Logo-Guerini-OK_-e1615831292285.png","width":2805,"height":1870,"caption":"Guerini e Associati"},"image":{"@id":"https:\/\/www.guerini.it\/#\/schema\/logo\/image\/"}}]}},"_links":{"self":[{"href":"https:\/\/www.guerini.it\/index.php\/wp-json\/wp\/v2\/product\/15569","targetHints":{"allow":["GET"]}}],"collection":[{"href":"https:\/\/www.guerini.it\/index.php\/wp-json\/wp\/v2\/product"}],"about":[{"href":"https:\/\/www.guerini.it\/index.php\/wp-json\/wp\/v2\/types\/product"}],"wp:featuredmedia":[{"embeddable":true,"href":"https:\/\/www.guerini.it\/index.php\/wp-json\/wp\/v2\/media\/15568"}],"wp:attachment":[{"href":"https:\/\/www.guerini.it\/index.php\/wp-json\/wp\/v2\/media?parent=15569"}],"wp:term":[{"taxonomy":"product_brand","embeddable":true,"href":"https:\/\/www.guerini.it\/index.php\/wp-json\/wp\/v2\/product_brand?post=15569"},{"taxonomy":"product_cat","embeddable":true,"href":"https:\/\/www.guerini.it\/index.php\/wp-json\/wp\/v2\/product_cat?post=15569"},{"taxonomy":"product_tag","embeddable":true,"href":"https:\/\/www.guerini.it\/index.php\/wp-json\/wp\/v2\/product_tag?post=15569"}],"curies":[{"name":"wp","href":"https:\/\/api.w.org\/{rel}","templated":true}]}}

<p>Ad appena ventotto anni, Giulio Andreotti si trovò a gestire una serie di problemi delicati, con evidenti ricadute sia sul piano interno che internazionale. Nel 1947 era stato infatti nominato sottosegretario di Stato alla Presidenza del Consiglio e, fra le varie competenze affidategli da Alcide De Gasperi, vi era la responsabilità politica dell&#8217;Ufficio per le zone di confine, un organo istituzionale sorto per coordinare l&#8217;attività del governo nelle complesse situazioni di frontiera. L&#8217;Ufficio era alimentato da ingenti fondi riservati, che Andreotti decideva di volta in volta come utilizzare.<br />
Le carte inedite dell&#8217;Archivio Andreotti, e di altri archivi consultati per questa indagine, rivelano un giovane all&#8217;inizio della carriera, già dotato delle qualità che contribuiranno a renderlo uno fra i politici più rappresentativi della storia italiana del dopoguerra. Nell&#8217;affrontare le principali sfide poste dal suo compito &#8211; la propaganda in difesa dell&#8217;italianità, la tutela delle minoranze linguistiche, l&#8217;attuazione dell&#8217;autonomia speciale, i rapporti spesso difficili con la classe dirigente locale &#8211; Andreotti si dimostra già uomo di Stato e di governo più che di partito, di grande pragmatismo e con rapporti privilegiati con il mondo ecclesiastico. Pure l&#8217;analisi degli errori compiuti, per la scarsa esperienza e forsanche per l&#8217;eccessiva ambizione, contribuisce alla ricostruzione di un tratto importante della sua complessa e per certi versi controversa biografia, così rilevante per il passato e il presente del nostro paese.</p>

<!-- This site is optimized with the Yoast SEO plugin v25.4 - https://yoast.com/wordpress/plugins/seo/ -->
<title>Andreotti e l&#039;Italia di confine - Guerini e Associati</title>
<meta name="robots" content="index, follow, max-snippet:-1, max-image-preview:large, max-video-preview:-1" />
<link rel="canonical" href="https://www.guerini.it/index.php/prodotto/andreotti-e-l-italia-di-confine/" />
<meta property="og:locale" content="it_IT" />
<meta property="og:type" content="article" />
<meta property="og:title" content="Andreotti e l&#039;Italia di confine - Guerini e Associati" />
<meta property="og:description" content="Ad appena ventotto anni, Giulio Andreotti si trovò a gestire una serie di problemi delicati, con evidenti ricadute sia sul piano interno che internazionale. Nel 1947 era stato infatti nominato sottosegretario di Stato alla Presidenza del Consiglio e, fra le varie competenze affidategli da Alcide De Gasperi, vi era la responsabilità politica dell&#039;Ufficio per le zone di confine, un organo istituzionale sorto per coordinare l&#039;attività del governo nelle complesse situazioni di frontiera. L&#039;Ufficio era alimentato da ingenti fondi riservati, che Andreotti decideva di volta in volta come utilizzare.  Le carte inedite dell&#039;Archivio Andreotti, e di altri archivi consultati per questa indagine, rivelano un giovane all&#039;inizio della carriera, già dotato delle qualità che contribuiranno a renderlo uno fra i politici più rappresentativi della storia italiana del dopoguerra. Nell&#039;affrontare le principali sfide poste dal suo compito - la propaganda in difesa dell&#039;italianità, la tutela delle minoranze linguistiche, l&#039;attuazione dell&#039;autonomia speciale, i rapporti spesso difficili con la classe dirigente locale - Andreotti si dimostra già uomo di Stato e di governo più che di partito, di grande pragmatismo e con rapporti privilegiati con il mondo ecclesiastico. Pure l&#039;analisi degli errori compiuti, per la scarsa esperienza e forsanche per l&#039;eccessiva ambizione, contribuisce alla ricostruzione di un tratto importante della sua complessa e per certi versi controversa biografia, così rilevante per il passato e il presente del nostro paese." />
<meta property="og:url" content="https://www.guerini.it/index.php/prodotto/andreotti-e-l-italia-di-confine/" />
<meta property="og:site_name" content="Guerini e Associati" />
<meta property="article:modified_time" content="2024-06-12T12:41:14+00:00" />
<meta property="og:image" content="https://www.guerini.it/wp-content/uploads/2015/06/andreotti_sito.jpg" />
	<meta property="og:image:width" content="229" />
	<meta property="og:image:height" content="353" />
	<meta property="og:image:type" content="image/jpeg" />
<meta name="twitter:card" content="summary_large_image" />
<meta name="twitter:label1" content="Tempo di lettura stimato" />
	<meta name="twitter:data1" content="1 minuto" />
<!-- / Yoast SEO plugin. -->

Ad appena ventotto anni, Giulio Andreotti si trovò a gestire una serie di problemi delicati, con evidenti ricadute sia sul piano interno che internazionale. Nel 1947 era stato infatti nominato sottosegretario di Stato alla Presidenza del Consiglio e, fra le varie competenze affidategli da Alcide De Gasperi, vi era la responsabilità politica dell'Ufficio per le zone di confine, un organo istituzionale sorto per coordinare l'attività del governo nelle complesse situazioni di frontiera. L'Ufficio era alimentato da ingenti fondi riservati, che Andreotti decideva di volta in volta come utilizzare.  Le carte inedite dell'Archivio Andreotti, e di altri archivi consultati per questa indagine, rivelano un giovane all'inizio della carriera, già dotato delle qualità che contribuiranno a renderlo uno fra i politici più rappresentativi della storia italiana del dopoguerra. Nell'affrontare le principali sfide poste dal suo compito - la propaganda in difesa dell'italianità, la tutela delle minoranze linguistiche, l'attuazione dell'autonomia speciale, i rapporti spesso difficili con la classe dirigente locale - Andreotti si dimostra già uomo di Stato e di governo più che di partito, di grande pragmatismo e con rapporti privilegiati con il mondo ecclesiastico. Pure l'analisi degli errori compiuti, per la scarsa esperienza e forsanche per l'eccessiva ambizione, contribuisce alla ricostruzione di un tratto importante della sua complessa e per certi versi controversa biografia, così rilevante per il passato e il presente del nostro paese.

30 anni di libri, idee e libertà
