{"id":15593,"date":"2015-09-02T06:29:21","date_gmt":"2015-09-02T04:29:21","guid":{"rendered":"https:\/\/test.guerini.it\/?product=tra-sogno-e-realta"},"modified":"2024-06-12T14:41:32","modified_gmt":"2024-06-12T12:41:32","slug":"tra-sogno-e-realta","status":"publish","type":"product","link":"https:\/\/www.guerini.it\/index.php\/prodotto\/tra-sogno-e-realta\/","title":{"rendered":"Tra sogno e realt\u00e0"},"content":{"rendered":"<p>Tra sogno e realt&agrave;, tra esilio, disapora e Terra promessa, tra mondo tedesco e mondo ebraico, tra retaggio europeo e una Palestina terra di due popoli. Questo libro racconta la storia di sei intellettuali ebrei tedeschi alla scoperta di una terra e di una identit&agrave;. Il loro viaggio comincia tra gli anni Venti e Trenta del Novecento, prima ancora della proclamazione dello Stato d&rsquo;Israele (1948), e si realizza in un Paese difficile e conteso, la Palestina, in preda ai primi conflitti tra la popolazione ebraica e quella araba. &Egrave; con questo contesto che i viaggiatori dovranno confrontarsi, in un continuo banchetto di speranze e delusioni, tra scoperte avvincenti e constatazioni angoscianti.<\/p>\n<p>Hugo Bergmann, Gershom Scholem, Gabriele Tergit, Else Lasker-Sch&uuml;ler, Arnold Zweig, Paul M&uuml;hsamil sono i protagonisti di questo libro che ci restituisce il fascino, la sfida e le difficolt&agrave; di fare i conti con un&rsquo;antica terra nuova. Antica, al centro dell&rsquo;immaginario diasporico da generazioni, e nuova, aperta e suscettibile di diverse interpretazioni, nuovi sbocchi, nuove realt&agrave;. I viaggiatori, sospesi e in bilico tra pi&ugrave; mondi, raccontano la loro storia, che &egrave; una storia tanto dell&#8217;esilio quanto del ritorno, una storia che si svolge, ancora oggi, sotto i nostri occhi.<\/p>\n<p>&nbsp;<\/p>\n<p><strong>Permalink:&nbsp;<\/strong><a href=\"http:\/\/digital.casalini.it\/9788881951895\">http:\/\/digital.casalini.it\/9788881951895<\/a><\/p>\n","protected":false},"excerpt":{"rendered":"<p>Tra sogno e realt\u00e0, tra esilio, disapora e Terra promessa, tra mondo tedesco e mondo ebraico, tra retaggio europeo e una Palestina terra di due popoli. Questo libro racconta la storia di sei intellettuali ebrei tedeschi alla scoperta di una terra e di una identit\u00e0. Il loro viaggio comincia tra gli anni Venti e Trenta del Novecento, prima ancora della proclamazione dello Stato d\u2019Israele (1948), e si realizza in un Paese difficile e conteso, la Palestina, in preda ai primi conflitti tra la popolazione ebraica e quella araba. \u00c8 con questo contesto che i viaggiatori dovranno confrontarsi, in un continuo banchetto di speranze e delusioni, tra scoperte avvincenti e constatazioni angoscianti.<\/p>\n<p>Hugo Bergmann, Gershom Scholem, Gabriele Tergit, Else Lasker-Sch\u00fcler, Arnold Zweig, Paul M\u00fchsamil sono i protagonisti di questo libro che ci restituisce il fascino, la sfida e le difficolt\u00e0 di fare i conti con un\u2019antica terra nuova. Antica, al centro dell\u2019immaginario diasporico da generazioni, e nuova, aperta e suscettibile di diverse interpretazioni, nuovi sbocchi, nuove realt\u00e0. I viaggiatori, sospesi e in bilico tra pi\u00f9 mondi, raccontano la loro storia, che \u00e8 una storia tanto dell&#8217;esilio quanto del ritorno, una storia che si svolge, ancora oggi, sotto i nostri occhi.<\/p>\n","protected":false},"featured_media":15592,"template":"","meta":{"_editorskit_title_hidden":false,"_editorskit_reading_time":0,"_editorskit_is_block_options_detached":false,"_editorskit_block_options_position":"{}","_monsterinsights_skip_tracking":false,"_monsterinsights_sitenote_active":false,"_monsterinsights_sitenote_note":"","_monsterinsights_sitenote_category":0},"product_brand":[],"product_cat":[6636,6539],"product_tag":[],"class_list":{"0":"post-15593","1":"product","2":"type-product","3":"status-publish","4":"has-post-thumbnail","6":"product_cat-di-storie-in-storia","7":"product_cat-storia-e-geografia","9":"first","10":"instock","11":"sale","12":"shipping-taxable","13":"purchasable","14":"product-type-simple"},"yoast_head":"<!-- This site is optimized with the Yoast SEO plugin v25.4 - https:\/\/yoast.com\/wordpress\/plugins\/seo\/ -->\n<title>Tra sogno e realt\u00e0 - Guerini e Associati<\/title>\n<meta name=\"robots\" content=\"index, follow, max-snippet:-1, max-image-preview:large, max-video-preview:-1\" \/>\n<link rel=\"canonical\" href=\"https:\/\/www.guerini.it\/index.php\/prodotto\/tra-sogno-e-realta\/\" \/>\n<meta property=\"og:locale\" content=\"it_IT\" \/>\n<meta property=\"og:type\" content=\"article\" \/>\n<meta property=\"og:title\" content=\"Tra sogno e realt\u00e0 - Guerini e Associati\" \/>\n<meta property=\"og:description\" content=\"Tra sogno e realt\u00e0, tra esilio, disapora e Terra promessa, tra mondo tedesco e mondo ebraico, tra retaggio europeo e una Palestina terra di due popoli. Questo libro racconta la storia di sei intellettuali ebrei tedeschi alla scoperta di una terra e di una identit\u00e0. Il loro viaggio comincia tra gli anni Venti e Trenta del Novecento, prima ancora della proclamazione dello Stato d\u2019Israele (1948), e si realizza in un Paese difficile e conteso, la Palestina, in preda ai primi conflitti tra la popolazione ebraica e quella araba. \u00c8 con questo contesto che i viaggiatori dovranno confrontarsi, in un continuo banchetto di speranze e delusioni, tra scoperte avvincenti e constatazioni angoscianti.  Hugo Bergmann, Gershom Scholem, Gabriele Tergit, Else Lasker-Sch\u00fcler, Arnold Zweig, Paul M\u00fchsamil sono i protagonisti di questo libro che ci restituisce il fascino, la sfida e le difficolt\u00e0 di fare i conti con un\u2019antica terra nuova. Antica, al centro dell\u2019immaginario diasporico da generazioni, e nuova, aperta e suscettibile di diverse interpretazioni, nuovi sbocchi, nuove realt\u00e0. I viaggiatori, sospesi e in bilico tra pi\u00f9 mondi, raccontano la loro storia, che \u00e8 una storia tanto dell&#039;esilio quanto del ritorno, una storia che si svolge, ancora oggi, sotto i nostri occhi.\" \/>\n<meta property=\"og:url\" content=\"https:\/\/www.guerini.it\/index.php\/prodotto\/tra-sogno-e-realta\/\" \/>\n<meta property=\"og:site_name\" content=\"Guerini e Associati\" \/>\n<meta property=\"article:modified_time\" content=\"2024-06-12T12:41:32+00:00\" \/>\n<meta property=\"og:image\" content=\"https:\/\/www.guerini.it\/wp-content\/uploads\/2015\/09\/tra_sogno_e_realt_.jpg\" \/>\n\t<meta property=\"og:image:width\" content=\"232\" \/>\n\t<meta property=\"og:image:height\" content=\"353\" \/>\n\t<meta property=\"og:image:type\" content=\"image\/jpeg\" \/>\n<meta name=\"twitter:card\" content=\"summary_large_image\" \/>\n<meta name=\"twitter:label1\" content=\"Tempo di lettura stimato\" \/>\n\t<meta name=\"twitter:data1\" content=\"1 minuto\" \/>\n<!-- \/ Yoast SEO plugin. -->","yoast_head_json":{"title":"Tra sogno e realt\u00e0 - Guerini e Associati","robots":{"index":"index","follow":"follow","max-snippet":"max-snippet:-1","max-image-preview":"max-image-preview:large","max-video-preview":"max-video-preview:-1"},"canonical":"https:\/\/www.guerini.it\/index.php\/prodotto\/tra-sogno-e-realta\/","og_locale":"it_IT","og_type":"article","og_title":"Tra sogno e realt\u00e0 - Guerini e Associati","og_description":"Tra sogno e realt\u00e0, tra esilio, disapora e Terra promessa, tra mondo tedesco e mondo ebraico, tra retaggio europeo e una Palestina terra di due popoli. Questo libro racconta la storia di sei intellettuali ebrei tedeschi alla scoperta di una terra e di una identit\u00e0. Il loro viaggio comincia tra gli anni Venti e Trenta del Novecento, prima ancora della proclamazione dello Stato d\u2019Israele (1948), e si realizza in un Paese difficile e conteso, la Palestina, in preda ai primi conflitti tra la popolazione ebraica e quella araba. \u00c8 con questo contesto che i viaggiatori dovranno confrontarsi, in un continuo banchetto di speranze e delusioni, tra scoperte avvincenti e constatazioni angoscianti.  Hugo Bergmann, Gershom Scholem, Gabriele Tergit, Else Lasker-Sch\u00fcler, Arnold Zweig, Paul M\u00fchsamil sono i protagonisti di questo libro che ci restituisce il fascino, la sfida e le difficolt\u00e0 di fare i conti con un\u2019antica terra nuova. Antica, al centro dell\u2019immaginario diasporico da generazioni, e nuova, aperta e suscettibile di diverse interpretazioni, nuovi sbocchi, nuove realt\u00e0. I viaggiatori, sospesi e in bilico tra pi\u00f9 mondi, raccontano la loro storia, che \u00e8 una storia tanto dell'esilio quanto del ritorno, una storia che si svolge, ancora oggi, sotto i nostri occhi.","og_url":"https:\/\/www.guerini.it\/index.php\/prodotto\/tra-sogno-e-realta\/","og_site_name":"Guerini e Associati","article_modified_time":"2024-06-12T12:41:32+00:00","og_image":[{"width":232,"height":353,"url":"https:\/\/www.guerini.it\/wp-content\/uploads\/2015\/09\/tra_sogno_e_realt_.jpg","type":"image\/jpeg"}],"twitter_card":"summary_large_image","twitter_misc":{"Tempo di lettura stimato":"1 minuto"},"schema":{"@context":"https:\/\/schema.org","@graph":[{"@type":"WebPage","@id":"https:\/\/www.guerini.it\/index.php\/prodotto\/tra-sogno-e-realta\/","url":"https:\/\/www.guerini.it\/index.php\/prodotto\/tra-sogno-e-realta\/","name":"Tra sogno e realt\u00e0 - Guerini e Associati","isPartOf":{"@id":"https:\/\/www.guerini.it\/#website"},"primaryImageOfPage":{"@id":"https:\/\/www.guerini.it\/index.php\/prodotto\/tra-sogno-e-realta\/#primaryimage"},"image":{"@id":"https:\/\/www.guerini.it\/index.php\/prodotto\/tra-sogno-e-realta\/#primaryimage"},"thumbnailUrl":"https:\/\/www.guerini.it\/wp-content\/uploads\/2015\/09\/tra_sogno_e_realt_.jpg","datePublished":"2015-09-02T04:29:21+00:00","dateModified":"2024-06-12T12:41:32+00:00","breadcrumb":{"@id":"https:\/\/www.guerini.it\/index.php\/prodotto\/tra-sogno-e-realta\/#breadcrumb"},"inLanguage":"it-IT","potentialAction":[{"@type":"ReadAction","target":["https:\/\/www.guerini.it\/index.php\/prodotto\/tra-sogno-e-realta\/"]}]},{"@type":"ImageObject","inLanguage":"it-IT","@id":"https:\/\/www.guerini.it\/index.php\/prodotto\/tra-sogno-e-realta\/#primaryimage","url":"https:\/\/www.guerini.it\/wp-content\/uploads\/2015\/09\/tra_sogno_e_realt_.jpg","contentUrl":"https:\/\/www.guerini.it\/wp-content\/uploads\/2015\/09\/tra_sogno_e_realt_.jpg","width":232,"height":353,"caption":"Tra sogno e realt\u00e0"},{"@type":"BreadcrumbList","@id":"https:\/\/www.guerini.it\/index.php\/prodotto\/tra-sogno-e-realta\/#breadcrumb","itemListElement":[{"@type":"ListItem","position":1,"name":"Home","item":"https:\/\/www.guerini.it\/"},{"@type":"ListItem","position":2,"name":"Catalogo","item":"https:\/\/www.guerini.it\/index.php\/negozio\/"},{"@type":"ListItem","position":3,"name":"Tra sogno e realt\u00e0"}]},{"@type":"WebSite","@id":"https:\/\/www.guerini.it\/#website","url":"https:\/\/www.guerini.it\/","name":"Guerini e Associati","description":"30 anni di libri, idee e libert\u00e0","publisher":{"@id":"https:\/\/www.guerini.it\/#organization"},"potentialAction":[{"@type":"SearchAction","target":{"@type":"EntryPoint","urlTemplate":"https:\/\/www.guerini.it\/?s={search_term_string}"},"query-input":{"@type":"PropertyValueSpecification","valueRequired":true,"valueName":"search_term_string"}}],"inLanguage":"it-IT"},{"@type":"Organization","@id":"https:\/\/www.guerini.it\/#organization","name":"Guerini e Associati","url":"https:\/\/www.guerini.it\/","logo":{"@type":"ImageObject","inLanguage":"it-IT","@id":"https:\/\/www.guerini.it\/#\/schema\/logo\/image\/","url":"https:\/\/www.guerini.it\/wp-content\/uploads\/2021\/03\/Logo-Guerini-OK_-e1615831292285.png","contentUrl":"https:\/\/www.guerini.it\/wp-content\/uploads\/2021\/03\/Logo-Guerini-OK_-e1615831292285.png","width":2805,"height":1870,"caption":"Guerini e Associati"},"image":{"@id":"https:\/\/www.guerini.it\/#\/schema\/logo\/image\/"}}]}},"_links":{"self":[{"href":"https:\/\/www.guerini.it\/index.php\/wp-json\/wp\/v2\/product\/15593","targetHints":{"allow":["GET"]}}],"collection":[{"href":"https:\/\/www.guerini.it\/index.php\/wp-json\/wp\/v2\/product"}],"about":[{"href":"https:\/\/www.guerini.it\/index.php\/wp-json\/wp\/v2\/types\/product"}],"wp:featuredmedia":[{"embeddable":true,"href":"https:\/\/www.guerini.it\/index.php\/wp-json\/wp\/v2\/media\/15592"}],"wp:attachment":[{"href":"https:\/\/www.guerini.it\/index.php\/wp-json\/wp\/v2\/media?parent=15593"}],"wp:term":[{"taxonomy":"product_brand","embeddable":true,"href":"https:\/\/www.guerini.it\/index.php\/wp-json\/wp\/v2\/product_brand?post=15593"},{"taxonomy":"product_cat","embeddable":true,"href":"https:\/\/www.guerini.it\/index.php\/wp-json\/wp\/v2\/product_cat?post=15593"},{"taxonomy":"product_tag","embeddable":true,"href":"https:\/\/www.guerini.it\/index.php\/wp-json\/wp\/v2\/product_tag?post=15593"}],"curies":[{"name":"wp","href":"https:\/\/api.w.org\/{rel}","templated":true}]}}

Tra sogno e realtà

<p>Tra sogno e realtà, tra esilio, disapora e Terra promessa, tra mondo tedesco e mondo ebraico, tra retaggio europeo e una Palestina terra di due popoli. Questo libro racconta la storia di sei intellettuali ebrei tedeschi alla scoperta di una terra e di una identità. Il loro viaggio comincia tra gli anni Venti e Trenta del Novecento, prima ancora della proclamazione dello Stato d’Israele (1948), e si realizza in un Paese difficile e conteso, la Palestina, in preda ai primi conflitti tra la popolazione ebraica e quella araba. È con questo contesto che i viaggiatori dovranno confrontarsi, in un continuo banchetto di speranze e delusioni, tra scoperte avvincenti e constatazioni angoscianti.</p>
<p>Hugo Bergmann, Gershom Scholem, Gabriele Tergit, Else Lasker-Schüler, Arnold Zweig, Paul Mühsamil sono i protagonisti di questo libro che ci restituisce il fascino, la sfida e le difficoltà di fare i conti con un’antica terra nuova. Antica, al centro dell’immaginario diasporico da generazioni, e nuova, aperta e suscettibile di diverse interpretazioni, nuovi sbocchi, nuove realtà. I viaggiatori, sospesi e in bilico tra più mondi, raccontano la loro storia, che è una storia tanto dell&#8217;esilio quanto del ritorno, una storia che si svolge, ancora oggi, sotto i nostri occhi.</p>

<!-- This site is optimized with the Yoast SEO plugin v25.4 - https://yoast.com/wordpress/plugins/seo/ -->
<title>Tra sogno e realtà - Guerini e Associati</title>
<meta name="robots" content="index, follow, max-snippet:-1, max-image-preview:large, max-video-preview:-1" />
<link rel="canonical" href="https://www.guerini.it/index.php/prodotto/tra-sogno-e-realta/" />
<meta property="og:locale" content="it_IT" />
<meta property="og:type" content="article" />
<meta property="og:title" content="Tra sogno e realtà - Guerini e Associati" />
<meta property="og:description" content="Tra sogno e realtà, tra esilio, disapora e Terra promessa, tra mondo tedesco e mondo ebraico, tra retaggio europeo e una Palestina terra di due popoli. Questo libro racconta la storia di sei intellettuali ebrei tedeschi alla scoperta di una terra e di una identità. Il loro viaggio comincia tra gli anni Venti e Trenta del Novecento, prima ancora della proclamazione dello Stato d’Israele (1948), e si realizza in un Paese difficile e conteso, la Palestina, in preda ai primi conflitti tra la popolazione ebraica e quella araba. È con questo contesto che i viaggiatori dovranno confrontarsi, in un continuo banchetto di speranze e delusioni, tra scoperte avvincenti e constatazioni angoscianti.  Hugo Bergmann, Gershom Scholem, Gabriele Tergit, Else Lasker-Schüler, Arnold Zweig, Paul Mühsamil sono i protagonisti di questo libro che ci restituisce il fascino, la sfida e le difficoltà di fare i conti con un’antica terra nuova. Antica, al centro dell’immaginario diasporico da generazioni, e nuova, aperta e suscettibile di diverse interpretazioni, nuovi sbocchi, nuove realtà. I viaggiatori, sospesi e in bilico tra più mondi, raccontano la loro storia, che è una storia tanto dell&#039;esilio quanto del ritorno, una storia che si svolge, ancora oggi, sotto i nostri occhi." />
<meta property="og:url" content="https://www.guerini.it/index.php/prodotto/tra-sogno-e-realta/" />
<meta property="og:site_name" content="Guerini e Associati" />
<meta property="article:modified_time" content="2024-06-12T12:41:32+00:00" />
<meta property="og:image" content="https://www.guerini.it/wp-content/uploads/2015/09/tra_sogno_e_realt_.jpg" />
	<meta property="og:image:width" content="232" />
	<meta property="og:image:height" content="353" />
	<meta property="og:image:type" content="image/jpeg" />
<meta name="twitter:card" content="summary_large_image" />
<meta name="twitter:label1" content="Tempo di lettura stimato" />
	<meta name="twitter:data1" content="1 minuto" />
<!-- / Yoast SEO plugin. -->

Tra sogno e realtà - Guerini e Associati

Tra sogno e realtà, tra esilio, disapora e Terra promessa, tra mondo tedesco e mondo ebraico, tra retaggio europeo e una Palestina terra di due popoli. Questo libro racconta la storia di sei intellettuali ebrei tedeschi alla scoperta di una terra e di una identità. Il loro viaggio comincia tra gli anni Venti e Trenta del Novecento, prima ancora della proclamazione dello Stato d’Israele (1948), e si realizza in un Paese difficile e conteso, la Palestina, in preda ai primi conflitti tra la popolazione ebraica e quella araba. È con questo contesto che i viaggiatori dovranno confrontarsi, in un continuo banchetto di speranze e delusioni, tra scoperte avvincenti e constatazioni angoscianti.  Hugo Bergmann, Gershom Scholem, Gabriele Tergit, Else Lasker-Schüler, Arnold Zweig, Paul Mühsamil sono i protagonisti di questo libro che ci restituisce il fascino, la sfida e le difficoltà di fare i conti con un’antica terra nuova. Antica, al centro dell’immaginario diasporico da generazioni, e nuova, aperta e suscettibile di diverse interpretazioni, nuovi sbocchi, nuove realtà. I viaggiatori, sospesi e in bilico tra più mondi, raccontano la loro storia, che è una storia tanto dell'esilio quanto del ritorno, una storia che si svolge, ancora oggi, sotto i nostri occhi.

30 anni di libri, idee e libertà
