{"id":15607,"date":"2015-09-23T13:14:41","date_gmt":"2015-09-23T11:14:41","guid":{"rendered":"https:\/\/test.guerini.it\/?product=immaginare-il-futuro"},"modified":"2024-06-12T14:39:26","modified_gmt":"2024-06-12T12:39:26","slug":"immaginare-il-futuro","status":"publish","type":"product","link":"https:\/\/www.guerini.it\/index.php\/prodotto\/immaginare-il-futuro\/","title":{"rendered":"Immaginare il futuro"},"content":{"rendered":"<p style=\"text-align: justify;\">Immaginare il futuro \u00e8 il primo passo per costruirlo.<br \/>\nApertura, autenticit\u00e0, congruenza, creativit\u00e0, intuizione, reciprocit\u00e0, semplicit\u00e0, spontaneit\u00e0, sono le parole per il futuro proposte dall\u2019autrice in un percorso che, partendo dallo scenario della crisi finanziaria del 2008 e delle conseguenze sul sistema economico e sociale, arriva alla definizione di un profilo di impresa quale \u00abcomunit\u00e0 generativa\u00bb, capace di collegare la propria azione in una visione, un orizzonte comune e condiviso con la societ\u00e0 nella quale opera. Capace di assumersi la responsabilit\u00e0 di costruire un futuro migliore per il Paese. Rosanna Celestino riporta, a sostanziare le sue riflessioni, interviste e conversazioni con imprenditori e manager che si aprono con il tema \u00abCome vogliamo essere\u00bb, come Paese e come Imprese, proposto da Alberto Baban, Presidente delle Piccole e Medie Industrie di Confindustria, e continuano con i contributi di Elena Aniello, Lorena Antoniazzi, Olivia Bacco, Gianluca Bocchi, Roberto Cingolani, Stefano Colli Lanzi, Beppe Cova, Maurizio di Robilant, Sergio Fava, Cinzia Giangiacomi, Guido Giubergia, Enrico Loccioni, Gianluca Massalini, Luca Mirabassi, Barbara Paglieri, Giuliana Paoletti, Giovanni Ricceri, Valter Scavolini, Marco Scippa, Paolo Umidon, Luca Valerii, Lucio Zanca.<\/p>\n<hr \/>\n<p style=\"text-align: justify;\"><strong>Rosanna Celestino<\/strong> \u00e8 da sempre fautrice della multidisciplinarit\u00e0 e nel suo network Celestino &amp; Associati, si incontrano antropologia e pragmatica della comunicazione, filosofia e teatro. Da venticinque anni segue imprese nazionali e internazionali sui temi della Cultura d\u2019Impresa, Creativit\u00e0, Leadership, Brand Commitment e Team Building. Per Guerini e Associati ha pubblicato nel 2006 <a href=\"https:\/\/www.guerini.it\/index.php\/prodotto\/team-building\/\"><em>Team building. Fare squadra nelle organizzazioni<\/em><\/a>.<\/p>\n","protected":false},"excerpt":{"rendered":"<p>Apertura, autenticit\u00e0, congruenza, creativit\u00e0, intuizione, reciprocit\u00e0, semplicit\u00e0, spontaneit\u00e0, sono le parole per il futuro proposte dall\u2019autrice in un percorso che, partendo dallo scenario della crisi finanziaria del 2008 e delle conseguenze sul sistema economico e sociale, arriva alla definizione di un profilo di impresa quale \u00abcomunit\u00e0 generativa\u00bb, capace di collegare la propria azione in una visione, un orizzonte comune e condiviso con la societ\u00e0 nella quale opera. Capace di assumersi la responsabilit\u00e0 di costruire un futuro migliore per il Paese. Rosanna Celestino riporta, a sostanziare le sue riflessioni, interviste e conversazioni con imprenditori e manager che si aprono con il tema \u00abCome vogliamo essere\u00bb, come Paese e come Imprese, proposto da Alberto Baban, Presidente delle Piccole e Medie Industrie di Confindustria.<\/p>\n","protected":false},"featured_media":23455,"template":"","meta":{"_editorskit_title_hidden":false,"_editorskit_reading_time":0,"_editorskit_is_block_options_detached":false,"_editorskit_block_options_position":"{}","_monsterinsights_skip_tracking":false,"_monsterinsights_sitenote_active":false,"_monsterinsights_sitenote_note":"","_monsterinsights_sitenote_category":0},"product_brand":[],"product_cat":[6805,6529,6654],"product_tag":[6814,6815,6803],"class_list":{"0":"post-15607","1":"product","2":"type-product","3":"status-publish","4":"has-post-thumbnail","6":"product_cat-guerini-next","7":"product_cat-economia-e-management","8":"product_cat-ei","9":"product_tag-comunicazione","10":"product_tag-economia","11":"product_tag-management","12":"pa_guerini_amazon_link-https-www-amazon-it-immaginare-futuro-limpresa-comunit-generativa-dp-8868960486","13":"pa_guerini_feltrinelli_link-https-www-lafeltrinelli-it-immaginare-futuro-impresa-come-comunita-libro-rosanna-celestino-e-9788868960483","14":"pa_guerini_ibs_link-https-www-ibs-it-immaginare-futuro-impresa-come-comunita-libro-rosanna-celestino-e-9788868960483","15":"pa_guerini_libruniver_link-https-www-libreriauniversitaria-it-immaginare-futuro-impresa-comunita-generativa-libro-9788868960483","16":"pa_guerini_mondadori_link-https-www-mondadoristore-it-immaginare-futuro-impresa-rosanna-celestino-eai978886896048","18":"first","19":"instock","20":"sale","21":"shipping-taxable","22":"purchasable","23":"product-type-simple"},"yoast_head":"<!-- This site is optimized with the Yoast SEO plugin v25.4 - https:\/\/yoast.com\/wordpress\/plugins\/seo\/ -->\n<title>Immaginare il futuro - Guerini e Associati<\/title>\n<meta name=\"robots\" content=\"index, follow, max-snippet:-1, max-image-preview:large, max-video-preview:-1\" \/>\n<link rel=\"canonical\" href=\"https:\/\/www.guerini.it\/index.php\/prodotto\/immaginare-il-futuro\/\" \/>\n<meta property=\"og:locale\" content=\"it_IT\" \/>\n<meta property=\"og:type\" content=\"article\" \/>\n<meta property=\"og:title\" content=\"Immaginare il futuro - Guerini e Associati\" \/>\n<meta property=\"og:description\" content=\"Apertura, autenticit\u00e0, congruenza, creativit\u00e0, intuizione, reciprocit\u00e0, semplicit\u00e0, spontaneit\u00e0, sono le parole per il futuro proposte dall\u2019autrice in un percorso che, partendo dallo scenario della crisi finanziaria del 2008 e delle conseguenze sul sistema economico e sociale, arriva alla definizione di un profilo di impresa quale \u00abcomunit\u00e0 generativa\u00bb, capace di collegare la propria azione in una visione, un orizzonte comune e condiviso con la societ\u00e0 nella quale opera. Capace di assumersi la responsabilit\u00e0 di costruire un futuro migliore per il Paese. Rosanna Celestino riporta, a sostanziare le sue riflessioni, interviste e conversazioni con imprenditori e manager che si aprono con il tema \u00abCome vogliamo essere\u00bb, come Paese e come Imprese, proposto da Alberto Baban, Presidente delle Piccole e Medie Industrie di Confindustria.\" \/>\n<meta property=\"og:url\" content=\"https:\/\/www.guerini.it\/index.php\/prodotto\/immaginare-il-futuro\/\" \/>\n<meta property=\"og:site_name\" content=\"Guerini e Associati\" \/>\n<meta property=\"article:modified_time\" content=\"2024-06-12T12:39:26+00:00\" \/>\n<meta property=\"og:image\" content=\"https:\/\/www.guerini.it\/wp-content\/uploads\/2015\/09\/Immaginare-il-futuro.webp\" \/>\n\t<meta property=\"og:image:width\" content=\"1085\" \/>\n\t<meta property=\"og:image:height\" content=\"1659\" \/>\n\t<meta property=\"og:image:type\" content=\"image\/webp\" \/>\n<meta name=\"twitter:card\" content=\"summary_large_image\" \/>\n<meta name=\"twitter:label1\" content=\"Tempo di lettura stimato\" \/>\n\t<meta name=\"twitter:data1\" content=\"2 minuti\" \/>\n<!-- \/ Yoast SEO plugin. -->","yoast_head_json":{"title":"Immaginare il futuro - Guerini e Associati","robots":{"index":"index","follow":"follow","max-snippet":"max-snippet:-1","max-image-preview":"max-image-preview:large","max-video-preview":"max-video-preview:-1"},"canonical":"https:\/\/www.guerini.it\/index.php\/prodotto\/immaginare-il-futuro\/","og_locale":"it_IT","og_type":"article","og_title":"Immaginare il futuro - Guerini e Associati","og_description":"Apertura, autenticit\u00e0, congruenza, creativit\u00e0, intuizione, reciprocit\u00e0, semplicit\u00e0, spontaneit\u00e0, sono le parole per il futuro proposte dall\u2019autrice in un percorso che, partendo dallo scenario della crisi finanziaria del 2008 e delle conseguenze sul sistema economico e sociale, arriva alla definizione di un profilo di impresa quale \u00abcomunit\u00e0 generativa\u00bb, capace di collegare la propria azione in una visione, un orizzonte comune e condiviso con la societ\u00e0 nella quale opera. Capace di assumersi la responsabilit\u00e0 di costruire un futuro migliore per il Paese. Rosanna Celestino riporta, a sostanziare le sue riflessioni, interviste e conversazioni con imprenditori e manager che si aprono con il tema \u00abCome vogliamo essere\u00bb, come Paese e come Imprese, proposto da Alberto Baban, Presidente delle Piccole e Medie Industrie di Confindustria.","og_url":"https:\/\/www.guerini.it\/index.php\/prodotto\/immaginare-il-futuro\/","og_site_name":"Guerini e Associati","article_modified_time":"2024-06-12T12:39:26+00:00","og_image":[{"width":1085,"height":1659,"url":"https:\/\/www.guerini.it\/wp-content\/uploads\/2015\/09\/Immaginare-il-futuro.webp","type":"image\/webp"}],"twitter_card":"summary_large_image","twitter_misc":{"Tempo di lettura stimato":"2 minuti"},"schema":{"@context":"https:\/\/schema.org","@graph":[{"@type":"WebPage","@id":"https:\/\/www.guerini.it\/index.php\/prodotto\/immaginare-il-futuro\/","url":"https:\/\/www.guerini.it\/index.php\/prodotto\/immaginare-il-futuro\/","name":"Immaginare il futuro - Guerini e Associati","isPartOf":{"@id":"https:\/\/www.guerini.it\/#website"},"primaryImageOfPage":{"@id":"https:\/\/www.guerini.it\/index.php\/prodotto\/immaginare-il-futuro\/#primaryimage"},"image":{"@id":"https:\/\/www.guerini.it\/index.php\/prodotto\/immaginare-il-futuro\/#primaryimage"},"thumbnailUrl":"https:\/\/www.guerini.it\/wp-content\/uploads\/2015\/09\/Immaginare-il-futuro.webp","datePublished":"2015-09-23T11:14:41+00:00","dateModified":"2024-06-12T12:39:26+00:00","breadcrumb":{"@id":"https:\/\/www.guerini.it\/index.php\/prodotto\/immaginare-il-futuro\/#breadcrumb"},"inLanguage":"it-IT","potentialAction":[{"@type":"ReadAction","target":["https:\/\/www.guerini.it\/index.php\/prodotto\/immaginare-il-futuro\/"]}]},{"@type":"ImageObject","inLanguage":"it-IT","@id":"https:\/\/www.guerini.it\/index.php\/prodotto\/immaginare-il-futuro\/#primaryimage","url":"https:\/\/www.guerini.it\/wp-content\/uploads\/2015\/09\/Immaginare-il-futuro.webp","contentUrl":"https:\/\/www.guerini.it\/wp-content\/uploads\/2015\/09\/Immaginare-il-futuro.webp","width":1085,"height":1659,"caption":"Copertina del volume Immaginare il futuro, Guerini Next, 2015"},{"@type":"BreadcrumbList","@id":"https:\/\/www.guerini.it\/index.php\/prodotto\/immaginare-il-futuro\/#breadcrumb","itemListElement":[{"@type":"ListItem","position":1,"name":"Home","item":"https:\/\/www.guerini.it\/"},{"@type":"ListItem","position":2,"name":"Catalogo","item":"https:\/\/www.guerini.it\/index.php\/negozio\/"},{"@type":"ListItem","position":3,"name":"Immaginare il futuro"}]},{"@type":"WebSite","@id":"https:\/\/www.guerini.it\/#website","url":"https:\/\/www.guerini.it\/","name":"Guerini e Associati","description":"30 anni di libri, idee e libert\u00e0","publisher":{"@id":"https:\/\/www.guerini.it\/#organization"},"potentialAction":[{"@type":"SearchAction","target":{"@type":"EntryPoint","urlTemplate":"https:\/\/www.guerini.it\/?s={search_term_string}"},"query-input":{"@type":"PropertyValueSpecification","valueRequired":true,"valueName":"search_term_string"}}],"inLanguage":"it-IT"},{"@type":"Organization","@id":"https:\/\/www.guerini.it\/#organization","name":"Guerini e Associati","url":"https:\/\/www.guerini.it\/","logo":{"@type":"ImageObject","inLanguage":"it-IT","@id":"https:\/\/www.guerini.it\/#\/schema\/logo\/image\/","url":"https:\/\/www.guerini.it\/wp-content\/uploads\/2021\/03\/Logo-Guerini-OK_-e1615831292285.png","contentUrl":"https:\/\/www.guerini.it\/wp-content\/uploads\/2021\/03\/Logo-Guerini-OK_-e1615831292285.png","width":2805,"height":1870,"caption":"Guerini e Associati"},"image":{"@id":"https:\/\/www.guerini.it\/#\/schema\/logo\/image\/"}}]}},"_links":{"self":[{"href":"https:\/\/www.guerini.it\/index.php\/wp-json\/wp\/v2\/product\/15607","targetHints":{"allow":["GET"]}}],"collection":[{"href":"https:\/\/www.guerini.it\/index.php\/wp-json\/wp\/v2\/product"}],"about":[{"href":"https:\/\/www.guerini.it\/index.php\/wp-json\/wp\/v2\/types\/product"}],"wp:featuredmedia":[{"embeddable":true,"href":"https:\/\/www.guerini.it\/index.php\/wp-json\/wp\/v2\/media\/23455"}],"wp:attachment":[{"href":"https:\/\/www.guerini.it\/index.php\/wp-json\/wp\/v2\/media?parent=15607"}],"wp:term":[{"taxonomy":"product_brand","embeddable":true,"href":"https:\/\/www.guerini.it\/index.php\/wp-json\/wp\/v2\/product_brand?post=15607"},{"taxonomy":"product_cat","embeddable":true,"href":"https:\/\/www.guerini.it\/index.php\/wp-json\/wp\/v2\/product_cat?post=15607"},{"taxonomy":"product_tag","embeddable":true,"href":"https:\/\/www.guerini.it\/index.php\/wp-json\/wp\/v2\/product_tag?post=15607"}],"curies":[{"name":"wp","href":"https:\/\/api.w.org\/{rel}","templated":true}]}}

<p style="text-align: justify;">Immaginare il futuro è il primo passo per costruirlo.<br />
Apertura, autenticità, congruenza, creatività, intuizione, reciprocità, semplicità, spontaneità, sono le parole per il futuro proposte dall’autrice in un percorso che, partendo dallo scenario della crisi finanziaria del 2008 e delle conseguenze sul sistema economico e sociale, arriva alla definizione di un profilo di impresa quale «comunità generativa», capace di collegare la propria azione in una visione, un orizzonte comune e condiviso con la società nella quale opera. Capace di assumersi la responsabilità di costruire un futuro migliore per il Paese. Rosanna Celestino riporta, a sostanziare le sue riflessioni, interviste e conversazioni con imprenditori e manager che si aprono con il tema «Come vogliamo essere», come Paese e come Imprese, proposto da Alberto Baban, Presidente delle Piccole e Medie Industrie di Confindustria, e continuano con i contributi di Elena Aniello, Lorena Antoniazzi, Olivia Bacco, Gianluca Bocchi, Roberto Cingolani, Stefano Colli Lanzi, Beppe Cova, Maurizio di Robilant, Sergio Fava, Cinzia Giangiacomi, Guido Giubergia, Enrico Loccioni, Gianluca Massalini, Luca Mirabassi, Barbara Paglieri, Giuliana Paoletti, Giovanni Ricceri, Valter Scavolini, Marco Scippa, Paolo Umidon, Luca Valerii, Lucio Zanca.</p>
<hr />
<p style="text-align: justify;"><strong>Rosanna Celestino</strong> è da sempre fautrice della multidisciplinarità e nel suo network Celestino &amp; Associati, si incontrano antropologia e pragmatica della comunicazione, filosofia e teatro. Da venticinque anni segue imprese nazionali e internazionali sui temi della Cultura d’Impresa, Creatività, Leadership, Brand Commitment e Team Building. Per Guerini e Associati ha pubblicato nel 2006 <a href="https://www.guerini.it/index.php/prodotto/team-building/"><em>Team building. Fare squadra nelle organizzazioni</em></a>.</p>

<p>Apertura, autenticità, congruenza, creatività, intuizione, reciprocità, semplicità, spontaneità, sono le parole per il futuro proposte dall’autrice in un percorso che, partendo dallo scenario della crisi finanziaria del 2008 e delle conseguenze sul sistema economico e sociale, arriva alla definizione di un profilo di impresa quale «comunità generativa», capace di collegare la propria azione in una visione, un orizzonte comune e condiviso con la società nella quale opera. Capace di assumersi la responsabilità di costruire un futuro migliore per il Paese. Rosanna Celestino riporta, a sostanziare le sue riflessioni, interviste e conversazioni con imprenditori e manager che si aprono con il tema «Come vogliamo essere», come Paese e come Imprese, proposto da Alberto Baban, Presidente delle Piccole e Medie Industrie di Confindustria.</p>

<!-- This site is optimized with the Yoast SEO plugin v25.4 - https://yoast.com/wordpress/plugins/seo/ -->
<title>Immaginare il futuro - Guerini e Associati</title>
<meta name="robots" content="index, follow, max-snippet:-1, max-image-preview:large, max-video-preview:-1" />
<link rel="canonical" href="https://www.guerini.it/index.php/prodotto/immaginare-il-futuro/" />
<meta property="og:locale" content="it_IT" />
<meta property="og:type" content="article" />
<meta property="og:title" content="Immaginare il futuro - Guerini e Associati" />
<meta property="og:description" content="Apertura, autenticità, congruenza, creatività, intuizione, reciprocità, semplicità, spontaneità, sono le parole per il futuro proposte dall’autrice in un percorso che, partendo dallo scenario della crisi finanziaria del 2008 e delle conseguenze sul sistema economico e sociale, arriva alla definizione di un profilo di impresa quale «comunità generativa», capace di collegare la propria azione in una visione, un orizzonte comune e condiviso con la società nella quale opera. Capace di assumersi la responsabilità di costruire un futuro migliore per il Paese. Rosanna Celestino riporta, a sostanziare le sue riflessioni, interviste e conversazioni con imprenditori e manager che si aprono con il tema «Come vogliamo essere», come Paese e come Imprese, proposto da Alberto Baban, Presidente delle Piccole e Medie Industrie di Confindustria." />
<meta property="og:url" content="https://www.guerini.it/index.php/prodotto/immaginare-il-futuro/" />
<meta property="og:site_name" content="Guerini e Associati" />
<meta property="article:modified_time" content="2024-06-12T12:39:26+00:00" />
<meta property="og:image" content="https://www.guerini.it/wp-content/uploads/2015/09/Immaginare-il-futuro.webp" />
	<meta property="og:image:width" content="1085" />
	<meta property="og:image:height" content="1659" />
	<meta property="og:image:type" content="image/webp" />
<meta name="twitter:card" content="summary_large_image" />
<meta name="twitter:label1" content="Tempo di lettura stimato" />
	<meta name="twitter:data1" content="2 minuti" />
<!-- / Yoast SEO plugin. -->

Apertura, autenticità, congruenza, creatività, intuizione, reciprocità, semplicità, spontaneità, sono le parole per il futuro proposte dall’autrice in un percorso che, partendo dallo scenario della crisi finanziaria del 2008 e delle conseguenze sul sistema economico e sociale, arriva alla definizione di un profilo di impresa quale «comunità generativa», capace di collegare la propria azione in una visione, un orizzonte comune e condiviso con la società nella quale opera. Capace di assumersi la responsabilità di costruire un futuro migliore per il Paese. Rosanna Celestino riporta, a sostanziare le sue riflessioni, interviste e conversazioni con imprenditori e manager che si aprono con il tema «Come vogliamo essere», come Paese e come Imprese, proposto da Alberto Baban, Presidente delle Piccole e Medie Industrie di Confindustria.

30 anni di libri, idee e libertà
