{"id":15613,"date":"2015-10-08T09:45:36","date_gmt":"2015-10-08T07:45:36","guid":{"rendered":"https:\/\/test.guerini.it\/?product=una-certa-idea-dell-italia"},"modified":"2024-06-12T14:41:48","modified_gmt":"2024-06-12T12:41:48","slug":"una-certa-idea-dell-italia","status":"publish","type":"product","link":"https:\/\/www.guerini.it\/index.php\/prodotto\/una-certa-idea-dell-italia\/","title":{"rendered":"Una certa idea dell&#8217;Italia"},"content":{"rendered":"<p>Lamberto Dini ripercorre, sotto la regia accorta di Luigi Tivelli, pi&ugrave; di cinquant&#8217;anni vissuti sulla scena politica ed economica italiana ed internazionale. Non &egrave; per&ograve; questo il solito libro di memorie, ma un racconto plastico e vivo, in cui le tante occasioni mancate del Paese vengono spesso confrontate con la gravit&agrave; dei problemi attuali. N&eacute; prevale mai il rimpianto dell&#8217;ex Premier per i bei tempi andati. Si tratta, anzi, di un lavoro che ha il vigore di un saggio critico sul presente dell&#8217;Italia e dell&#8217;Europa, ma anche proiettato sul futuro, in cui lo statista fiorentino presenta un nuovo progetto liberal-democratico per l&#8217;Italia, basato su meno Stato e pi&ugrave; mercato, su una riduzione dell&#8217;oppressione del settore pubblico e un progetto moderno e innovativo per l&#8217;Europa, di cui l&#8217;Italia, che ha dato al progetto europeo il pensiero e l&#8217;azione di uomini come Altiero Spinelli, dovrebbe essere protagonista principale.<\/p>\n","protected":false},"excerpt":{"rendered":"<p>Lamberto Dini ripercorre, sotto la regia accorta di Luigi Tivelli, pi\u00f9 di cinquant&#8217;anni vissuti sulla scena politica ed economica italiana ed internazionale. Non \u00e8 per\u00f2 questo il solito libro di memorie, ma un racconto plastico e vivo, in cui le tante occasioni mancate del Paese vengono spesso confrontate con la gravit\u00e0 dei problemi attuali. N\u00e9 prevale mai il rimpianto dell&#8217;ex Premier per i bei tempi andati. Si tratta, anzi, di un lavoro che ha il vigore di un saggio critico sul presente dell&#8217;Italia e dell&#8217;Europa, ma anche proiettato sul futuro, in cui lo statista fiorentino presenta un nuovo progetto liberal-democratico per l&#8217;Italia, basato su meno Stato e pi\u00f9 mercato, su una riduzione dell&#8217;oppressione del settore pubblico e un progetto moderno e innovativo per l&#8217;Europa, di cui l&#8217;Italia, che ha dato al progetto europeo il pensiero e l&#8217;azione di uomini come Altiero Spinelli, dovrebbe essere protagonista principale.<\/p>\n","protected":false},"featured_media":15612,"template":"","meta":{"_editorskit_title_hidden":false,"_editorskit_reading_time":0,"_editorskit_is_block_options_detached":false,"_editorskit_block_options_position":"{}","_monsterinsights_skip_tracking":false,"_monsterinsights_sitenote_active":false,"_monsterinsights_sitenote_note":"","_monsterinsights_sitenote_category":0},"product_brand":[],"product_cat":[6585,6539],"product_tag":[],"class_list":{"0":"post-15613","1":"product","2":"type-product","3":"status-publish","4":"has-post-thumbnail","6":"product_cat-sma","7":"product_cat-storia-e-geografia","8":"pa_guerini_link_amazon-7a-httpswwwamazonitcerta_idea","9":"pa_guerini_link_bookrepublic-fd-httpswwwbookrepublicitbook","10":"pa_guerini_link_giunti_punto-6b-httpwwwgiuntialpuntoitprod","11":"pa_guerini_link_ibs-03-httpwwwibsitebookdini_lamb","12":"pa_guerini_link_kobo-26-httpsstorekobobookscomit_i","13":"pa_guerini_link_lafeltrinelli-d0-httpwwwlafeltrinelliiteboo","14":"pa_guerini_link_mondadori-35-httpwwwmondadoristoreituna","15":"pa_guerini_strillo-b0-unoccasionepercapireilpres","17":"first","18":"instock","19":"sale","20":"shipping-taxable","21":"purchasable","22":"product-type-simple"},"yoast_head":"<!-- This site is optimized with the Yoast SEO plugin v25.4 - https:\/\/yoast.com\/wordpress\/plugins\/seo\/ -->\n<title>Una certa idea dell&#039;Italia - Guerini e Associati<\/title>\n<meta name=\"robots\" content=\"index, follow, max-snippet:-1, max-image-preview:large, max-video-preview:-1\" \/>\n<link rel=\"canonical\" href=\"https:\/\/www.guerini.it\/index.php\/prodotto\/una-certa-idea-dell-italia\/\" \/>\n<meta property=\"og:locale\" content=\"it_IT\" \/>\n<meta property=\"og:type\" content=\"article\" \/>\n<meta property=\"og:title\" content=\"Una certa idea dell&#039;Italia - Guerini e Associati\" \/>\n<meta property=\"og:description\" content=\"Lamberto Dini ripercorre, sotto la regia accorta di Luigi Tivelli, pi\u00f9 di cinquant&#039;anni vissuti sulla scena politica ed economica italiana ed internazionale. Non \u00e8 per\u00f2 questo il solito libro di memorie, ma un racconto plastico e vivo, in cui le tante occasioni mancate del Paese vengono spesso confrontate con la gravit\u00e0 dei problemi attuali. N\u00e9 prevale mai il rimpianto dell&#039;ex Premier per i bei tempi andati. Si tratta, anzi, di un lavoro che ha il vigore di un saggio critico sul presente dell&#039;Italia e dell&#039;Europa, ma anche proiettato sul futuro, in cui lo statista fiorentino presenta un nuovo progetto liberal-democratico per l&#039;Italia, basato su meno Stato e pi\u00f9 mercato, su una riduzione dell&#039;oppressione del settore pubblico e un progetto moderno e innovativo per l&#039;Europa, di cui l&#039;Italia, che ha dato al progetto europeo il pensiero e l&#039;azione di uomini come Altiero Spinelli, dovrebbe essere protagonista principale.\" \/>\n<meta property=\"og:url\" content=\"https:\/\/www.guerini.it\/index.php\/prodotto\/una-certa-idea-dell-italia\/\" \/>\n<meta property=\"og:site_name\" content=\"Guerini e Associati\" \/>\n<meta property=\"article:modified_time\" content=\"2024-06-12T12:41:48+00:00\" \/>\n<meta property=\"og:image\" content=\"https:\/\/www.guerini.it\/wp-content\/uploads\/2015\/10\/una_certa_idea_dell_italia_sito.jpg\" \/>\n\t<meta property=\"og:image:width\" content=\"236\" \/>\n\t<meta property=\"og:image:height\" content=\"353\" \/>\n\t<meta property=\"og:image:type\" content=\"image\/jpeg\" \/>\n<meta name=\"twitter:card\" content=\"summary_large_image\" \/>\n<meta name=\"twitter:label1\" content=\"Tempo di lettura stimato\" \/>\n\t<meta name=\"twitter:data1\" content=\"1 minuto\" \/>\n<!-- \/ Yoast SEO plugin. -->","yoast_head_json":{"title":"Una certa idea dell'Italia - Guerini e Associati","robots":{"index":"index","follow":"follow","max-snippet":"max-snippet:-1","max-image-preview":"max-image-preview:large","max-video-preview":"max-video-preview:-1"},"canonical":"https:\/\/www.guerini.it\/index.php\/prodotto\/una-certa-idea-dell-italia\/","og_locale":"it_IT","og_type":"article","og_title":"Una certa idea dell'Italia - Guerini e Associati","og_description":"Lamberto Dini ripercorre, sotto la regia accorta di Luigi Tivelli, pi\u00f9 di cinquant'anni vissuti sulla scena politica ed economica italiana ed internazionale. Non \u00e8 per\u00f2 questo il solito libro di memorie, ma un racconto plastico e vivo, in cui le tante occasioni mancate del Paese vengono spesso confrontate con la gravit\u00e0 dei problemi attuali. N\u00e9 prevale mai il rimpianto dell'ex Premier per i bei tempi andati. Si tratta, anzi, di un lavoro che ha il vigore di un saggio critico sul presente dell'Italia e dell'Europa, ma anche proiettato sul futuro, in cui lo statista fiorentino presenta un nuovo progetto liberal-democratico per l'Italia, basato su meno Stato e pi\u00f9 mercato, su una riduzione dell'oppressione del settore pubblico e un progetto moderno e innovativo per l'Europa, di cui l'Italia, che ha dato al progetto europeo il pensiero e l'azione di uomini come Altiero Spinelli, dovrebbe essere protagonista principale.","og_url":"https:\/\/www.guerini.it\/index.php\/prodotto\/una-certa-idea-dell-italia\/","og_site_name":"Guerini e Associati","article_modified_time":"2024-06-12T12:41:48+00:00","og_image":[{"width":236,"height":353,"url":"https:\/\/www.guerini.it\/wp-content\/uploads\/2015\/10\/una_certa_idea_dell_italia_sito.jpg","type":"image\/jpeg"}],"twitter_card":"summary_large_image","twitter_misc":{"Tempo di lettura stimato":"1 minuto"},"schema":{"@context":"https:\/\/schema.org","@graph":[{"@type":"WebPage","@id":"https:\/\/www.guerini.it\/index.php\/prodotto\/una-certa-idea-dell-italia\/","url":"https:\/\/www.guerini.it\/index.php\/prodotto\/una-certa-idea-dell-italia\/","name":"Una certa idea dell'Italia - Guerini e Associati","isPartOf":{"@id":"https:\/\/www.guerini.it\/#website"},"primaryImageOfPage":{"@id":"https:\/\/www.guerini.it\/index.php\/prodotto\/una-certa-idea-dell-italia\/#primaryimage"},"image":{"@id":"https:\/\/www.guerini.it\/index.php\/prodotto\/una-certa-idea-dell-italia\/#primaryimage"},"thumbnailUrl":"https:\/\/www.guerini.it\/wp-content\/uploads\/2015\/10\/una_certa_idea_dell_italia_sito.jpg","datePublished":"2015-10-08T07:45:36+00:00","dateModified":"2024-06-12T12:41:48+00:00","breadcrumb":{"@id":"https:\/\/www.guerini.it\/index.php\/prodotto\/una-certa-idea-dell-italia\/#breadcrumb"},"inLanguage":"it-IT","potentialAction":[{"@type":"ReadAction","target":["https:\/\/www.guerini.it\/index.php\/prodotto\/una-certa-idea-dell-italia\/"]}]},{"@type":"ImageObject","inLanguage":"it-IT","@id":"https:\/\/www.guerini.it\/index.php\/prodotto\/una-certa-idea-dell-italia\/#primaryimage","url":"https:\/\/www.guerini.it\/wp-content\/uploads\/2015\/10\/una_certa_idea_dell_italia_sito.jpg","contentUrl":"https:\/\/www.guerini.it\/wp-content\/uploads\/2015\/10\/una_certa_idea_dell_italia_sito.jpg","width":236,"height":353,"caption":"Una certa idea dell'Italia"},{"@type":"BreadcrumbList","@id":"https:\/\/www.guerini.it\/index.php\/prodotto\/una-certa-idea-dell-italia\/#breadcrumb","itemListElement":[{"@type":"ListItem","position":1,"name":"Home","item":"https:\/\/www.guerini.it\/"},{"@type":"ListItem","position":2,"name":"Catalogo","item":"https:\/\/www.guerini.it\/index.php\/negozio\/"},{"@type":"ListItem","position":3,"name":"Una certa idea dell&#8217;Italia"}]},{"@type":"WebSite","@id":"https:\/\/www.guerini.it\/#website","url":"https:\/\/www.guerini.it\/","name":"Guerini e Associati","description":"30 anni di libri, idee e libert\u00e0","publisher":{"@id":"https:\/\/www.guerini.it\/#organization"},"potentialAction":[{"@type":"SearchAction","target":{"@type":"EntryPoint","urlTemplate":"https:\/\/www.guerini.it\/?s={search_term_string}"},"query-input":{"@type":"PropertyValueSpecification","valueRequired":true,"valueName":"search_term_string"}}],"inLanguage":"it-IT"},{"@type":"Organization","@id":"https:\/\/www.guerini.it\/#organization","name":"Guerini e Associati","url":"https:\/\/www.guerini.it\/","logo":{"@type":"ImageObject","inLanguage":"it-IT","@id":"https:\/\/www.guerini.it\/#\/schema\/logo\/image\/","url":"https:\/\/www.guerini.it\/wp-content\/uploads\/2021\/03\/Logo-Guerini-OK_-e1615831292285.png","contentUrl":"https:\/\/www.guerini.it\/wp-content\/uploads\/2021\/03\/Logo-Guerini-OK_-e1615831292285.png","width":2805,"height":1870,"caption":"Guerini e Associati"},"image":{"@id":"https:\/\/www.guerini.it\/#\/schema\/logo\/image\/"}}]}},"_links":{"self":[{"href":"https:\/\/www.guerini.it\/index.php\/wp-json\/wp\/v2\/product\/15613","targetHints":{"allow":["GET"]}}],"collection":[{"href":"https:\/\/www.guerini.it\/index.php\/wp-json\/wp\/v2\/product"}],"about":[{"href":"https:\/\/www.guerini.it\/index.php\/wp-json\/wp\/v2\/types\/product"}],"wp:featuredmedia":[{"embeddable":true,"href":"https:\/\/www.guerini.it\/index.php\/wp-json\/wp\/v2\/media\/15612"}],"wp:attachment":[{"href":"https:\/\/www.guerini.it\/index.php\/wp-json\/wp\/v2\/media?parent=15613"}],"wp:term":[{"taxonomy":"product_brand","embeddable":true,"href":"https:\/\/www.guerini.it\/index.php\/wp-json\/wp\/v2\/product_brand?post=15613"},{"taxonomy":"product_cat","embeddable":true,"href":"https:\/\/www.guerini.it\/index.php\/wp-json\/wp\/v2\/product_cat?post=15613"},{"taxonomy":"product_tag","embeddable":true,"href":"https:\/\/www.guerini.it\/index.php\/wp-json\/wp\/v2\/product_tag?post=15613"}],"curies":[{"name":"wp","href":"https:\/\/api.w.org\/{rel}","templated":true}]}}

<p>Lamberto Dini ripercorre, sotto la regia accorta di Luigi Tivelli, più di cinquant&#8217;anni vissuti sulla scena politica ed economica italiana ed internazionale. Non è però questo il solito libro di memorie, ma un racconto plastico e vivo, in cui le tante occasioni mancate del Paese vengono spesso confrontate con la gravità dei problemi attuali. Né prevale mai il rimpianto dell&#8217;ex Premier per i bei tempi andati. Si tratta, anzi, di un lavoro che ha il vigore di un saggio critico sul presente dell&#8217;Italia e dell&#8217;Europa, ma anche proiettato sul futuro, in cui lo statista fiorentino presenta un nuovo progetto liberal-democratico per l&#8217;Italia, basato su meno Stato e più mercato, su una riduzione dell&#8217;oppressione del settore pubblico e un progetto moderno e innovativo per l&#8217;Europa, di cui l&#8217;Italia, che ha dato al progetto europeo il pensiero e l&#8217;azione di uomini come Altiero Spinelli, dovrebbe essere protagonista principale.</p>

<!-- This site is optimized with the Yoast SEO plugin v25.4 - https://yoast.com/wordpress/plugins/seo/ -->
<title>Una certa idea dell&#039;Italia - Guerini e Associati</title>
<meta name="robots" content="index, follow, max-snippet:-1, max-image-preview:large, max-video-preview:-1" />
<link rel="canonical" href="https://www.guerini.it/index.php/prodotto/una-certa-idea-dell-italia/" />
<meta property="og:locale" content="it_IT" />
<meta property="og:type" content="article" />
<meta property="og:title" content="Una certa idea dell&#039;Italia - Guerini e Associati" />
<meta property="og:description" content="Lamberto Dini ripercorre, sotto la regia accorta di Luigi Tivelli, più di cinquant&#039;anni vissuti sulla scena politica ed economica italiana ed internazionale. Non è però questo il solito libro di memorie, ma un racconto plastico e vivo, in cui le tante occasioni mancate del Paese vengono spesso confrontate con la gravità dei problemi attuali. Né prevale mai il rimpianto dell&#039;ex Premier per i bei tempi andati. Si tratta, anzi, di un lavoro che ha il vigore di un saggio critico sul presente dell&#039;Italia e dell&#039;Europa, ma anche proiettato sul futuro, in cui lo statista fiorentino presenta un nuovo progetto liberal-democratico per l&#039;Italia, basato su meno Stato e più mercato, su una riduzione dell&#039;oppressione del settore pubblico e un progetto moderno e innovativo per l&#039;Europa, di cui l&#039;Italia, che ha dato al progetto europeo il pensiero e l&#039;azione di uomini come Altiero Spinelli, dovrebbe essere protagonista principale." />
<meta property="og:url" content="https://www.guerini.it/index.php/prodotto/una-certa-idea-dell-italia/" />
<meta property="og:site_name" content="Guerini e Associati" />
<meta property="article:modified_time" content="2024-06-12T12:41:48+00:00" />
<meta property="og:image" content="https://www.guerini.it/wp-content/uploads/2015/10/una_certa_idea_dell_italia_sito.jpg" />
	<meta property="og:image:width" content="236" />
	<meta property="og:image:height" content="353" />
	<meta property="og:image:type" content="image/jpeg" />
<meta name="twitter:card" content="summary_large_image" />
<meta name="twitter:label1" content="Tempo di lettura stimato" />
	<meta name="twitter:data1" content="1 minuto" />
<!-- / Yoast SEO plugin. -->

Lamberto Dini ripercorre, sotto la regia accorta di Luigi Tivelli, più di cinquant'anni vissuti sulla scena politica ed economica italiana ed internazionale. Non è però questo il solito libro di memorie, ma un racconto plastico e vivo, in cui le tante occasioni mancate del Paese vengono spesso confrontate con la gravità dei problemi attuali. Né prevale mai il rimpianto dell'ex Premier per i bei tempi andati. Si tratta, anzi, di un lavoro che ha il vigore di un saggio critico sul presente dell'Italia e dell'Europa, ma anche proiettato sul futuro, in cui lo statista fiorentino presenta un nuovo progetto liberal-democratico per l'Italia, basato su meno Stato e più mercato, su una riduzione dell'oppressione del settore pubblico e un progetto moderno e innovativo per l'Europa, di cui l'Italia, che ha dato al progetto europeo il pensiero e l'azione di uomini come Altiero Spinelli, dovrebbe essere protagonista principale.

30 anni di libri, idee e libertà
