{"id":15627,"date":"2015-10-20T07:52:40","date_gmt":"2015-10-20T05:52:40","guid":{"rendered":"https:\/\/test.guerini.it\/?product=la-scelta-dell-inclusione"},"modified":"2024-06-12T14:35:20","modified_gmt":"2024-06-12T12:35:20","slug":"la-scelta-dell-inclusione","status":"publish","type":"product","link":"https:\/\/www.guerini.it\/index.php\/prodotto\/la-scelta-dell-inclusione\/","title":{"rendered":"La scelta dell&#8217;inclusione"},"content":{"rendered":"<p style=\"text-align: right;\"><em>\u00abL&#8217;inclusione \u00e8 [&#8230;] una questione di sguardo e lavorare per l&#8217;inclusione, educare all&#8217;inclusione, vuol dire educare il proprio sguardo e rivolgerlo a se stessi,<br \/>\nprima ancora che all&#8217;altro e che alla meta, affinch\u00e9 l&#8217;agire educativo non sia teso a colonizzare l&#8217;altro per renderlo come noi lo vogliamo [&#8230;].\u00bb<\/em><\/p>\n<p style=\"text-align: right;\"><em>(dal Capitolo 1)<\/em><\/p>\n<p style=\"text-align: justify;\">La <em>scelta dell\u2019inclusione<\/em> parte da un coinvolgimento personale. Scegliere di includere vuol dire, prima di ogni cosa, scegliere di <em>includersi<\/em>, di mettersi in discussione, di ripercorrere la propria storia, di lavorare sulle proprie emozioni, sulla consapevolezza dei propri punti di forza e di debolezza.<br \/>\nLa scelta di includere \u00e8 relativa all\u2019<em>includere l\u2019altro<\/em> come egli \u00e8, senza investirlo e caricarlo di aspettative proprie, ma impegnandosi a fornirgli gli strumenti necessari affinch\u00e9 un giorno sia lui a poter scegliere <em>chi<\/em> e <em>come<\/em> essere.<br \/>\nLa scelta di includere \u00e8 prima di tutto una <em>scelta etica<\/em>, ed \u00e8 proprio dalla dimensione etica, ossia dalla volont\u00e0 di restituire alla nostra societ\u00e0 l\u2019integrit\u00e0 che perde ogniqualvolta una persona resta esclusa, che scaturisce la seconda dimensione, quella culturale e scientifica. La scienza, in particolare quella pedagogica, ponendosi al servizio dei processi di inclusione nei contesti reali, esprime la sua natura di scienza sociale, empirica e pratica, oltre che eidetica, che si alimenta nel confronto diretto con le esperienze e i contesti reali di cui si interessa.<br \/>\nQuesto volume intende, dunque, offrire spunti di riflessione teorico-metodologici e strumenti per progettare e gestire un servizio educativo in condizioni di difficolt\u00e0, a partire da un\u2019esperienza concreta, dalla sua genesi e dal suo sviluppo. In tal senso, si descrive quanto \u00e8 stato realizzato in oltre dieci anni di attivit\u00e0 di ricerca, di formazione e di educazione con bambini e genitori che vivono situazioni di devianza e rischio sociale.<\/p>\n<hr \/>\n<p style=\"text-align: justify;\"><strong>FAUSTA SABATANO<\/strong> \u00e8 dottore di ricerca in \u00abPedagogia della formazione\u00bb e assegnista presso l\u2019Universit\u00e0 degli Studi di Napoli \u00abParthenope\u00bb. Dal 2013, \u00e8 vicedirettore del \u00abCentro Educativo Diocesano Regina Pacis\u00bb. I suoi principali interessi professionali e di ricerca si riferiscono alla formazione degli educatori, finalizzata allo sviluppo di competenze trasversali e riflessive. Sul tema dell\u2019educazione in situazioni\u00a0 di disagio ha pubblicato recentemente: \u00abEducare per includere in contesti di rischio e marginalit\u00e0\u00bb, <em>Enciclopedeya<\/em>, vol. 19, n. 42; \u00abGenitorialit\u00e0 migrante: un\u2019esperienza di formazione interculturale con madri immigrate a Napoli\u00bb, <em>Rief<\/em>, n. 1, 2015, pp. 53-75; <em>Crescere ai margini<\/em>, Roma 2011.<\/p>\n","protected":false},"excerpt":{"rendered":"<p>Questo volume intende offrire spunti di riflessione teorico-metodologici e strumenti per progettare e gestire un servizio educativo in condizioni di difficolt\u00e0, a partire da un&#8217;esperienza concreta, dalla sua genesi e dal suo sviluppo. In tal senso, si descrive quanto \u00e8 stato realizzato in oltre dieci anni di attivit\u00e0 di ricerca, di formazione e di educazione con bambini e genitori che vivono situazioni di devianza e rischio sociale.<\/p>\n","protected":false},"featured_media":15626,"template":"","meta":{"_editorskit_title_hidden":false,"_editorskit_reading_time":0,"_editorskit_is_block_options_detached":false,"_editorskit_block_options_position":"{}","_monsterinsights_skip_tracking":false,"_monsterinsights_sitenote_active":false,"_monsterinsights_sitenote_note":"","_monsterinsights_sitenote_category":0},"product_brand":[],"product_cat":[6672],"product_tag":[],"class_list":{"0":"post-15627","1":"product","2":"type-product","3":"status-publish","4":"has-post-thumbnail","6":"product_cat-processi-formativi-nuova-serie","7":"pa_guerini_amazon_link-https-www-amazon-it-dellinclusione-progettare-leducazione-contesti-disagio-dp-8881073862","8":"pa_guerini_feltrinelli_link-https-www-lafeltrinelli-it-scelta-dell-inclusione-progettare-educazione-libro-fausta-sabatano-e-9788881073863","9":"pa_guerini_ibs_link-https-www-ibs-it-scelta-dell-inclusione-progettare-educazione-libro-fausta-sabatano-e-9788881073863","10":"pa_guerini_libruniver_link-https-www-libreriauniversitaria-it-scelta-inclusione-progettare-educazione-contesti-libro-9788881073863","11":"pa_guerini_link_amazon-de-httpswwwamazonitdellinclus","12":"pa_guerini_link_apple_ibook-67-httpsbooksapplecomitbookla","13":"pa_guerini_link_bookrepublic-https-www-bookrepublic-it-ebook-9788881953738-la-scelta-dellinclusione-progettare-leducazione-in-contesti-di-disagio-sociale-goware-e-edizioni-angelo-guerini-e-associati","14":"pa_guerini_link_giunti_punto-0c-httpswwwgiuntialpuntoitpro","15":"pa_guerini_link_ibs-79-httpswwwibsitscelta_dell_i","16":"pa_guerini_link_kobo-https-www-kobo-com-it-it-ebook-la-scelta-dell-inclusione-progettare-l-educazione-in-contesti-di-disagio-sociale","17":"pa_guerini_link_lafeltrinelli-https-www-lafeltrinelli-it-scelta-dell-inclusione-progettare-educazione-ebook-fausta-sabatano-e-9788881953738","18":"pa_guerini_link_mondadori-https-www-mondadoristore-it-scelta-dellinclusione-fausta-sabatano-eai978888195373","19":"pa_guerini_mondadori_link-https-www-mondadoristore-it-scelta-dell-inclusione-fausta-sabatano-eai978888107386","21":"first","22":"instock","23":"sale","24":"shipping-taxable","25":"purchasable","26":"product-type-simple"},"yoast_head":"<!-- This site is optimized with the Yoast SEO plugin v25.4 - https:\/\/yoast.com\/wordpress\/plugins\/seo\/ -->\n<title>La scelta dell&#039;inclusione - Guerini e Associati<\/title>\n<meta name=\"robots\" content=\"index, follow, max-snippet:-1, max-image-preview:large, max-video-preview:-1\" \/>\n<link rel=\"canonical\" href=\"https:\/\/www.guerini.it\/index.php\/prodotto\/la-scelta-dell-inclusione\/\" \/>\n<meta property=\"og:locale\" content=\"it_IT\" \/>\n<meta property=\"og:type\" content=\"article\" \/>\n<meta property=\"og:title\" content=\"La scelta dell&#039;inclusione - Guerini e Associati\" \/>\n<meta property=\"og:description\" content=\"Questo volume intende offrire spunti di riflessione teorico-metodologici e strumenti per progettare e gestire un servizio educativo in condizioni di difficolt\u00e0, a partire da un&#039;esperienza concreta, dalla sua genesi e dal suo sviluppo. In tal senso, si descrive quanto \u00e8 stato realizzato in oltre dieci anni di attivit\u00e0 di ricerca, di formazione e di educazione con bambini e genitori che vivono situazioni di devianza e rischio sociale.\" \/>\n<meta property=\"og:url\" content=\"https:\/\/www.guerini.it\/index.php\/prodotto\/la-scelta-dell-inclusione\/\" \/>\n<meta property=\"og:site_name\" content=\"Guerini e Associati\" \/>\n<meta property=\"article:modified_time\" content=\"2024-06-12T12:35:20+00:00\" \/>\n<meta property=\"og:image\" content=\"https:\/\/www.guerini.it\/wp-content\/uploads\/2015\/10\/scelta_dell_inclusione_la__sito.jpg\" \/>\n\t<meta property=\"og:image:width\" content=\"228\" \/>\n\t<meta property=\"og:image:height\" content=\"353\" \/>\n\t<meta property=\"og:image:type\" content=\"image\/jpeg\" \/>\n<meta name=\"twitter:card\" content=\"summary_large_image\" \/>\n<meta name=\"twitter:label1\" content=\"Tempo di lettura stimato\" \/>\n\t<meta name=\"twitter:data1\" content=\"3 minuti\" \/>\n<!-- \/ Yoast SEO plugin. -->","yoast_head_json":{"title":"La scelta dell'inclusione - Guerini e Associati","robots":{"index":"index","follow":"follow","max-snippet":"max-snippet:-1","max-image-preview":"max-image-preview:large","max-video-preview":"max-video-preview:-1"},"canonical":"https:\/\/www.guerini.it\/index.php\/prodotto\/la-scelta-dell-inclusione\/","og_locale":"it_IT","og_type":"article","og_title":"La scelta dell'inclusione - Guerini e Associati","og_description":"Questo volume intende offrire spunti di riflessione teorico-metodologici e strumenti per progettare e gestire un servizio educativo in condizioni di difficolt\u00e0, a partire da un'esperienza concreta, dalla sua genesi e dal suo sviluppo. In tal senso, si descrive quanto \u00e8 stato realizzato in oltre dieci anni di attivit\u00e0 di ricerca, di formazione e di educazione con bambini e genitori che vivono situazioni di devianza e rischio sociale.","og_url":"https:\/\/www.guerini.it\/index.php\/prodotto\/la-scelta-dell-inclusione\/","og_site_name":"Guerini e Associati","article_modified_time":"2024-06-12T12:35:20+00:00","og_image":[{"width":228,"height":353,"url":"https:\/\/www.guerini.it\/wp-content\/uploads\/2015\/10\/scelta_dell_inclusione_la__sito.jpg","type":"image\/jpeg"}],"twitter_card":"summary_large_image","twitter_misc":{"Tempo di lettura stimato":"3 minuti"},"schema":{"@context":"https:\/\/schema.org","@graph":[{"@type":"WebPage","@id":"https:\/\/www.guerini.it\/index.php\/prodotto\/la-scelta-dell-inclusione\/","url":"https:\/\/www.guerini.it\/index.php\/prodotto\/la-scelta-dell-inclusione\/","name":"La scelta dell'inclusione - Guerini e Associati","isPartOf":{"@id":"https:\/\/www.guerini.it\/#website"},"primaryImageOfPage":{"@id":"https:\/\/www.guerini.it\/index.php\/prodotto\/la-scelta-dell-inclusione\/#primaryimage"},"image":{"@id":"https:\/\/www.guerini.it\/index.php\/prodotto\/la-scelta-dell-inclusione\/#primaryimage"},"thumbnailUrl":"https:\/\/www.guerini.it\/wp-content\/uploads\/2015\/10\/scelta_dell_inclusione_la__sito.jpg","datePublished":"2015-10-20T05:52:40+00:00","dateModified":"2024-06-12T12:35:20+00:00","breadcrumb":{"@id":"https:\/\/www.guerini.it\/index.php\/prodotto\/la-scelta-dell-inclusione\/#breadcrumb"},"inLanguage":"it-IT","potentialAction":[{"@type":"ReadAction","target":["https:\/\/www.guerini.it\/index.php\/prodotto\/la-scelta-dell-inclusione\/"]}]},{"@type":"ImageObject","inLanguage":"it-IT","@id":"https:\/\/www.guerini.it\/index.php\/prodotto\/la-scelta-dell-inclusione\/#primaryimage","url":"https:\/\/www.guerini.it\/wp-content\/uploads\/2015\/10\/scelta_dell_inclusione_la__sito.jpg","contentUrl":"https:\/\/www.guerini.it\/wp-content\/uploads\/2015\/10\/scelta_dell_inclusione_la__sito.jpg","width":228,"height":353,"caption":"La scelta dell'inclusione"},{"@type":"BreadcrumbList","@id":"https:\/\/www.guerini.it\/index.php\/prodotto\/la-scelta-dell-inclusione\/#breadcrumb","itemListElement":[{"@type":"ListItem","position":1,"name":"Home","item":"https:\/\/www.guerini.it\/"},{"@type":"ListItem","position":2,"name":"Catalogo","item":"https:\/\/www.guerini.it\/index.php\/negozio\/"},{"@type":"ListItem","position":3,"name":"La scelta dell&#8217;inclusione"}]},{"@type":"WebSite","@id":"https:\/\/www.guerini.it\/#website","url":"https:\/\/www.guerini.it\/","name":"Guerini e Associati","description":"30 anni di libri, idee e libert\u00e0","publisher":{"@id":"https:\/\/www.guerini.it\/#organization"},"potentialAction":[{"@type":"SearchAction","target":{"@type":"EntryPoint","urlTemplate":"https:\/\/www.guerini.it\/?s={search_term_string}"},"query-input":{"@type":"PropertyValueSpecification","valueRequired":true,"valueName":"search_term_string"}}],"inLanguage":"it-IT"},{"@type":"Organization","@id":"https:\/\/www.guerini.it\/#organization","name":"Guerini e Associati","url":"https:\/\/www.guerini.it\/","logo":{"@type":"ImageObject","inLanguage":"it-IT","@id":"https:\/\/www.guerini.it\/#\/schema\/logo\/image\/","url":"https:\/\/www.guerini.it\/wp-content\/uploads\/2021\/03\/Logo-Guerini-OK_-e1615831292285.png","contentUrl":"https:\/\/www.guerini.it\/wp-content\/uploads\/2021\/03\/Logo-Guerini-OK_-e1615831292285.png","width":2805,"height":1870,"caption":"Guerini e Associati"},"image":{"@id":"https:\/\/www.guerini.it\/#\/schema\/logo\/image\/"}}]}},"_links":{"self":[{"href":"https:\/\/www.guerini.it\/index.php\/wp-json\/wp\/v2\/product\/15627","targetHints":{"allow":["GET"]}}],"collection":[{"href":"https:\/\/www.guerini.it\/index.php\/wp-json\/wp\/v2\/product"}],"about":[{"href":"https:\/\/www.guerini.it\/index.php\/wp-json\/wp\/v2\/types\/product"}],"wp:featuredmedia":[{"embeddable":true,"href":"https:\/\/www.guerini.it\/index.php\/wp-json\/wp\/v2\/media\/15626"}],"wp:attachment":[{"href":"https:\/\/www.guerini.it\/index.php\/wp-json\/wp\/v2\/media?parent=15627"}],"wp:term":[{"taxonomy":"product_brand","embeddable":true,"href":"https:\/\/www.guerini.it\/index.php\/wp-json\/wp\/v2\/product_brand?post=15627"},{"taxonomy":"product_cat","embeddable":true,"href":"https:\/\/www.guerini.it\/index.php\/wp-json\/wp\/v2\/product_cat?post=15627"},{"taxonomy":"product_tag","embeddable":true,"href":"https:\/\/www.guerini.it\/index.php\/wp-json\/wp\/v2\/product_tag?post=15627"}],"curies":[{"name":"wp","href":"https:\/\/api.w.org\/{rel}","templated":true}]}}

<p style="text-align: right;"><em>«L&#8217;inclusione è [&#8230;] una questione di sguardo e lavorare per l&#8217;inclusione, educare all&#8217;inclusione, vuol dire educare il proprio sguardo e rivolgerlo a se stessi,<br />
prima ancora che all&#8217;altro e che alla meta, affinché l&#8217;agire educativo non sia teso a colonizzare l&#8217;altro per renderlo come noi lo vogliamo [&#8230;].»</em></p>
<p style="text-align: right;"><em>(dal Capitolo 1)</em></p>
<p style="text-align: justify;">La <em>scelta dell’inclusione</em> parte da un coinvolgimento personale. Scegliere di includere vuol dire, prima di ogni cosa, scegliere di <em>includersi</em>, di mettersi in discussione, di ripercorrere la propria storia, di lavorare sulle proprie emozioni, sulla consapevolezza dei propri punti di forza e di debolezza.<br />
La scelta di includere è relativa all’<em>includere l’altro</em> come egli è, senza investirlo e caricarlo di aspettative proprie, ma impegnandosi a fornirgli gli strumenti necessari affinché un giorno sia lui a poter scegliere <em>chi</em> e <em>come</em> essere.<br />
La scelta di includere è prima di tutto una <em>scelta etica</em>, ed è proprio dalla dimensione etica, ossia dalla volontà di restituire alla nostra società l’integrità che perde ogniqualvolta una persona resta esclusa, che scaturisce la seconda dimensione, quella culturale e scientifica. La scienza, in particolare quella pedagogica, ponendosi al servizio dei processi di inclusione nei contesti reali, esprime la sua natura di scienza sociale, empirica e pratica, oltre che eidetica, che si alimenta nel confronto diretto con le esperienze e i contesti reali di cui si interessa.<br />
Questo volume intende, dunque, offrire spunti di riflessione teorico-metodologici e strumenti per progettare e gestire un servizio educativo in condizioni di difficoltà, a partire da un’esperienza concreta, dalla sua genesi e dal suo sviluppo. In tal senso, si descrive quanto è stato realizzato in oltre dieci anni di attività di ricerca, di formazione e di educazione con bambini e genitori che vivono situazioni di devianza e rischio sociale.</p>
<hr />
<p style="text-align: justify;"><strong>FAUSTA SABATANO</strong> è dottore di ricerca in «Pedagogia della formazione» e assegnista presso l’Università degli Studi di Napoli «Parthenope». Dal 2013, è vicedirettore del «Centro Educativo Diocesano Regina Pacis». I suoi principali interessi professionali e di ricerca si riferiscono alla formazione degli educatori, finalizzata allo sviluppo di competenze trasversali e riflessive. Sul tema dell’educazione in situazioni  di disagio ha pubblicato recentemente: «Educare per includere in contesti di rischio e marginalità», <em>Enciclopedeya</em>, vol. 19, n. 42; «Genitorialità migrante: un’esperienza di formazione interculturale con madri immigrate a Napoli», <em>Rief</em>, n. 1, 2015, pp. 53-75; <em>Crescere ai margini</em>, Roma 2011.</p>

<p>Questo volume intende offrire spunti di riflessione teorico-metodologici e strumenti per progettare e gestire un servizio educativo in condizioni di difficoltà, a partire da un&#8217;esperienza concreta, dalla sua genesi e dal suo sviluppo. In tal senso, si descrive quanto è stato realizzato in oltre dieci anni di attività di ricerca, di formazione e di educazione con bambini e genitori che vivono situazioni di devianza e rischio sociale.</p>

<!-- This site is optimized with the Yoast SEO plugin v25.4 - https://yoast.com/wordpress/plugins/seo/ -->
<title>La scelta dell&#039;inclusione - Guerini e Associati</title>
<meta name="robots" content="index, follow, max-snippet:-1, max-image-preview:large, max-video-preview:-1" />
<link rel="canonical" href="https://www.guerini.it/index.php/prodotto/la-scelta-dell-inclusione/" />
<meta property="og:locale" content="it_IT" />
<meta property="og:type" content="article" />
<meta property="og:title" content="La scelta dell&#039;inclusione - Guerini e Associati" />
<meta property="og:description" content="Questo volume intende offrire spunti di riflessione teorico-metodologici e strumenti per progettare e gestire un servizio educativo in condizioni di difficoltà, a partire da un&#039;esperienza concreta, dalla sua genesi e dal suo sviluppo. In tal senso, si descrive quanto è stato realizzato in oltre dieci anni di attività di ricerca, di formazione e di educazione con bambini e genitori che vivono situazioni di devianza e rischio sociale." />
<meta property="og:url" content="https://www.guerini.it/index.php/prodotto/la-scelta-dell-inclusione/" />
<meta property="og:site_name" content="Guerini e Associati" />
<meta property="article:modified_time" content="2024-06-12T12:35:20+00:00" />
<meta property="og:image" content="https://www.guerini.it/wp-content/uploads/2015/10/scelta_dell_inclusione_la__sito.jpg" />
	<meta property="og:image:width" content="228" />
	<meta property="og:image:height" content="353" />
	<meta property="og:image:type" content="image/jpeg" />
<meta name="twitter:card" content="summary_large_image" />
<meta name="twitter:label1" content="Tempo di lettura stimato" />
	<meta name="twitter:data1" content="3 minuti" />
<!-- / Yoast SEO plugin. -->

Questo volume intende offrire spunti di riflessione teorico-metodologici e strumenti per progettare e gestire un servizio educativo in condizioni di difficoltà, a partire da un'esperienza concreta, dalla sua genesi e dal suo sviluppo. In tal senso, si descrive quanto è stato realizzato in oltre dieci anni di attività di ricerca, di formazione e di educazione con bambini e genitori che vivono situazioni di devianza e rischio sociale.

30 anni di libri, idee e libertà
