{"id":15655,"date":"2015-12-03T07:50:25","date_gmt":"2015-12-03T06:50:25","guid":{"rendered":"https:\/\/test.guerini.it\/?product=educare-al-cinema-le-origini"},"modified":"2025-12-30T18:59:46","modified_gmt":"2025-12-30T17:59:46","slug":"educare-al-cinema-le-origini","status":"publish","type":"product","link":"https:\/\/www.guerini.it\/index.php\/prodotto\/educare-al-cinema-le-origini\/","title":{"rendered":"Educare al cinema: le origini"},"content":{"rendered":"<p style=\"text-align: justify;\">Quali origini ha avuto la media education? Che cos\u2019era prima dell\u2019avvento del digitale? Chi faceva educazione ai linguaggi audiovisivi, in che modo, e ispirandosi a quali orientamenti o teorie?<br \/>\nSenza la pretesa di costruire una storia esaustiva dei rapporti tra educazione e cinema, il volume cerca di rispondere a queste domande attraverso una serie di studi e testimonianze su come l\u2019educazione al linguaggio filmico si sia sviluppata in diversi contesti e forme, dal cineforum ai giocattoli, dalle guide per gli insegnanti al film making scolastico.<br \/>\nL\u2019\u00abeducare <em>al <\/em>cinema\u00bb che d\u00e0 titolo al libro, allora, non \u00e8 da intendersi come l\u2019espressione di un complemento di luogo, bens\u00ec di scopo, poich\u00e9 si parla di educare <em>alla<\/em> lettura, scrittura e senso critico di testi e linguaggi audiovisivi, secondo pedagogie e didattiche progenitrici di quelle che riscontriamo tuttora per la <em>digital &amp; media literacy<\/em>. L\u2019ipotesi, infatti, \u00e8 che sul cinema la pedagogia abbia messo a punto le categorie concettuali e i modelli d\u2019azione che ancor oggi utilizziamo per tutti gli altri media.<\/p>\n<hr \/>\n<p style=\"text-align: justify;\"><strong>DAMIANO FELINI<\/strong> \u00e8 ricercatore di Pedagogia generale e sociale all\u2019Universit\u00e0 di Parma, dove insegna anche Pedagogia dei media. I suoi interessi di ricerca si concentrano sulla teoria, la storia e le pratiche dell\u2019educazione ai media, sul rapporto tra educazione, cultura e societ\u00e0 e sull\u2019epistemologia pedagogica. \u00c8 membro degli Editorial board del <em>Journal of Media Literacy Education<\/em> e della rivista <em>Media education. Studi, ricerche, buone pratiche<\/em>.<\/p>\n","protected":false},"excerpt":{"rendered":"<p>Quali origini ha avuto la media education? Che cos&#8217;era prima dell&#8217;avvento del digitale? Chi faceva educazione ai linguaggi audiovisivi, in che modo, e ispirandosi a quali orientamenti o teorie?<br \/>\nSenza la pretesa di costruire una storia esaustiva dei rapporti tra educazione e il cinema, il volume cerca di rispondere a queste domande attraverso una serie di studi e testimonianze su come l&#8217;educazione al linguaggio filmico si sia sviluppata in diversi contesti e forme, dal cineforum ai giocattoli, dalle guide per gli insegnanti al film making scolastico.<br \/>\nL&#8217;\u00a0\u00abeducare\u00a0<em>al<\/em>\u00a0cinema\u00bb\u00a0che d\u00e0 titolo al libro, allora, non \u00e8 da intendersi come l&#8217;espressione di un complemento di luogo, bens\u00ec di scopo, poich\u00e9 si parla di educare\u00a0<em>alla<\/em>lettura, scrittura e senso critico di testi e linguaggi audiovisivi, secondo pedagogie e didattiche progenitrici di quelle che riscontriamo tuttora per la\u00a0<em>digital &amp; media literacy<\/em>. L&#8217;ipotesi, infatti, \u00e8 che sul cinema la pedagogia abbia messo a punto le categorie concettuali e i modelli d&#8217;azione che ancor oggi utilizziamo per tutti gli altri media.<\/p>\n","protected":false},"featured_media":15654,"template":"","meta":{"_editorskit_title_hidden":false,"_editorskit_reading_time":0,"_editorskit_is_block_options_detached":false,"_editorskit_block_options_position":"{}","_monsterinsights_skip_tracking":false,"_monsterinsights_sitenote_active":false,"_monsterinsights_sitenote_note":"","_monsterinsights_sitenote_category":0},"product_brand":[],"product_cat":[6536,6672],"product_tag":[8795],"class_list":{"0":"post-15655","1":"product","2":"type-product","3":"status-publish","4":"has-post-thumbnail","6":"product_cat-psicologia-pedagogia","7":"product_cat-processi-formativi-nuova-serie","8":"product_tag-cinema","9":"pa_guerini_amazon_link-https-www-amazon-it-educare-al-cinema-damiano-felini-dp-8881073870","10":"pa_guerini_feltrinelli_link-https-www-lafeltrinelli-it-educare-al-cinema-libro-damiano-felini-e-9788881073870","11":"pa_guerini_ibs_link-https-www-ibs-it-educare-al-cinema-libro-damiano-felini-e-9788881073870","12":"pa_guerini_libruniver_link-https-www-libreriauniversitaria-it-educare-cinema-felini-damiano-guerini-libro-9788881073870","13":"pa_guerini_mondadori_link-https-www-mondadoristore-it-educare-al-cinema-damiano-felini-eai978888107387","15":"first","16":"instock","17":"sale","18":"shipping-taxable","19":"purchasable","20":"product-type-simple"},"yoast_head":"<!-- This site is optimized with the Yoast SEO plugin v25.4 - https:\/\/yoast.com\/wordpress\/plugins\/seo\/ -->\n<title>Educare al cinema: le origini - Guerini e Associati<\/title>\n<meta name=\"robots\" content=\"index, follow, max-snippet:-1, max-image-preview:large, max-video-preview:-1\" \/>\n<link rel=\"canonical\" href=\"https:\/\/www.guerini.it\/index.php\/prodotto\/educare-al-cinema-le-origini\/\" \/>\n<meta property=\"og:locale\" content=\"it_IT\" \/>\n<meta property=\"og:type\" content=\"article\" \/>\n<meta property=\"og:title\" content=\"Educare al cinema: le origini - Guerini e Associati\" \/>\n<meta property=\"og:description\" content=\"Quali origini ha avuto la media education? Che cos&#039;era prima dell&#039;avvento del digitale? Chi faceva educazione ai linguaggi audiovisivi, in che modo, e ispirandosi a quali orientamenti o teorie? Senza la pretesa di costruire una storia esaustiva dei rapporti tra educazione e il cinema, il volume cerca di rispondere a queste domande attraverso una serie di studi e testimonianze su come l&#039;educazione al linguaggio filmico si sia sviluppata in diversi contesti e forme, dal cineforum ai giocattoli, dalle guide per gli insegnanti al film making scolastico. L&#039;\u00a0\u00abeducare\u00a0al\u00a0cinema\u00bb\u00a0che d\u00e0 titolo al libro, allora, non \u00e8 da intendersi come l&#039;espressione di un complemento di luogo, bens\u00ec di scopo, poich\u00e9 si parla di educare\u00a0allalettura, scrittura e senso critico di testi e linguaggi audiovisivi, secondo pedagogie e didattiche progenitrici di quelle che riscontriamo tuttora per la\u00a0digital &amp; media literacy. L&#039;ipotesi, infatti, \u00e8 che sul cinema la pedagogia abbia messo a punto le categorie concettuali e i modelli d&#039;azione che ancor oggi utilizziamo per tutti gli altri media.\" \/>\n<meta property=\"og:url\" content=\"https:\/\/www.guerini.it\/index.php\/prodotto\/educare-al-cinema-le-origini\/\" \/>\n<meta property=\"og:site_name\" content=\"Guerini e Associati\" \/>\n<meta property=\"article:modified_time\" content=\"2025-12-30T17:59:46+00:00\" \/>\n<meta property=\"og:image\" content=\"https:\/\/www.guerini.it\/wp-content\/uploads\/2015\/12\/educare_al_cinema_sito.jpg\" \/>\n\t<meta property=\"og:image:width\" content=\"226\" \/>\n\t<meta property=\"og:image:height\" content=\"353\" \/>\n\t<meta property=\"og:image:type\" content=\"image\/jpeg\" \/>\n<meta name=\"twitter:card\" content=\"summary_large_image\" \/>\n<meta name=\"twitter:label1\" content=\"Tempo di lettura stimato\" \/>\n\t<meta name=\"twitter:data1\" content=\"2 minuti\" \/>\n<!-- \/ Yoast SEO plugin. -->","yoast_head_json":{"title":"Educare al cinema: le origini - Guerini e Associati","robots":{"index":"index","follow":"follow","max-snippet":"max-snippet:-1","max-image-preview":"max-image-preview:large","max-video-preview":"max-video-preview:-1"},"canonical":"https:\/\/www.guerini.it\/index.php\/prodotto\/educare-al-cinema-le-origini\/","og_locale":"it_IT","og_type":"article","og_title":"Educare al cinema: le origini - Guerini e Associati","og_description":"Quali origini ha avuto la media education? Che cos'era prima dell'avvento del digitale? Chi faceva educazione ai linguaggi audiovisivi, in che modo, e ispirandosi a quali orientamenti o teorie? Senza la pretesa di costruire una storia esaustiva dei rapporti tra educazione e il cinema, il volume cerca di rispondere a queste domande attraverso una serie di studi e testimonianze su come l'educazione al linguaggio filmico si sia sviluppata in diversi contesti e forme, dal cineforum ai giocattoli, dalle guide per gli insegnanti al film making scolastico. L'\u00a0\u00abeducare\u00a0al\u00a0cinema\u00bb\u00a0che d\u00e0 titolo al libro, allora, non \u00e8 da intendersi come l'espressione di un complemento di luogo, bens\u00ec di scopo, poich\u00e9 si parla di educare\u00a0allalettura, scrittura e senso critico di testi e linguaggi audiovisivi, secondo pedagogie e didattiche progenitrici di quelle che riscontriamo tuttora per la\u00a0digital &amp; media literacy. L'ipotesi, infatti, \u00e8 che sul cinema la pedagogia abbia messo a punto le categorie concettuali e i modelli d'azione che ancor oggi utilizziamo per tutti gli altri media.","og_url":"https:\/\/www.guerini.it\/index.php\/prodotto\/educare-al-cinema-le-origini\/","og_site_name":"Guerini e Associati","article_modified_time":"2025-12-30T17:59:46+00:00","og_image":[{"width":226,"height":353,"url":"https:\/\/www.guerini.it\/wp-content\/uploads\/2015\/12\/educare_al_cinema_sito.jpg","type":"image\/jpeg"}],"twitter_card":"summary_large_image","twitter_misc":{"Tempo di lettura stimato":"2 minuti"},"schema":{"@context":"https:\/\/schema.org","@graph":[{"@type":"WebPage","@id":"https:\/\/www.guerini.it\/index.php\/prodotto\/educare-al-cinema-le-origini\/","url":"https:\/\/www.guerini.it\/index.php\/prodotto\/educare-al-cinema-le-origini\/","name":"Educare al cinema: le origini - Guerini e Associati","isPartOf":{"@id":"https:\/\/www.guerini.it\/#website"},"primaryImageOfPage":{"@id":"https:\/\/www.guerini.it\/index.php\/prodotto\/educare-al-cinema-le-origini\/#primaryimage"},"image":{"@id":"https:\/\/www.guerini.it\/index.php\/prodotto\/educare-al-cinema-le-origini\/#primaryimage"},"thumbnailUrl":"https:\/\/www.guerini.it\/wp-content\/uploads\/2015\/12\/educare_al_cinema_sito.jpg","datePublished":"2015-12-03T06:50:25+00:00","dateModified":"2025-12-30T17:59:46+00:00","breadcrumb":{"@id":"https:\/\/www.guerini.it\/index.php\/prodotto\/educare-al-cinema-le-origini\/#breadcrumb"},"inLanguage":"it-IT","potentialAction":[{"@type":"ReadAction","target":["https:\/\/www.guerini.it\/index.php\/prodotto\/educare-al-cinema-le-origini\/"]}]},{"@type":"ImageObject","inLanguage":"it-IT","@id":"https:\/\/www.guerini.it\/index.php\/prodotto\/educare-al-cinema-le-origini\/#primaryimage","url":"https:\/\/www.guerini.it\/wp-content\/uploads\/2015\/12\/educare_al_cinema_sito.jpg","contentUrl":"https:\/\/www.guerini.it\/wp-content\/uploads\/2015\/12\/educare_al_cinema_sito.jpg","width":226,"height":353,"caption":"Copertina del volume Educare al cinema: le origini"},{"@type":"BreadcrumbList","@id":"https:\/\/www.guerini.it\/index.php\/prodotto\/educare-al-cinema-le-origini\/#breadcrumb","itemListElement":[{"@type":"ListItem","position":1,"name":"Home","item":"https:\/\/www.guerini.it\/"},{"@type":"ListItem","position":2,"name":"Catalogo","item":"https:\/\/www.guerini.it\/index.php\/negozio\/"},{"@type":"ListItem","position":3,"name":"Educare al cinema: le origini"}]},{"@type":"WebSite","@id":"https:\/\/www.guerini.it\/#website","url":"https:\/\/www.guerini.it\/","name":"Guerini e Associati","description":"30 anni di libri, idee e libert\u00e0","publisher":{"@id":"https:\/\/www.guerini.it\/#organization"},"potentialAction":[{"@type":"SearchAction","target":{"@type":"EntryPoint","urlTemplate":"https:\/\/www.guerini.it\/?s={search_term_string}"},"query-input":{"@type":"PropertyValueSpecification","valueRequired":true,"valueName":"search_term_string"}}],"inLanguage":"it-IT"},{"@type":"Organization","@id":"https:\/\/www.guerini.it\/#organization","name":"Guerini e Associati","url":"https:\/\/www.guerini.it\/","logo":{"@type":"ImageObject","inLanguage":"it-IT","@id":"https:\/\/www.guerini.it\/#\/schema\/logo\/image\/","url":"https:\/\/www.guerini.it\/wp-content\/uploads\/2021\/03\/Logo-Guerini-OK_-e1615831292285.png","contentUrl":"https:\/\/www.guerini.it\/wp-content\/uploads\/2021\/03\/Logo-Guerini-OK_-e1615831292285.png","width":2805,"height":1870,"caption":"Guerini e Associati"},"image":{"@id":"https:\/\/www.guerini.it\/#\/schema\/logo\/image\/"}}]}},"_links":{"self":[{"href":"https:\/\/www.guerini.it\/index.php\/wp-json\/wp\/v2\/product\/15655","targetHints":{"allow":["GET"]}}],"collection":[{"href":"https:\/\/www.guerini.it\/index.php\/wp-json\/wp\/v2\/product"}],"about":[{"href":"https:\/\/www.guerini.it\/index.php\/wp-json\/wp\/v2\/types\/product"}],"wp:featuredmedia":[{"embeddable":true,"href":"https:\/\/www.guerini.it\/index.php\/wp-json\/wp\/v2\/media\/15654"}],"wp:attachment":[{"href":"https:\/\/www.guerini.it\/index.php\/wp-json\/wp\/v2\/media?parent=15655"}],"wp:term":[{"taxonomy":"product_brand","embeddable":true,"href":"https:\/\/www.guerini.it\/index.php\/wp-json\/wp\/v2\/product_brand?post=15655"},{"taxonomy":"product_cat","embeddable":true,"href":"https:\/\/www.guerini.it\/index.php\/wp-json\/wp\/v2\/product_cat?post=15655"},{"taxonomy":"product_tag","embeddable":true,"href":"https:\/\/www.guerini.it\/index.php\/wp-json\/wp\/v2\/product_tag?post=15655"}],"curies":[{"name":"wp","href":"https:\/\/api.w.org\/{rel}","templated":true}]}}

<p style="text-align: justify;">Quali origini ha avuto la media education? Che cos’era prima dell’avvento del digitale? Chi faceva educazione ai linguaggi audiovisivi, in che modo, e ispirandosi a quali orientamenti o teorie?<br />
Senza la pretesa di costruire una storia esaustiva dei rapporti tra educazione e cinema, il volume cerca di rispondere a queste domande attraverso una serie di studi e testimonianze su come l’educazione al linguaggio filmico si sia sviluppata in diversi contesti e forme, dal cineforum ai giocattoli, dalle guide per gli insegnanti al film making scolastico.<br />
L’«educare <em>al </em>cinema» che dà titolo al libro, allora, non è da intendersi come l’espressione di un complemento di luogo, bensì di scopo, poiché si parla di educare <em>alla</em> lettura, scrittura e senso critico di testi e linguaggi audiovisivi, secondo pedagogie e didattiche progenitrici di quelle che riscontriamo tuttora per la <em>digital &amp; media literacy</em>. L’ipotesi, infatti, è che sul cinema la pedagogia abbia messo a punto le categorie concettuali e i modelli d’azione che ancor oggi utilizziamo per tutti gli altri media.</p>
<hr />
<p style="text-align: justify;"><strong>DAMIANO FELINI</strong> è ricercatore di Pedagogia generale e sociale all’Università di Parma, dove insegna anche Pedagogia dei media. I suoi interessi di ricerca si concentrano sulla teoria, la storia e le pratiche dell’educazione ai media, sul rapporto tra educazione, cultura e società e sull’epistemologia pedagogica. È membro degli Editorial board del <em>Journal of Media Literacy Education</em> e della rivista <em>Media education. Studi, ricerche, buone pratiche</em>.</p>

<p>Quali origini ha avuto la media education? Che cos&#8217;era prima dell&#8217;avvento del digitale? Chi faceva educazione ai linguaggi audiovisivi, in che modo, e ispirandosi a quali orientamenti o teorie?<br />
Senza la pretesa di costruire una storia esaustiva dei rapporti tra educazione e il cinema, il volume cerca di rispondere a queste domande attraverso una serie di studi e testimonianze su come l&#8217;educazione al linguaggio filmico si sia sviluppata in diversi contesti e forme, dal cineforum ai giocattoli, dalle guide per gli insegnanti al film making scolastico.<br />
L&#8217; «educare <em>al</em> cinema» che dà titolo al libro, allora, non è da intendersi come l&#8217;espressione di un complemento di luogo, bensì di scopo, poiché si parla di educare <em>alla</em>lettura, scrittura e senso critico di testi e linguaggi audiovisivi, secondo pedagogie e didattiche progenitrici di quelle che riscontriamo tuttora per la <em>digital &amp; media literacy</em>. L&#8217;ipotesi, infatti, è che sul cinema la pedagogia abbia messo a punto le categorie concettuali e i modelli d&#8217;azione che ancor oggi utilizziamo per tutti gli altri media.</p>

<!-- This site is optimized with the Yoast SEO plugin v25.4 - https://yoast.com/wordpress/plugins/seo/ -->
<title>Educare al cinema: le origini - Guerini e Associati</title>
<meta name="robots" content="index, follow, max-snippet:-1, max-image-preview:large, max-video-preview:-1" />
<link rel="canonical" href="https://www.guerini.it/index.php/prodotto/educare-al-cinema-le-origini/" />
<meta property="og:locale" content="it_IT" />
<meta property="og:type" content="article" />
<meta property="og:title" content="Educare al cinema: le origini - Guerini e Associati" />
<meta property="og:description" content="Quali origini ha avuto la media education? Che cos&#039;era prima dell&#039;avvento del digitale? Chi faceva educazione ai linguaggi audiovisivi, in che modo, e ispirandosi a quali orientamenti o teorie? Senza la pretesa di costruire una storia esaustiva dei rapporti tra educazione e il cinema, il volume cerca di rispondere a queste domande attraverso una serie di studi e testimonianze su come l&#039;educazione al linguaggio filmico si sia sviluppata in diversi contesti e forme, dal cineforum ai giocattoli, dalle guide per gli insegnanti al film making scolastico. L&#039; «educare al cinema» che dà titolo al libro, allora, non è da intendersi come l&#039;espressione di un complemento di luogo, bensì di scopo, poiché si parla di educare allalettura, scrittura e senso critico di testi e linguaggi audiovisivi, secondo pedagogie e didattiche progenitrici di quelle che riscontriamo tuttora per la digital &amp; media literacy. L&#039;ipotesi, infatti, è che sul cinema la pedagogia abbia messo a punto le categorie concettuali e i modelli d&#039;azione che ancor oggi utilizziamo per tutti gli altri media." />
<meta property="og:url" content="https://www.guerini.it/index.php/prodotto/educare-al-cinema-le-origini/" />
<meta property="og:site_name" content="Guerini e Associati" />
<meta property="article:modified_time" content="2025-12-30T17:59:46+00:00" />
<meta property="og:image" content="https://www.guerini.it/wp-content/uploads/2015/12/educare_al_cinema_sito.jpg" />
	<meta property="og:image:width" content="226" />
	<meta property="og:image:height" content="353" />
	<meta property="og:image:type" content="image/jpeg" />
<meta name="twitter:card" content="summary_large_image" />
<meta name="twitter:label1" content="Tempo di lettura stimato" />
	<meta name="twitter:data1" content="2 minuti" />
<!-- / Yoast SEO plugin. -->

Quali origini ha avuto la media education? Che cos'era prima dell'avvento del digitale? Chi faceva educazione ai linguaggi audiovisivi, in che modo, e ispirandosi a quali orientamenti o teorie? Senza la pretesa di costruire una storia esaustiva dei rapporti tra educazione e il cinema, il volume cerca di rispondere a queste domande attraverso una serie di studi e testimonianze su come l'educazione al linguaggio filmico si sia sviluppata in diversi contesti e forme, dal cineforum ai giocattoli, dalle guide per gli insegnanti al film making scolastico. L' «educare al cinema» che dà titolo al libro, allora, non è da intendersi come l'espressione di un complemento di luogo, bensì di scopo, poiché si parla di educare allalettura, scrittura e senso critico di testi e linguaggi audiovisivi, secondo pedagogie e didattiche progenitrici di quelle che riscontriamo tuttora per la digital &amp; media literacy. L'ipotesi, infatti, è che sul cinema la pedagogia abbia messo a punto le categorie concettuali e i modelli d'azione che ancor oggi utilizziamo per tutti gli altri media.

30 anni di libri, idee e libertà
