{"id":15702,"date":"2016-02-25T09:15:04","date_gmt":"2016-02-25T08:15:04","guid":{"rendered":"https:\/\/test.guerini.it\/?product=il-pensiero-dei-sensi"},"modified":"2024-06-20T12:16:21","modified_gmt":"2024-06-20T10:16:21","slug":"il-pensiero-dei-sensi","status":"publish","type":"product","link":"https:\/\/www.guerini.it\/index.php\/prodotto\/il-pensiero-dei-sensi\/","title":{"rendered":"Il pensiero dei sensi"},"content":{"rendered":"<p style=\"text-align: justify;\">Noi pensiamo e agiamo sempre all\u2019interno di atmosfere e di tonalit\u00e0 emotive. Non importa quanto consapevolmente. Prima ancora di vivere in spazi misurabili, viviamo infatti immersi in sentimenti effusi nello spazio, dei quali, per quanto solo vagamente descrivibili, sentiamo talvolta con certezza la presenza e spesso anche l\u2019autorit\u00e0. Sentiamo, pi\u00f9 precisamente, che le atmosfere intonano potentemente e in modo specifico la nostra esistenza, che in certi casi addirittura ci aggrediscono, fino a contagiare profondamente il nostro modo di vivere, tanto che solo entro certi limiti possiamo loro resistere, tentando magari di riprogettarle o quanto meno di pianicarne l\u2019effetto.<br \/>\nPer quanto le atmosfere siano un argomento tipicamente transdisciplinare (architettura, sociologia, antropologia, psicopatologia, geografia antropica, arte ecc.) e, in quanto quasi-cose, un tema ontologicamente eversivo, a interessarsene dev\u2019essere anzitutto l\u2019estetica. Ma un\u2019estetica che non si accontenti pi\u00f9 (come negli ultimi due secoli) di essere una teoria dell\u2019arte e del giudizio critico su oggetti speciali come le opere d\u2019arte, e ritorni alla sua definizione originaria di \u00abteoria della conoscenza sensibile e corporea\u00bb, non pu\u00f2 che essere un\u2019estetica patica: una riflessione filosofica, cio\u00e8, su che cosa significhi esporsi a quanto (soprattutto di inatteso) ci accade di provare.<br \/>\nAlla luce del paradigma atmosferologico l\u2019uomo \u00e8 ancora un soggetto, ma la sua maturit\u00e0 non sta pi\u00f9 nel saper essere soggetto di qualcosa, bens\u00ec nel saper essere soggetto a qualcosa. E per questo egli deve imparare come essere con \u00abcompetenza\u00bb all\u2019altezza dei sentimenti atmosferici che il mondo gli offre.<\/p>\n","protected":false},"excerpt":{"rendered":"<p>Noi pensiamo e agiamo sempre all\u2019interno di atmosfere e di tonalit\u00e0 emotive. Non importa quanto consapevolmente. Prima ancora di vivere in spazi misurabili, viviamo infatti immersi in sentimenti effusi nello spazio, dei quali, per quanto solo vagamente descrivibili, sentiamo talvolta con certezza la presenza e spesso anche l\u2019autorit\u00e0. Sentiamo, pi\u00f9 precisamente, che le atmosfere intonano potentemente e in modo specifico la nostra esistenza, che in certi casi addirittura ci aggrediscono, fino a contagiare profondamente il nostro modo di vivere, tanto che solo entro certi limiti possiamo loro resistere, tentando magari di riprogettarle o quanto meno di pianicarne l\u2019effetto.<br \/>\nPer quanto le atmosfere siano un argomento tipicamente transdisciplinare (architettura, sociologia, antropologia, psicopatologia, geografia antropica, arte ecc.) e, in quanto quasi-cose, un tema ontologicamente eversivo, a interessarsene dev\u2019essere anzitutto l\u2019estetica. Ma un\u2019estetica che non si accontenti pi\u00f9 (come negli ultimi due secoli) di essere una teoria dell\u2019arte e del giudizio critico su oggetti speciali come le opere d\u2019arte, e ritorni alla sua definizione originaria di \u00abteoria della conoscenza sensibile e corporea\u00bb, non pu\u00f2 che essere un\u2019estetica patica: una riflessione filosofica, cio\u00e8, su che cosa significhi esporsi a quanto (soprattutto di inatteso) ci accade di provare.<br \/>\nAlla luce del paradigma atmosferologico l\u2019uomo \u00e8 ancora un soggetto, ma la sua maturit\u00e0 non sta pi\u00f9 nel saper essere soggetto di qualcosa, bens\u00ec nel saper essere soggetto a qualcosa. E per questo egli deve imparare come essere con \u00abcompetenza\u00bb all\u2019altezza dei sentimenti atmosferici che il mondo gli offre.<\/p>\n","protected":false},"featured_media":15701,"template":"","meta":{"_editorskit_title_hidden":false,"_editorskit_reading_time":0,"_editorskit_is_block_options_detached":false,"_editorskit_block_options_position":"{}","_monsterinsights_skip_tracking":false,"_monsterinsights_sitenote_active":false,"_monsterinsights_sitenote_note":"","_monsterinsights_sitenote_category":0},"product_brand":[],"product_cat":[6530,6661],"product_tag":[],"class_list":{"0":"post-15702","1":"product","2":"type-product","3":"status-publish","4":"has-post-thumbnail","6":"product_cat-filosofia","7":"product_cat-op-ns","9":"first","10":"instock","11":"sale","12":"shipping-taxable","13":"purchasable","14":"product-type-simple"},"yoast_head":"<!-- This site is optimized with the Yoast SEO plugin v25.4 - https:\/\/yoast.com\/wordpress\/plugins\/seo\/ -->\n<title>Il pensiero dei sensi - Guerini e Associati<\/title>\n<meta name=\"robots\" content=\"index, follow, max-snippet:-1, max-image-preview:large, max-video-preview:-1\" \/>\n<link rel=\"canonical\" href=\"https:\/\/www.guerini.it\/index.php\/prodotto\/il-pensiero-dei-sensi\/\" \/>\n<meta property=\"og:locale\" content=\"it_IT\" \/>\n<meta property=\"og:type\" content=\"article\" \/>\n<meta property=\"og:title\" content=\"Il pensiero dei sensi - Guerini e Associati\" \/>\n<meta property=\"og:description\" content=\"Noi pensiamo e agiamo sempre all\u2019interno di atmosfere e di tonalit\u00e0 emotive. Non importa quanto consapevolmente. Prima ancora di vivere in spazi misurabili, viviamo infatti immersi in sentimenti effusi nello spazio, dei quali, per quanto solo vagamente descrivibili, sentiamo talvolta con certezza la presenza e spesso anche l\u2019autorit\u00e0. Sentiamo, pi\u00f9 precisamente, che le atmosfere intonano potentemente e in modo specifico la nostra esistenza, che in certi casi addirittura ci aggrediscono, fino a contagiare profondamente il nostro modo di vivere, tanto che solo entro certi limiti possiamo loro resistere, tentando magari di riprogettarle o quanto meno di pianicarne l\u2019effetto. Per quanto le atmosfere siano un argomento tipicamente transdisciplinare (architettura, sociologia, antropologia, psicopatologia, geografia antropica, arte ecc.) e, in quanto quasi-cose, un tema ontologicamente eversivo, a interessarsene dev\u2019essere anzitutto l\u2019estetica. Ma un\u2019estetica che non si accontenti pi\u00f9 (come negli ultimi due secoli) di essere una teoria dell\u2019arte e del giudizio critico su oggetti speciali come le opere d\u2019arte, e ritorni alla sua definizione originaria di \u00abteoria della conoscenza sensibile e corporea\u00bb, non pu\u00f2 che essere un\u2019estetica patica: una riflessione filosofica, cio\u00e8, su che cosa significhi esporsi a quanto (soprattutto di inatteso) ci accade di provare. Alla luce del paradigma atmosferologico l\u2019uomo \u00e8 ancora un soggetto, ma la sua maturit\u00e0 non sta pi\u00f9 nel saper essere soggetto di qualcosa, bens\u00ec nel saper essere soggetto a qualcosa. E per questo egli deve imparare come essere con \u00abcompetenza\u00bb all\u2019altezza dei sentimenti atmosferici che il mondo gli offre.\" \/>\n<meta property=\"og:url\" content=\"https:\/\/www.guerini.it\/index.php\/prodotto\/il-pensiero-dei-sensi\/\" \/>\n<meta property=\"og:site_name\" content=\"Guerini e Associati\" \/>\n<meta property=\"article:modified_time\" content=\"2024-06-20T10:16:21+00:00\" \/>\n<meta property=\"og:image\" content=\"https:\/\/www.guerini.it\/wp-content\/uploads\/2016\/02\/pensiero_dei_sensi_sito.jpg\" \/>\n\t<meta property=\"og:image:width\" content=\"228\" \/>\n\t<meta property=\"og:image:height\" content=\"353\" \/>\n\t<meta property=\"og:image:type\" content=\"image\/jpeg\" \/>\n<meta name=\"twitter:card\" content=\"summary_large_image\" \/>\n<meta name=\"twitter:label1\" content=\"Tempo di lettura stimato\" \/>\n\t<meta name=\"twitter:data1\" content=\"2 minuti\" \/>\n<!-- \/ Yoast SEO plugin. -->","yoast_head_json":{"title":"Il pensiero dei sensi - Guerini e Associati","robots":{"index":"index","follow":"follow","max-snippet":"max-snippet:-1","max-image-preview":"max-image-preview:large","max-video-preview":"max-video-preview:-1"},"canonical":"https:\/\/www.guerini.it\/index.php\/prodotto\/il-pensiero-dei-sensi\/","og_locale":"it_IT","og_type":"article","og_title":"Il pensiero dei sensi - Guerini e Associati","og_description":"Noi pensiamo e agiamo sempre all\u2019interno di atmosfere e di tonalit\u00e0 emotive. Non importa quanto consapevolmente. Prima ancora di vivere in spazi misurabili, viviamo infatti immersi in sentimenti effusi nello spazio, dei quali, per quanto solo vagamente descrivibili, sentiamo talvolta con certezza la presenza e spesso anche l\u2019autorit\u00e0. Sentiamo, pi\u00f9 precisamente, che le atmosfere intonano potentemente e in modo specifico la nostra esistenza, che in certi casi addirittura ci aggrediscono, fino a contagiare profondamente il nostro modo di vivere, tanto che solo entro certi limiti possiamo loro resistere, tentando magari di riprogettarle o quanto meno di pianicarne l\u2019effetto. Per quanto le atmosfere siano un argomento tipicamente transdisciplinare (architettura, sociologia, antropologia, psicopatologia, geografia antropica, arte ecc.) e, in quanto quasi-cose, un tema ontologicamente eversivo, a interessarsene dev\u2019essere anzitutto l\u2019estetica. Ma un\u2019estetica che non si accontenti pi\u00f9 (come negli ultimi due secoli) di essere una teoria dell\u2019arte e del giudizio critico su oggetti speciali come le opere d\u2019arte, e ritorni alla sua definizione originaria di \u00abteoria della conoscenza sensibile e corporea\u00bb, non pu\u00f2 che essere un\u2019estetica patica: una riflessione filosofica, cio\u00e8, su che cosa significhi esporsi a quanto (soprattutto di inatteso) ci accade di provare. Alla luce del paradigma atmosferologico l\u2019uomo \u00e8 ancora un soggetto, ma la sua maturit\u00e0 non sta pi\u00f9 nel saper essere soggetto di qualcosa, bens\u00ec nel saper essere soggetto a qualcosa. E per questo egli deve imparare come essere con \u00abcompetenza\u00bb all\u2019altezza dei sentimenti atmosferici che il mondo gli offre.","og_url":"https:\/\/www.guerini.it\/index.php\/prodotto\/il-pensiero-dei-sensi\/","og_site_name":"Guerini e Associati","article_modified_time":"2024-06-20T10:16:21+00:00","og_image":[{"width":228,"height":353,"url":"https:\/\/www.guerini.it\/wp-content\/uploads\/2016\/02\/pensiero_dei_sensi_sito.jpg","type":"image\/jpeg"}],"twitter_card":"summary_large_image","twitter_misc":{"Tempo di lettura stimato":"2 minuti"},"schema":{"@context":"https:\/\/schema.org","@graph":[{"@type":"WebPage","@id":"https:\/\/www.guerini.it\/index.php\/prodotto\/il-pensiero-dei-sensi\/","url":"https:\/\/www.guerini.it\/index.php\/prodotto\/il-pensiero-dei-sensi\/","name":"Il pensiero dei sensi - Guerini e Associati","isPartOf":{"@id":"https:\/\/www.guerini.it\/#website"},"primaryImageOfPage":{"@id":"https:\/\/www.guerini.it\/index.php\/prodotto\/il-pensiero-dei-sensi\/#primaryimage"},"image":{"@id":"https:\/\/www.guerini.it\/index.php\/prodotto\/il-pensiero-dei-sensi\/#primaryimage"},"thumbnailUrl":"https:\/\/www.guerini.it\/wp-content\/uploads\/2016\/02\/pensiero_dei_sensi_sito.jpg","datePublished":"2016-02-25T08:15:04+00:00","dateModified":"2024-06-20T10:16:21+00:00","breadcrumb":{"@id":"https:\/\/www.guerini.it\/index.php\/prodotto\/il-pensiero-dei-sensi\/#breadcrumb"},"inLanguage":"it-IT","potentialAction":[{"@type":"ReadAction","target":["https:\/\/www.guerini.it\/index.php\/prodotto\/il-pensiero-dei-sensi\/"]}]},{"@type":"ImageObject","inLanguage":"it-IT","@id":"https:\/\/www.guerini.it\/index.php\/prodotto\/il-pensiero-dei-sensi\/#primaryimage","url":"https:\/\/www.guerini.it\/wp-content\/uploads\/2016\/02\/pensiero_dei_sensi_sito.jpg","contentUrl":"https:\/\/www.guerini.it\/wp-content\/uploads\/2016\/02\/pensiero_dei_sensi_sito.jpg","width":228,"height":353,"caption":"Il pensiero dei sensi"},{"@type":"BreadcrumbList","@id":"https:\/\/www.guerini.it\/index.php\/prodotto\/il-pensiero-dei-sensi\/#breadcrumb","itemListElement":[{"@type":"ListItem","position":1,"name":"Home","item":"https:\/\/www.guerini.it\/"},{"@type":"ListItem","position":2,"name":"Catalogo","item":"https:\/\/www.guerini.it\/index.php\/negozio\/"},{"@type":"ListItem","position":3,"name":"Il pensiero dei sensi"}]},{"@type":"WebSite","@id":"https:\/\/www.guerini.it\/#website","url":"https:\/\/www.guerini.it\/","name":"Guerini e Associati","description":"30 anni di libri, idee e libert\u00e0","publisher":{"@id":"https:\/\/www.guerini.it\/#organization"},"potentialAction":[{"@type":"SearchAction","target":{"@type":"EntryPoint","urlTemplate":"https:\/\/www.guerini.it\/?s={search_term_string}"},"query-input":{"@type":"PropertyValueSpecification","valueRequired":true,"valueName":"search_term_string"}}],"inLanguage":"it-IT"},{"@type":"Organization","@id":"https:\/\/www.guerini.it\/#organization","name":"Guerini e Associati","url":"https:\/\/www.guerini.it\/","logo":{"@type":"ImageObject","inLanguage":"it-IT","@id":"https:\/\/www.guerini.it\/#\/schema\/logo\/image\/","url":"https:\/\/www.guerini.it\/wp-content\/uploads\/2021\/03\/Logo-Guerini-OK_-e1615831292285.png","contentUrl":"https:\/\/www.guerini.it\/wp-content\/uploads\/2021\/03\/Logo-Guerini-OK_-e1615831292285.png","width":2805,"height":1870,"caption":"Guerini e Associati"},"image":{"@id":"https:\/\/www.guerini.it\/#\/schema\/logo\/image\/"}}]}},"_links":{"self":[{"href":"https:\/\/www.guerini.it\/index.php\/wp-json\/wp\/v2\/product\/15702","targetHints":{"allow":["GET"]}}],"collection":[{"href":"https:\/\/www.guerini.it\/index.php\/wp-json\/wp\/v2\/product"}],"about":[{"href":"https:\/\/www.guerini.it\/index.php\/wp-json\/wp\/v2\/types\/product"}],"wp:featuredmedia":[{"embeddable":true,"href":"https:\/\/www.guerini.it\/index.php\/wp-json\/wp\/v2\/media\/15701"}],"wp:attachment":[{"href":"https:\/\/www.guerini.it\/index.php\/wp-json\/wp\/v2\/media?parent=15702"}],"wp:term":[{"taxonomy":"product_brand","embeddable":true,"href":"https:\/\/www.guerini.it\/index.php\/wp-json\/wp\/v2\/product_brand?post=15702"},{"taxonomy":"product_cat","embeddable":true,"href":"https:\/\/www.guerini.it\/index.php\/wp-json\/wp\/v2\/product_cat?post=15702"},{"taxonomy":"product_tag","embeddable":true,"href":"https:\/\/www.guerini.it\/index.php\/wp-json\/wp\/v2\/product_tag?post=15702"}],"curies":[{"name":"wp","href":"https:\/\/api.w.org\/{rel}","templated":true}]}}

<p style="text-align: justify;">Noi pensiamo e agiamo sempre all’interno di atmosfere e di tonalità emotive. Non importa quanto consapevolmente. Prima ancora di vivere in spazi misurabili, viviamo infatti immersi in sentimenti effusi nello spazio, dei quali, per quanto solo vagamente descrivibili, sentiamo talvolta con certezza la presenza e spesso anche l’autorità. Sentiamo, più precisamente, che le atmosfere intonano potentemente e in modo specifico la nostra esistenza, che in certi casi addirittura ci aggrediscono, fino a contagiare profondamente il nostro modo di vivere, tanto che solo entro certi limiti possiamo loro resistere, tentando magari di riprogettarle o quanto meno di pianicarne l’effetto.<br />
Per quanto le atmosfere siano un argomento tipicamente transdisciplinare (architettura, sociologia, antropologia, psicopatologia, geografia antropica, arte ecc.) e, in quanto quasi-cose, un tema ontologicamente eversivo, a interessarsene dev’essere anzitutto l’estetica. Ma un’estetica che non si accontenti più (come negli ultimi due secoli) di essere una teoria dell’arte e del giudizio critico su oggetti speciali come le opere d’arte, e ritorni alla sua definizione originaria di «teoria della conoscenza sensibile e corporea», non può che essere un’estetica patica: una riflessione filosofica, cioè, su che cosa significhi esporsi a quanto (soprattutto di inatteso) ci accade di provare.<br />
Alla luce del paradigma atmosferologico l’uomo è ancora un soggetto, ma la sua maturità non sta più nel saper essere soggetto di qualcosa, bensì nel saper essere soggetto a qualcosa. E per questo egli deve imparare come essere con «competenza» all’altezza dei sentimenti atmosferici che il mondo gli offre.</p>

<p>Noi pensiamo e agiamo sempre all’interno di atmosfere e di tonalità emotive. Non importa quanto consapevolmente. Prima ancora di vivere in spazi misurabili, viviamo infatti immersi in sentimenti effusi nello spazio, dei quali, per quanto solo vagamente descrivibili, sentiamo talvolta con certezza la presenza e spesso anche l’autorità. Sentiamo, più precisamente, che le atmosfere intonano potentemente e in modo specifico la nostra esistenza, che in certi casi addirittura ci aggrediscono, fino a contagiare profondamente il nostro modo di vivere, tanto che solo entro certi limiti possiamo loro resistere, tentando magari di riprogettarle o quanto meno di pianicarne l’effetto.<br />
Per quanto le atmosfere siano un argomento tipicamente transdisciplinare (architettura, sociologia, antropologia, psicopatologia, geografia antropica, arte ecc.) e, in quanto quasi-cose, un tema ontologicamente eversivo, a interessarsene dev’essere anzitutto l’estetica. Ma un’estetica che non si accontenti più (come negli ultimi due secoli) di essere una teoria dell’arte e del giudizio critico su oggetti speciali come le opere d’arte, e ritorni alla sua definizione originaria di «teoria della conoscenza sensibile e corporea», non può che essere un’estetica patica: una riflessione filosofica, cioè, su che cosa significhi esporsi a quanto (soprattutto di inatteso) ci accade di provare.<br />
Alla luce del paradigma atmosferologico l’uomo è ancora un soggetto, ma la sua maturità non sta più nel saper essere soggetto di qualcosa, bensì nel saper essere soggetto a qualcosa. E per questo egli deve imparare come essere con «competenza» all’altezza dei sentimenti atmosferici che il mondo gli offre.</p>

<!-- This site is optimized with the Yoast SEO plugin v25.4 - https://yoast.com/wordpress/plugins/seo/ -->
<title>Il pensiero dei sensi - Guerini e Associati</title>
<meta name="robots" content="index, follow, max-snippet:-1, max-image-preview:large, max-video-preview:-1" />
<link rel="canonical" href="https://www.guerini.it/index.php/prodotto/il-pensiero-dei-sensi/" />
<meta property="og:locale" content="it_IT" />
<meta property="og:type" content="article" />
<meta property="og:title" content="Il pensiero dei sensi - Guerini e Associati" />
<meta property="og:description" content="Noi pensiamo e agiamo sempre all’interno di atmosfere e di tonalità emotive. Non importa quanto consapevolmente. Prima ancora di vivere in spazi misurabili, viviamo infatti immersi in sentimenti effusi nello spazio, dei quali, per quanto solo vagamente descrivibili, sentiamo talvolta con certezza la presenza e spesso anche l’autorità. Sentiamo, più precisamente, che le atmosfere intonano potentemente e in modo specifico la nostra esistenza, che in certi casi addirittura ci aggrediscono, fino a contagiare profondamente il nostro modo di vivere, tanto che solo entro certi limiti possiamo loro resistere, tentando magari di riprogettarle o quanto meno di pianicarne l’effetto. Per quanto le atmosfere siano un argomento tipicamente transdisciplinare (architettura, sociologia, antropologia, psicopatologia, geografia antropica, arte ecc.) e, in quanto quasi-cose, un tema ontologicamente eversivo, a interessarsene dev’essere anzitutto l’estetica. Ma un’estetica che non si accontenti più (come negli ultimi due secoli) di essere una teoria dell’arte e del giudizio critico su oggetti speciali come le opere d’arte, e ritorni alla sua definizione originaria di «teoria della conoscenza sensibile e corporea», non può che essere un’estetica patica: una riflessione filosofica, cioè, su che cosa significhi esporsi a quanto (soprattutto di inatteso) ci accade di provare. Alla luce del paradigma atmosferologico l’uomo è ancora un soggetto, ma la sua maturità non sta più nel saper essere soggetto di qualcosa, bensì nel saper essere soggetto a qualcosa. E per questo egli deve imparare come essere con «competenza» all’altezza dei sentimenti atmosferici che il mondo gli offre." />
<meta property="og:url" content="https://www.guerini.it/index.php/prodotto/il-pensiero-dei-sensi/" />
<meta property="og:site_name" content="Guerini e Associati" />
<meta property="article:modified_time" content="2024-06-20T10:16:21+00:00" />
<meta property="og:image" content="https://www.guerini.it/wp-content/uploads/2016/02/pensiero_dei_sensi_sito.jpg" />
	<meta property="og:image:width" content="228" />
	<meta property="og:image:height" content="353" />
	<meta property="og:image:type" content="image/jpeg" />
<meta name="twitter:card" content="summary_large_image" />
<meta name="twitter:label1" content="Tempo di lettura stimato" />
	<meta name="twitter:data1" content="2 minuti" />
<!-- / Yoast SEO plugin. -->

Noi pensiamo e agiamo sempre all’interno di atmosfere e di tonalità emotive. Non importa quanto consapevolmente. Prima ancora di vivere in spazi misurabili, viviamo infatti immersi in sentimenti effusi nello spazio, dei quali, per quanto solo vagamente descrivibili, sentiamo talvolta con certezza la presenza e spesso anche l’autorità. Sentiamo, più precisamente, che le atmosfere intonano potentemente e in modo specifico la nostra esistenza, che in certi casi addirittura ci aggrediscono, fino a contagiare profondamente il nostro modo di vivere, tanto che solo entro certi limiti possiamo loro resistere, tentando magari di riprogettarle o quanto meno di pianicarne l’effetto. Per quanto le atmosfere siano un argomento tipicamente transdisciplinare (architettura, sociologia, antropologia, psicopatologia, geografia antropica, arte ecc.) e, in quanto quasi-cose, un tema ontologicamente eversivo, a interessarsene dev’essere anzitutto l’estetica. Ma un’estetica che non si accontenti più (come negli ultimi due secoli) di essere una teoria dell’arte e del giudizio critico su oggetti speciali come le opere d’arte, e ritorni alla sua definizione originaria di «teoria della conoscenza sensibile e corporea», non può che essere un’estetica patica: una riflessione filosofica, cioè, su che cosa significhi esporsi a quanto (soprattutto di inatteso) ci accade di provare. Alla luce del paradigma atmosferologico l’uomo è ancora un soggetto, ma la sua maturità non sta più nel saper essere soggetto di qualcosa, bensì nel saper essere soggetto a qualcosa. E per questo egli deve imparare come essere con «competenza» all’altezza dei sentimenti atmosferici che il mondo gli offre.

30 anni di libri, idee e libertà
