{"id":15738,"date":"2016-04-29T10:16:06","date_gmt":"2016-04-29T08:16:06","guid":{"rendered":"https:\/\/test.guerini.it\/?product=l-agenda-digitale-europea"},"modified":"2024-06-12T14:39:37","modified_gmt":"2024-06-12T12:39:37","slug":"l-agenda-digitale-europea","status":"publish","type":"product","link":"https:\/\/www.guerini.it\/index.php\/prodotto\/l-agenda-digitale-europea\/","title":{"rendered":"L&#8217;agenda digitale europea"},"content":{"rendered":"<p style=\"text-align: justify;\">Fare acquisti in rete \u00e8 divenuto pi\u00f9 semplice e conveniente. La connettivit\u00e0 a Internet si \u00e8 estesa in maniera radicale, divenendo sempre pi\u00f9 rapida ed efficiente. Dialogare online con le istituzioni ha cambiato radicalmente la vita dei cittadini e il tasso di democraticit\u00e0 dei governi. Tutto ci\u00f2 e molto altro si deve al progresso del mercato digitale, il quale, per\u00f2, nasconde non poche insidie e sfide.<\/p>\n<p style=\"text-align: justify;\">Con il 2015 si sono chiusi i primi cinque anni della programmazione dell&#8217;Agenda Digitale proposta dall&#8217;Unione europea. Altri cinque rappresentano la restante parte del cammino da intraprendere.<\/p>\n<p style=\"text-align: justify;\">Ad oggi, tuttavia, molte domande sembrano non avere una risposta chiara. Cosa significa e a che punto \u00e8 l&#8217;idea di un Mercato unico digitale? A che livello di competitivit\u00e0 nel mondo \u00e8 l&#8217;Europa per il settore delle ICT? Quali sono i passaggi fondamentali per creare sviluppo economico e sociale tra gli Stati membri? Il mercato digitale europeo si presenta unito e forte o frammentato e debole? Ma soprattutto, quali sono le risposte che l&#8217;Unione pone ai maggiori problemi odierni? E come propone di sfruttare le opportunit\u00e0 dell&#8217;era digitale? Questo libro tenta di analizzare quanto \u00e8 stato fatto, tra successi e insuccessi, per comprendere dove l&#8217;Europa si stia dirigendo nel mercato digitale globale.<\/p>\n<p style=\"text-align: justify;\">\n","protected":false},"excerpt":{"rendered":"<p>Fare acquisti in rete \u00e8 divenuto pi\u00f9 semplice e conveniente. La connettivit\u00e0 a Internet si \u00e8 estesa in maniera radicale, divenendo sempre pi\u00f9 rapida ed efficiente. Dialogare online con le istituzioni ha cambiato radicalmente la vita dei cittadini e il tasso di democraticit\u00e0 dei governi. Tutto ci\u00f2 e molto altro si deve al progresso del mercato digitale, il quale, per\u00f2, nasconde non poche insidie e sfide.<\/p>\n<p>Con il 2015 si sono chiusi i primi cinque anni della programmazione dell&#8217;Agenda Digitale proposta dall&#8217;Unione europea. Altri cinque rappresentano la restante parte del cammino da intraprendere.<\/p>\n<p>Ad oggi, tuttavia, molte domande sembrano non avere una risposta chiara. Cosa significa e a che punto \u00e8 l&#8217;idea di un Mercato unico digitale? A che livello di competitivit\u00e0 nel mondo \u00e8 l&#8217;Europa per il settore delle ICT? Quali sono i passaggi fondamentali per creare sviluppo economico e sociale tra gli Stati membri? Il mercato digitale europeo si presenta unito e forte o frammentato e debole? Ma soprattutto, quali sono le risposte che l&#8217;Unione pone ai maggiori problemi odierni? E come propone di sfruttare le opportunit\u00e0 dell&#8217;era digitale? Questo libro tenta di analizzare quanto \u00e8 stato fatto, tra successi e insuccessi, per comprendere dove l&#8217;Europa si stia dirigendo nel mercato digitale globale.<\/p>\n","protected":false},"featured_media":15737,"template":"","meta":{"_editorskit_title_hidden":false,"_editorskit_reading_time":0,"_editorskit_is_block_options_detached":false,"_editorskit_block_options_position":"{}","_monsterinsights_skip_tracking":false,"_monsterinsights_sitenote_active":false,"_monsterinsights_sitenote_note":"","_monsterinsights_sitenote_category":0},"product_brand":[],"product_cat":[6805,6529],"product_tag":[],"class_list":{"0":"post-15738","1":"product","2":"type-product","3":"status-publish","4":"has-post-thumbnail","6":"product_cat-guerini-next","7":"product_cat-economia-e-management","8":"pa_fulfillment-fuori-catalogo","10":"first","11":"outofstock","12":"sale","13":"shipping-taxable","14":"purchasable","15":"product-type-simple"},"yoast_head":"<!-- This site is optimized with the Yoast SEO plugin v25.4 - https:\/\/yoast.com\/wordpress\/plugins\/seo\/ -->\n<title>L&#039;agenda digitale europea - Guerini e Associati<\/title>\n<meta name=\"robots\" content=\"index, follow, max-snippet:-1, max-image-preview:large, max-video-preview:-1\" \/>\n<link rel=\"canonical\" href=\"https:\/\/www.guerini.it\/index.php\/prodotto\/l-agenda-digitale-europea\/\" \/>\n<meta property=\"og:locale\" content=\"it_IT\" \/>\n<meta property=\"og:type\" content=\"article\" \/>\n<meta property=\"og:title\" content=\"L&#039;agenda digitale europea - Guerini e Associati\" \/>\n<meta property=\"og:description\" content=\"Fare acquisti in rete \u00e8 divenuto pi\u00f9 semplice e conveniente. La connettivit\u00e0 a Internet si \u00e8 estesa in maniera radicale, divenendo sempre pi\u00f9 rapida ed efficiente. Dialogare online con le istituzioni ha cambiato radicalmente la vita dei cittadini e il tasso di democraticit\u00e0 dei governi. Tutto ci\u00f2 e molto altro si deve al progresso del mercato digitale, il quale, per\u00f2, nasconde non poche insidie e sfide.  Con il 2015 si sono chiusi i primi cinque anni della programmazione dell&#039;Agenda Digitale proposta dall&#039;Unione europea. Altri cinque rappresentano la restante parte del cammino da intraprendere.  Ad oggi, tuttavia, molte domande sembrano non avere una risposta chiara. Cosa significa e a che punto \u00e8 l&#039;idea di un Mercato unico digitale? A che livello di competitivit\u00e0 nel mondo \u00e8 l&#039;Europa per il settore delle ICT? Quali sono i passaggi fondamentali per creare sviluppo economico e sociale tra gli Stati membri? Il mercato digitale europeo si presenta unito e forte o frammentato e debole? Ma soprattutto, quali sono le risposte che l&#039;Unione pone ai maggiori problemi odierni? E come propone di sfruttare le opportunit\u00e0 dell&#039;era digitale? Questo libro tenta di analizzare quanto \u00e8 stato fatto, tra successi e insuccessi, per comprendere dove l&#039;Europa si stia dirigendo nel mercato digitale globale.\" \/>\n<meta property=\"og:url\" content=\"https:\/\/www.guerini.it\/index.php\/prodotto\/l-agenda-digitale-europea\/\" \/>\n<meta property=\"og:site_name\" content=\"Guerini e Associati\" \/>\n<meta property=\"article:modified_time\" content=\"2024-06-12T12:39:37+00:00\" \/>\n<meta property=\"og:image\" content=\"https:\/\/www.guerini.it\/wp-content\/uploads\/2016\/04\/agenda_digitale_europea_l__sito.jpg\" \/>\n\t<meta property=\"og:image:width\" content=\"235\" \/>\n\t<meta property=\"og:image:height\" content=\"353\" \/>\n\t<meta property=\"og:image:type\" content=\"image\/jpeg\" \/>\n<meta name=\"twitter:card\" content=\"summary_large_image\" \/>\n<meta name=\"twitter:label1\" content=\"Tempo di lettura stimato\" \/>\n\t<meta name=\"twitter:data1\" content=\"2 minuti\" \/>\n<!-- \/ Yoast SEO plugin. -->","yoast_head_json":{"title":"L'agenda digitale europea - Guerini e Associati","robots":{"index":"index","follow":"follow","max-snippet":"max-snippet:-1","max-image-preview":"max-image-preview:large","max-video-preview":"max-video-preview:-1"},"canonical":"https:\/\/www.guerini.it\/index.php\/prodotto\/l-agenda-digitale-europea\/","og_locale":"it_IT","og_type":"article","og_title":"L'agenda digitale europea - Guerini e Associati","og_description":"Fare acquisti in rete \u00e8 divenuto pi\u00f9 semplice e conveniente. La connettivit\u00e0 a Internet si \u00e8 estesa in maniera radicale, divenendo sempre pi\u00f9 rapida ed efficiente. Dialogare online con le istituzioni ha cambiato radicalmente la vita dei cittadini e il tasso di democraticit\u00e0 dei governi. Tutto ci\u00f2 e molto altro si deve al progresso del mercato digitale, il quale, per\u00f2, nasconde non poche insidie e sfide.  Con il 2015 si sono chiusi i primi cinque anni della programmazione dell'Agenda Digitale proposta dall'Unione europea. Altri cinque rappresentano la restante parte del cammino da intraprendere.  Ad oggi, tuttavia, molte domande sembrano non avere una risposta chiara. Cosa significa e a che punto \u00e8 l'idea di un Mercato unico digitale? A che livello di competitivit\u00e0 nel mondo \u00e8 l'Europa per il settore delle ICT? Quali sono i passaggi fondamentali per creare sviluppo economico e sociale tra gli Stati membri? Il mercato digitale europeo si presenta unito e forte o frammentato e debole? Ma soprattutto, quali sono le risposte che l'Unione pone ai maggiori problemi odierni? E come propone di sfruttare le opportunit\u00e0 dell'era digitale? Questo libro tenta di analizzare quanto \u00e8 stato fatto, tra successi e insuccessi, per comprendere dove l'Europa si stia dirigendo nel mercato digitale globale.","og_url":"https:\/\/www.guerini.it\/index.php\/prodotto\/l-agenda-digitale-europea\/","og_site_name":"Guerini e Associati","article_modified_time":"2024-06-12T12:39:37+00:00","og_image":[{"width":235,"height":353,"url":"https:\/\/www.guerini.it\/wp-content\/uploads\/2016\/04\/agenda_digitale_europea_l__sito.jpg","type":"image\/jpeg"}],"twitter_card":"summary_large_image","twitter_misc":{"Tempo di lettura stimato":"2 minuti"},"schema":{"@context":"https:\/\/schema.org","@graph":[{"@type":"WebPage","@id":"https:\/\/www.guerini.it\/index.php\/prodotto\/l-agenda-digitale-europea\/","url":"https:\/\/www.guerini.it\/index.php\/prodotto\/l-agenda-digitale-europea\/","name":"L'agenda digitale europea - Guerini e Associati","isPartOf":{"@id":"https:\/\/www.guerini.it\/#website"},"primaryImageOfPage":{"@id":"https:\/\/www.guerini.it\/index.php\/prodotto\/l-agenda-digitale-europea\/#primaryimage"},"image":{"@id":"https:\/\/www.guerini.it\/index.php\/prodotto\/l-agenda-digitale-europea\/#primaryimage"},"thumbnailUrl":"https:\/\/www.guerini.it\/wp-content\/uploads\/2016\/04\/agenda_digitale_europea_l__sito.jpg","datePublished":"2016-04-29T08:16:06+00:00","dateModified":"2024-06-12T12:39:37+00:00","breadcrumb":{"@id":"https:\/\/www.guerini.it\/index.php\/prodotto\/l-agenda-digitale-europea\/#breadcrumb"},"inLanguage":"it-IT","potentialAction":[{"@type":"ReadAction","target":["https:\/\/www.guerini.it\/index.php\/prodotto\/l-agenda-digitale-europea\/"]}]},{"@type":"ImageObject","inLanguage":"it-IT","@id":"https:\/\/www.guerini.it\/index.php\/prodotto\/l-agenda-digitale-europea\/#primaryimage","url":"https:\/\/www.guerini.it\/wp-content\/uploads\/2016\/04\/agenda_digitale_europea_l__sito.jpg","contentUrl":"https:\/\/www.guerini.it\/wp-content\/uploads\/2016\/04\/agenda_digitale_europea_l__sito.jpg","width":235,"height":353,"caption":"l'agenda digitale europea"},{"@type":"BreadcrumbList","@id":"https:\/\/www.guerini.it\/index.php\/prodotto\/l-agenda-digitale-europea\/#breadcrumb","itemListElement":[{"@type":"ListItem","position":1,"name":"Home","item":"https:\/\/www.guerini.it\/"},{"@type":"ListItem","position":2,"name":"Catalogo","item":"https:\/\/www.guerini.it\/index.php\/negozio\/"},{"@type":"ListItem","position":3,"name":"L&#8217;agenda digitale europea"}]},{"@type":"WebSite","@id":"https:\/\/www.guerini.it\/#website","url":"https:\/\/www.guerini.it\/","name":"Guerini e Associati","description":"30 anni di libri, idee e libert\u00e0","publisher":{"@id":"https:\/\/www.guerini.it\/#organization"},"potentialAction":[{"@type":"SearchAction","target":{"@type":"EntryPoint","urlTemplate":"https:\/\/www.guerini.it\/?s={search_term_string}"},"query-input":{"@type":"PropertyValueSpecification","valueRequired":true,"valueName":"search_term_string"}}],"inLanguage":"it-IT"},{"@type":"Organization","@id":"https:\/\/www.guerini.it\/#organization","name":"Guerini e Associati","url":"https:\/\/www.guerini.it\/","logo":{"@type":"ImageObject","inLanguage":"it-IT","@id":"https:\/\/www.guerini.it\/#\/schema\/logo\/image\/","url":"https:\/\/www.guerini.it\/wp-content\/uploads\/2021\/03\/Logo-Guerini-OK_-e1615831292285.png","contentUrl":"https:\/\/www.guerini.it\/wp-content\/uploads\/2021\/03\/Logo-Guerini-OK_-e1615831292285.png","width":2805,"height":1870,"caption":"Guerini e Associati"},"image":{"@id":"https:\/\/www.guerini.it\/#\/schema\/logo\/image\/"}}]}},"_links":{"self":[{"href":"https:\/\/www.guerini.it\/index.php\/wp-json\/wp\/v2\/product\/15738","targetHints":{"allow":["GET"]}}],"collection":[{"href":"https:\/\/www.guerini.it\/index.php\/wp-json\/wp\/v2\/product"}],"about":[{"href":"https:\/\/www.guerini.it\/index.php\/wp-json\/wp\/v2\/types\/product"}],"wp:featuredmedia":[{"embeddable":true,"href":"https:\/\/www.guerini.it\/index.php\/wp-json\/wp\/v2\/media\/15737"}],"wp:attachment":[{"href":"https:\/\/www.guerini.it\/index.php\/wp-json\/wp\/v2\/media?parent=15738"}],"wp:term":[{"taxonomy":"product_brand","embeddable":true,"href":"https:\/\/www.guerini.it\/index.php\/wp-json\/wp\/v2\/product_brand?post=15738"},{"taxonomy":"product_cat","embeddable":true,"href":"https:\/\/www.guerini.it\/index.php\/wp-json\/wp\/v2\/product_cat?post=15738"},{"taxonomy":"product_tag","embeddable":true,"href":"https:\/\/www.guerini.it\/index.php\/wp-json\/wp\/v2\/product_tag?post=15738"}],"curies":[{"name":"wp","href":"https:\/\/api.w.org\/{rel}","templated":true}]}}

<p style="text-align: justify;">Fare acquisti in rete è divenuto più semplice e conveniente. La connettività a Internet si è estesa in maniera radicale, divenendo sempre più rapida ed efficiente. Dialogare online con le istituzioni ha cambiato radicalmente la vita dei cittadini e il tasso di democraticità dei governi. Tutto ciò e molto altro si deve al progresso del mercato digitale, il quale, però, nasconde non poche insidie e sfide.</p>
<p style="text-align: justify;">Con il 2015 si sono chiusi i primi cinque anni della programmazione dell&#8217;Agenda Digitale proposta dall&#8217;Unione europea. Altri cinque rappresentano la restante parte del cammino da intraprendere.</p>
<p style="text-align: justify;">Ad oggi, tuttavia, molte domande sembrano non avere una risposta chiara. Cosa significa e a che punto è l&#8217;idea di un Mercato unico digitale? A che livello di competitività nel mondo è l&#8217;Europa per il settore delle ICT? Quali sono i passaggi fondamentali per creare sviluppo economico e sociale tra gli Stati membri? Il mercato digitale europeo si presenta unito e forte o frammentato e debole? Ma soprattutto, quali sono le risposte che l&#8217;Unione pone ai maggiori problemi odierni? E come propone di sfruttare le opportunità dell&#8217;era digitale? Questo libro tenta di analizzare quanto è stato fatto, tra successi e insuccessi, per comprendere dove l&#8217;Europa si stia dirigendo nel mercato digitale globale.</p>
<p style="text-align: justify;">

<p>Fare acquisti in rete è divenuto più semplice e conveniente. La connettività a Internet si è estesa in maniera radicale, divenendo sempre più rapida ed efficiente. Dialogare online con le istituzioni ha cambiato radicalmente la vita dei cittadini e il tasso di democraticità dei governi. Tutto ciò e molto altro si deve al progresso del mercato digitale, il quale, però, nasconde non poche insidie e sfide.</p>
<p>Con il 2015 si sono chiusi i primi cinque anni della programmazione dell&#8217;Agenda Digitale proposta dall&#8217;Unione europea. Altri cinque rappresentano la restante parte del cammino da intraprendere.</p>
<p>Ad oggi, tuttavia, molte domande sembrano non avere una risposta chiara. Cosa significa e a che punto è l&#8217;idea di un Mercato unico digitale? A che livello di competitività nel mondo è l&#8217;Europa per il settore delle ICT? Quali sono i passaggi fondamentali per creare sviluppo economico e sociale tra gli Stati membri? Il mercato digitale europeo si presenta unito e forte o frammentato e debole? Ma soprattutto, quali sono le risposte che l&#8217;Unione pone ai maggiori problemi odierni? E come propone di sfruttare le opportunità dell&#8217;era digitale? Questo libro tenta di analizzare quanto è stato fatto, tra successi e insuccessi, per comprendere dove l&#8217;Europa si stia dirigendo nel mercato digitale globale.</p>

<!-- This site is optimized with the Yoast SEO plugin v25.4 - https://yoast.com/wordpress/plugins/seo/ -->
<title>L&#039;agenda digitale europea - Guerini e Associati</title>
<meta name="robots" content="index, follow, max-snippet:-1, max-image-preview:large, max-video-preview:-1" />
<link rel="canonical" href="https://www.guerini.it/index.php/prodotto/l-agenda-digitale-europea/" />
<meta property="og:locale" content="it_IT" />
<meta property="og:type" content="article" />
<meta property="og:title" content="L&#039;agenda digitale europea - Guerini e Associati" />
<meta property="og:description" content="Fare acquisti in rete è divenuto più semplice e conveniente. La connettività a Internet si è estesa in maniera radicale, divenendo sempre più rapida ed efficiente. Dialogare online con le istituzioni ha cambiato radicalmente la vita dei cittadini e il tasso di democraticità dei governi. Tutto ciò e molto altro si deve al progresso del mercato digitale, il quale, però, nasconde non poche insidie e sfide.  Con il 2015 si sono chiusi i primi cinque anni della programmazione dell&#039;Agenda Digitale proposta dall&#039;Unione europea. Altri cinque rappresentano la restante parte del cammino da intraprendere.  Ad oggi, tuttavia, molte domande sembrano non avere una risposta chiara. Cosa significa e a che punto è l&#039;idea di un Mercato unico digitale? A che livello di competitività nel mondo è l&#039;Europa per il settore delle ICT? Quali sono i passaggi fondamentali per creare sviluppo economico e sociale tra gli Stati membri? Il mercato digitale europeo si presenta unito e forte o frammentato e debole? Ma soprattutto, quali sono le risposte che l&#039;Unione pone ai maggiori problemi odierni? E come propone di sfruttare le opportunità dell&#039;era digitale? Questo libro tenta di analizzare quanto è stato fatto, tra successi e insuccessi, per comprendere dove l&#039;Europa si stia dirigendo nel mercato digitale globale." />
<meta property="og:url" content="https://www.guerini.it/index.php/prodotto/l-agenda-digitale-europea/" />
<meta property="og:site_name" content="Guerini e Associati" />
<meta property="article:modified_time" content="2024-06-12T12:39:37+00:00" />
<meta property="og:image" content="https://www.guerini.it/wp-content/uploads/2016/04/agenda_digitale_europea_l__sito.jpg" />
	<meta property="og:image:width" content="235" />
	<meta property="og:image:height" content="353" />
	<meta property="og:image:type" content="image/jpeg" />
<meta name="twitter:card" content="summary_large_image" />
<meta name="twitter:label1" content="Tempo di lettura stimato" />
	<meta name="twitter:data1" content="2 minuti" />
<!-- / Yoast SEO plugin. -->

Fare acquisti in rete è divenuto più semplice e conveniente. La connettività a Internet si è estesa in maniera radicale, divenendo sempre più rapida ed efficiente. Dialogare online con le istituzioni ha cambiato radicalmente la vita dei cittadini e il tasso di democraticità dei governi. Tutto ciò e molto altro si deve al progresso del mercato digitale, il quale, però, nasconde non poche insidie e sfide.  Con il 2015 si sono chiusi i primi cinque anni della programmazione dell'Agenda Digitale proposta dall'Unione europea. Altri cinque rappresentano la restante parte del cammino da intraprendere.  Ad oggi, tuttavia, molte domande sembrano non avere una risposta chiara. Cosa significa e a che punto è l'idea di un Mercato unico digitale? A che livello di competitività nel mondo è l'Europa per il settore delle ICT? Quali sono i passaggi fondamentali per creare sviluppo economico e sociale tra gli Stati membri? Il mercato digitale europeo si presenta unito e forte o frammentato e debole? Ma soprattutto, quali sono le risposte che l'Unione pone ai maggiori problemi odierni? E come propone di sfruttare le opportunità dell'era digitale? Questo libro tenta di analizzare quanto è stato fatto, tra successi e insuccessi, per comprendere dove l'Europa si stia dirigendo nel mercato digitale globale.

30 anni di libri, idee e libertà
