{"id":15791,"date":"2016-06-27T11:43:30","date_gmt":"2016-06-27T09:43:30","guid":{"rendered":"https:\/\/test.guerini.it\/?product=harambee"},"modified":"2024-12-11T15:53:17","modified_gmt":"2024-12-11T14:53:17","slug":"harambee","status":"publish","type":"product","link":"https:\/\/www.guerini.it\/index.php\/prodotto\/harambee\/","title":{"rendered":"Harambee!"},"content":{"rendered":"<p style=\"text-align: justify;\">Nel Kenya dei villaggi, quello con le strade in terra battuta, pu\u00f2 capitare che l\u2019autobus si impantani e che l\u2019autista faccia scendere tutti per spingere al ritmo scandito di \u00abHarambee!\u00bb, un incitamento corrispondente al nostro \u00abOh issa!\u00bb. \u00c8 questa la metafora che Matteo Richetti utilizza per descrivere la politica e il suo senso pi\u00f9 profondo: quello della generosit\u00e0 di chi non abbandona una situazione di difficolt\u00e0 e quello di un impegno che ha bisogno del contributo di tutti.<br \/>\n\u00abSpesso, in questa stagione politica in cui le cronache dei giornali raccontano solo divisioni, ho invocato l\u2019Harambee. Perch\u00e9 tu puoi rimanere diverso, con i tuoi distinguo, ma le tue braccia servono per spingere insieme agli altri\u00bb. Un racconto passionale di come la politica senza umanit\u00e0 e coraggio, senza il riconoscimento di fatica e fragilit\u00e0, perda il suo significato pi\u00f9 alto. Un invito a crederci e a non tirarsi mai indietro rivolto a tutti, in particolare ai giovani.<\/p>\n<p style=\"text-align: justify;\"><strong>Permalink:\u00a0<\/strong><a href=\"http:\/\/digital.casalini.it\/9788881950911\">http:\/\/digital.casalini.it\/9788881950911<\/a><\/p>\n","protected":false},"excerpt":{"rendered":"<p style=\"text-align: justify;\">Nel Kenya dei villaggi, quello con le strade in terra battuta, pu\u00f2 capitare che l\u2019autobus si impantani e che l\u2019autista faccia scendere tutti per spingere al ritmo scandito di \u00abHarambee!\u00bb, un incitamento corrispondente al nostro \u00abOh issa!\u00bb. \u00c8 questa la metafora che Matteo Richetti utilizza per descrivere la politica e il suo senso pi\u00f9 profondo: quello della generosit\u00e0 di chi non abbandona una situazione di difficolt\u00e0 e quello di un impegno che ha bisogno del contributo di tutti.<br \/>\n\u00abSpesso, in questa stagione politica in cui le cronache dei giornali raccontano solo divisioni, ho invocato l\u2019Harambee. Perch\u00e9 tu puoi rimanere diverso, con i tuoi distinguo, ma le tue braccia servono per spingere insieme agli altri\u00bb. Un racconto passionale di come la politica senza umanit\u00e0 e coraggio, senza il riconoscimento di fatica e fragilit\u00e0, perda il suo significato pi\u00f9 alto. Un invito a crederci e a non tirarsi mai indietro rivolto a tutti, in particolare ai giovani.<\/p>\n","protected":false},"featured_media":15790,"template":"","meta":{"_editorskit_title_hidden":false,"_editorskit_reading_time":0,"_editorskit_is_block_options_detached":false,"_editorskit_block_options_position":"{}","_monsterinsights_skip_tracking":false,"_monsterinsights_sitenote_active":false,"_monsterinsights_sitenote_note":"","_monsterinsights_sitenote_category":0},"product_brand":[],"product_cat":[6527],"product_tag":[],"class_list":{"0":"post-15791","1":"product","2":"type-product","3":"status-publish","4":"has-post-thumbnail","6":"product_cat-attualita","7":"pa_guerini_link_amazon-99-httpswwwamazonitharambee_f","8":"pa_guerini_link_apple_ibook-69-httpsitunesapplecomitbookh","9":"pa_guerini_link_giunti_punto-af-httpwwwgiuntialpuntoitprod","10":"pa_guerini_link_kobo-dc-httpsstorekobobookscomit_i","11":"pa_guerini_link_rizzoli-3f-httpwwwlibreriarizzoliitha","12":"pa_guerini_strillo-c1-lapassioneperlapoliticaspi","14":"first","15":"instock","16":"sale","17":"shipping-taxable","18":"purchasable","19":"product-type-simple"},"yoast_head":"<!-- This site is optimized with the Yoast SEO plugin v25.4 - https:\/\/yoast.com\/wordpress\/plugins\/seo\/ -->\n<title>Harambee! - Guerini e Associati<\/title>\n<meta name=\"robots\" content=\"index, follow, max-snippet:-1, max-image-preview:large, max-video-preview:-1\" \/>\n<link rel=\"canonical\" href=\"https:\/\/www.guerini.it\/index.php\/prodotto\/harambee\/\" \/>\n<meta property=\"og:locale\" content=\"it_IT\" \/>\n<meta property=\"og:type\" content=\"article\" \/>\n<meta property=\"og:title\" content=\"Harambee! - Guerini e Associati\" \/>\n<meta property=\"og:description\" content=\"Nel Kenya dei villaggi, quello con le strade in terra battuta, pu\u00f2 capitare che l\u2019autobus si impantani e che l\u2019autista faccia scendere tutti per spingere al ritmo scandito di \u00abHarambee!\u00bb, un incitamento corrispondente al nostro \u00abOh issa!\u00bb. \u00c8 questa la metafora che Matteo Richetti utilizza per descrivere la politica e il suo senso pi\u00f9 profondo: quello della generosit\u00e0 di chi non abbandona una situazione di difficolt\u00e0 e quello di un impegno che ha bisogno del contributo di tutti. \u00abSpesso, in questa stagione politica in cui le cronache dei giornali raccontano solo divisioni, ho invocato l\u2019Harambee. Perch\u00e9 tu puoi rimanere diverso, con i tuoi distinguo, ma le tue braccia servono per spingere insieme agli altri\u00bb. Un racconto passionale di come la politica senza umanit\u00e0 e coraggio, senza il riconoscimento di fatica e fragilit\u00e0, perda il suo significato pi\u00f9 alto. Un invito a crederci e a non tirarsi mai indietro rivolto a tutti, in particolare ai giovani.\" \/>\n<meta property=\"og:url\" content=\"https:\/\/www.guerini.it\/index.php\/prodotto\/harambee\/\" \/>\n<meta property=\"og:site_name\" content=\"Guerini e Associati\" \/>\n<meta property=\"article:modified_time\" content=\"2024-12-11T14:53:17+00:00\" \/>\n<meta property=\"og:image\" content=\"https:\/\/www.guerini.it\/wp-content\/uploads\/2016\/06\/harambee_sito.jpg\" \/>\n\t<meta property=\"og:image:width\" content=\"217\" \/>\n\t<meta property=\"og:image:height\" content=\"353\" \/>\n\t<meta property=\"og:image:type\" content=\"image\/jpeg\" \/>\n<meta name=\"twitter:card\" content=\"summary_large_image\" \/>\n<meta name=\"twitter:label1\" content=\"Tempo di lettura stimato\" \/>\n\t<meta name=\"twitter:data1\" content=\"2 minuti\" \/>\n<!-- \/ Yoast SEO plugin. -->","yoast_head_json":{"title":"Harambee! - Guerini e Associati","robots":{"index":"index","follow":"follow","max-snippet":"max-snippet:-1","max-image-preview":"max-image-preview:large","max-video-preview":"max-video-preview:-1"},"canonical":"https:\/\/www.guerini.it\/index.php\/prodotto\/harambee\/","og_locale":"it_IT","og_type":"article","og_title":"Harambee! - Guerini e Associati","og_description":"Nel Kenya dei villaggi, quello con le strade in terra battuta, pu\u00f2 capitare che l\u2019autobus si impantani e che l\u2019autista faccia scendere tutti per spingere al ritmo scandito di \u00abHarambee!\u00bb, un incitamento corrispondente al nostro \u00abOh issa!\u00bb. \u00c8 questa la metafora che Matteo Richetti utilizza per descrivere la politica e il suo senso pi\u00f9 profondo: quello della generosit\u00e0 di chi non abbandona una situazione di difficolt\u00e0 e quello di un impegno che ha bisogno del contributo di tutti. \u00abSpesso, in questa stagione politica in cui le cronache dei giornali raccontano solo divisioni, ho invocato l\u2019Harambee. Perch\u00e9 tu puoi rimanere diverso, con i tuoi distinguo, ma le tue braccia servono per spingere insieme agli altri\u00bb. Un racconto passionale di come la politica senza umanit\u00e0 e coraggio, senza il riconoscimento di fatica e fragilit\u00e0, perda il suo significato pi\u00f9 alto. Un invito a crederci e a non tirarsi mai indietro rivolto a tutti, in particolare ai giovani.","og_url":"https:\/\/www.guerini.it\/index.php\/prodotto\/harambee\/","og_site_name":"Guerini e Associati","article_modified_time":"2024-12-11T14:53:17+00:00","og_image":[{"width":217,"height":353,"url":"https:\/\/www.guerini.it\/wp-content\/uploads\/2016\/06\/harambee_sito.jpg","type":"image\/jpeg"}],"twitter_card":"summary_large_image","twitter_misc":{"Tempo di lettura stimato":"2 minuti"},"schema":{"@context":"https:\/\/schema.org","@graph":[{"@type":"WebPage","@id":"https:\/\/www.guerini.it\/index.php\/prodotto\/harambee\/","url":"https:\/\/www.guerini.it\/index.php\/prodotto\/harambee\/","name":"Harambee! - Guerini e Associati","isPartOf":{"@id":"https:\/\/www.guerini.it\/#website"},"primaryImageOfPage":{"@id":"https:\/\/www.guerini.it\/index.php\/prodotto\/harambee\/#primaryimage"},"image":{"@id":"https:\/\/www.guerini.it\/index.php\/prodotto\/harambee\/#primaryimage"},"thumbnailUrl":"https:\/\/www.guerini.it\/wp-content\/uploads\/2016\/06\/harambee_sito.jpg","datePublished":"2016-06-27T09:43:30+00:00","dateModified":"2024-12-11T14:53:17+00:00","breadcrumb":{"@id":"https:\/\/www.guerini.it\/index.php\/prodotto\/harambee\/#breadcrumb"},"inLanguage":"it-IT","potentialAction":[{"@type":"ReadAction","target":["https:\/\/www.guerini.it\/index.php\/prodotto\/harambee\/"]}]},{"@type":"ImageObject","inLanguage":"it-IT","@id":"https:\/\/www.guerini.it\/index.php\/prodotto\/harambee\/#primaryimage","url":"https:\/\/www.guerini.it\/wp-content\/uploads\/2016\/06\/harambee_sito.jpg","contentUrl":"https:\/\/www.guerini.it\/wp-content\/uploads\/2016\/06\/harambee_sito.jpg","width":217,"height":353,"caption":"Harambee!"},{"@type":"BreadcrumbList","@id":"https:\/\/www.guerini.it\/index.php\/prodotto\/harambee\/#breadcrumb","itemListElement":[{"@type":"ListItem","position":1,"name":"Home","item":"https:\/\/www.guerini.it\/"},{"@type":"ListItem","position":2,"name":"Catalogo","item":"https:\/\/www.guerini.it\/index.php\/negozio\/"},{"@type":"ListItem","position":3,"name":"Harambee!"}]},{"@type":"WebSite","@id":"https:\/\/www.guerini.it\/#website","url":"https:\/\/www.guerini.it\/","name":"Guerini e Associati","description":"30 anni di libri, idee e libert\u00e0","publisher":{"@id":"https:\/\/www.guerini.it\/#organization"},"potentialAction":[{"@type":"SearchAction","target":{"@type":"EntryPoint","urlTemplate":"https:\/\/www.guerini.it\/?s={search_term_string}"},"query-input":{"@type":"PropertyValueSpecification","valueRequired":true,"valueName":"search_term_string"}}],"inLanguage":"it-IT"},{"@type":"Organization","@id":"https:\/\/www.guerini.it\/#organization","name":"Guerini e Associati","url":"https:\/\/www.guerini.it\/","logo":{"@type":"ImageObject","inLanguage":"it-IT","@id":"https:\/\/www.guerini.it\/#\/schema\/logo\/image\/","url":"https:\/\/www.guerini.it\/wp-content\/uploads\/2021\/03\/Logo-Guerini-OK_-e1615831292285.png","contentUrl":"https:\/\/www.guerini.it\/wp-content\/uploads\/2021\/03\/Logo-Guerini-OK_-e1615831292285.png","width":2805,"height":1870,"caption":"Guerini e Associati"},"image":{"@id":"https:\/\/www.guerini.it\/#\/schema\/logo\/image\/"}}]}},"_links":{"self":[{"href":"https:\/\/www.guerini.it\/index.php\/wp-json\/wp\/v2\/product\/15791","targetHints":{"allow":["GET"]}}],"collection":[{"href":"https:\/\/www.guerini.it\/index.php\/wp-json\/wp\/v2\/product"}],"about":[{"href":"https:\/\/www.guerini.it\/index.php\/wp-json\/wp\/v2\/types\/product"}],"wp:featuredmedia":[{"embeddable":true,"href":"https:\/\/www.guerini.it\/index.php\/wp-json\/wp\/v2\/media\/15790"}],"wp:attachment":[{"href":"https:\/\/www.guerini.it\/index.php\/wp-json\/wp\/v2\/media?parent=15791"}],"wp:term":[{"taxonomy":"product_brand","embeddable":true,"href":"https:\/\/www.guerini.it\/index.php\/wp-json\/wp\/v2\/product_brand?post=15791"},{"taxonomy":"product_cat","embeddable":true,"href":"https:\/\/www.guerini.it\/index.php\/wp-json\/wp\/v2\/product_cat?post=15791"},{"taxonomy":"product_tag","embeddable":true,"href":"https:\/\/www.guerini.it\/index.php\/wp-json\/wp\/v2\/product_tag?post=15791"}],"curies":[{"name":"wp","href":"https:\/\/api.w.org\/{rel}","templated":true}]}}