{"id":15805,"date":"2016-07-15T11:15:07","date_gmt":"2016-07-15T09:15:07","guid":{"rendered":"https:\/\/test.guerini.it\/?product=filosofie-della-metafora"},"modified":"2026-01-22T10:37:33","modified_gmt":"2026-01-22T09:37:33","slug":"filosofie-della-metafora","status":"publish","type":"product","link":"https:\/\/www.guerini.it\/index.php\/prodotto\/filosofie-della-metafora\/","title":{"rendered":"Filosofie della metafora"},"content":{"rendered":"<p style=\"text-align: justify;\">Le lingue che parliamo sono strumenti straordinariamente vivi e flessibili. La metafora \u00e8 uno dei mezzi pi\u00f9 comuni con cui entriamo nel loro cuore pulsante: inventiamo nuovi usi dei vocaboli, violiamo le regole, allarghiamo i dizionari. Questo libro si occupa della metafora come un laboratorio nel quale studiare fenomeni linguistici complessi, eppure molto frequenti. Ma per riuscirci \u00e8 necessario mettere da parte un pregiudizio pesante: la convinzione che facciamo metafore soltanto per abbellire i nostri discorsi. Non \u00e8 cos\u00ec. Il linguaggio metaforico \u00e8 qualcosa di molto pi\u00f9 importante. \u00c8 uno strumento che ci fa vedere la realt\u00e0 con occhi diversi. Perci\u00f2 parliamo di \u00ablinguaggio figurato\u00bb. Nella metafora, le parole e le immagini si incontrano e ci aiutano a comprendere il mondo pi\u00f9 a fondo di quanto non accada a uno sguardo muto.<\/p>\n<p style=\"text-align: justify;\"><strong>Permalink:\u00a0<\/strong><a href=\"http:\/\/digital.casalini.it\/9788881952243\">http:\/\/digital.casalini.it\/9788881952243<\/a><\/p>\n","protected":false},"excerpt":{"rendered":"<p style=\"text-align: justify;\">Le lingue che parliamo sono strumenti straordinariamente vivi e flessibili. La metafora \u00e8 uno dei mezzi pi\u00f9 comuni con cui entriamo nel loro cuore pulsante: inventiamo nuovi usi dei vocaboli, violiamo le regole, allarghiamo i dizionari. Questo libro si occupa della metafora come un laboratorio nel quale studiare fenomeni linguistici complessi, eppure molto frequenti. Ma per riuscirci \u00e8 necessario mettere da parte un pregiudizio pesante: la convinzione che facciamo metafore soltanto per abbellire i nostri discorsi. Non \u00e8 cos\u00ec. Il linguaggio metaforico \u00e8 qualcosa di molto pi\u00f9 importante. \u00c8 uno strumento che ci fa vedere la realt\u00e0 con occhi diversi. Perci\u00f2 parliamo di \u00ablinguaggio figurato\u00bb. Nella metafora, le parole e le immagini si incontrano e ci aiutano a comprendere il mondo pi\u00f9 a fondo di quanto non accada a uno sguardo muto.<\/p>\n","protected":false},"featured_media":15804,"template":"","meta":{"_editorskit_title_hidden":false,"_editorskit_reading_time":0,"_editorskit_is_block_options_detached":false,"_editorskit_block_options_position":"{}","_monsterinsights_skip_tracking":false,"_monsterinsights_sitenote_active":false,"_monsterinsights_sitenote_note":"","_monsterinsights_sitenote_category":0},"product_brand":[],"product_cat":[6530,6661],"product_tag":[],"class_list":{"0":"post-15805","1":"product","2":"type-product","3":"status-publish","4":"has-post-thumbnail","6":"product_cat-filosofia","7":"product_cat-op-ns","8":"pa_guerini_amazon_link-https-www-amazon-it-filosofie-della-metafora-alberto-martinengo-dp-8881073978","9":"pa_guerini_feltrinelli_link-https-www-lafeltrinelli-it-filosofie-della-metafora-libro-alberto-martinengo-e-9788881073979","10":"pa_guerini_ibs_link-https-www-ibs-it-filosofie-della-metafora-libro-alberto-martinengo-e-9788881073979","11":"pa_guerini_libruniver_link-https-www-libreriauniversitaria-it-filosofie-metafora-martinengo-alberto-guerini-libro-9788881073979","13":"first","14":"instock","15":"sale","16":"shipping-taxable","17":"purchasable","18":"product-type-simple"},"yoast_head":"<!-- This site is optimized with the Yoast SEO plugin v25.4 - https:\/\/yoast.com\/wordpress\/plugins\/seo\/ -->\n<title>Filosofie della metafora - Guerini e Associati<\/title>\n<meta name=\"robots\" content=\"index, follow, max-snippet:-1, max-image-preview:large, max-video-preview:-1\" \/>\n<link rel=\"canonical\" href=\"https:\/\/www.guerini.it\/index.php\/prodotto\/filosofie-della-metafora\/\" \/>\n<meta property=\"og:locale\" content=\"it_IT\" \/>\n<meta property=\"og:type\" content=\"article\" \/>\n<meta property=\"og:title\" content=\"Filosofie della metafora - Guerini e Associati\" \/>\n<meta property=\"og:description\" content=\"Le lingue che parliamo sono strumenti straordinariamente vivi e flessibili. La metafora \u00e8 uno dei mezzi pi\u00f9 comuni con cui entriamo nel loro cuore pulsante: inventiamo nuovi usi dei vocaboli, violiamo le regole, allarghiamo i dizionari. Questo libro si occupa della metafora come un laboratorio nel quale studiare fenomeni linguistici complessi, eppure molto frequenti. Ma per riuscirci \u00e8 necessario mettere da parte un pregiudizio pesante: la convinzione che facciamo metafore soltanto per abbellire i nostri discorsi. Non \u00e8 cos\u00ec. Il linguaggio metaforico \u00e8 qualcosa di molto pi\u00f9 importante. \u00c8 uno strumento che ci fa vedere la realt\u00e0 con occhi diversi. Perci\u00f2 parliamo di \u00ablinguaggio figurato\u00bb. Nella metafora, le parole e le immagini si incontrano e ci aiutano a comprendere il mondo pi\u00f9 a fondo di quanto non accada a uno sguardo muto.\" \/>\n<meta property=\"og:url\" content=\"https:\/\/www.guerini.it\/index.php\/prodotto\/filosofie-della-metafora\/\" \/>\n<meta property=\"og:site_name\" content=\"Guerini e Associati\" \/>\n<meta property=\"article:modified_time\" content=\"2026-01-22T09:37:33+00:00\" \/>\n<meta property=\"og:image\" content=\"https:\/\/www.guerini.it\/wp-content\/uploads\/2016\/07\/filosofie_metafora_sito.jpg\" \/>\n\t<meta property=\"og:image:width\" content=\"227\" \/>\n\t<meta property=\"og:image:height\" content=\"353\" \/>\n\t<meta property=\"og:image:type\" content=\"image\/jpeg\" \/>\n<meta name=\"twitter:card\" content=\"summary_large_image\" \/>\n<meta name=\"twitter:label1\" content=\"Tempo di lettura stimato\" \/>\n\t<meta name=\"twitter:data1\" content=\"1 minuto\" \/>\n<!-- \/ Yoast SEO plugin. -->","yoast_head_json":{"title":"Filosofie della metafora - Guerini e Associati","robots":{"index":"index","follow":"follow","max-snippet":"max-snippet:-1","max-image-preview":"max-image-preview:large","max-video-preview":"max-video-preview:-1"},"canonical":"https:\/\/www.guerini.it\/index.php\/prodotto\/filosofie-della-metafora\/","og_locale":"it_IT","og_type":"article","og_title":"Filosofie della metafora - Guerini e Associati","og_description":"Le lingue che parliamo sono strumenti straordinariamente vivi e flessibili. La metafora \u00e8 uno dei mezzi pi\u00f9 comuni con cui entriamo nel loro cuore pulsante: inventiamo nuovi usi dei vocaboli, violiamo le regole, allarghiamo i dizionari. Questo libro si occupa della metafora come un laboratorio nel quale studiare fenomeni linguistici complessi, eppure molto frequenti. Ma per riuscirci \u00e8 necessario mettere da parte un pregiudizio pesante: la convinzione che facciamo metafore soltanto per abbellire i nostri discorsi. Non \u00e8 cos\u00ec. Il linguaggio metaforico \u00e8 qualcosa di molto pi\u00f9 importante. \u00c8 uno strumento che ci fa vedere la realt\u00e0 con occhi diversi. Perci\u00f2 parliamo di \u00ablinguaggio figurato\u00bb. Nella metafora, le parole e le immagini si incontrano e ci aiutano a comprendere il mondo pi\u00f9 a fondo di quanto non accada a uno sguardo muto.","og_url":"https:\/\/www.guerini.it\/index.php\/prodotto\/filosofie-della-metafora\/","og_site_name":"Guerini e Associati","article_modified_time":"2026-01-22T09:37:33+00:00","og_image":[{"width":227,"height":353,"url":"https:\/\/www.guerini.it\/wp-content\/uploads\/2016\/07\/filosofie_metafora_sito.jpg","type":"image\/jpeg"}],"twitter_card":"summary_large_image","twitter_misc":{"Tempo di lettura stimato":"1 minuto"},"schema":{"@context":"https:\/\/schema.org","@graph":[{"@type":"WebPage","@id":"https:\/\/www.guerini.it\/index.php\/prodotto\/filosofie-della-metafora\/","url":"https:\/\/www.guerini.it\/index.php\/prodotto\/filosofie-della-metafora\/","name":"Filosofie della metafora - Guerini e Associati","isPartOf":{"@id":"https:\/\/www.guerini.it\/#website"},"primaryImageOfPage":{"@id":"https:\/\/www.guerini.it\/index.php\/prodotto\/filosofie-della-metafora\/#primaryimage"},"image":{"@id":"https:\/\/www.guerini.it\/index.php\/prodotto\/filosofie-della-metafora\/#primaryimage"},"thumbnailUrl":"https:\/\/www.guerini.it\/wp-content\/uploads\/2016\/07\/filosofie_metafora_sito.jpg","datePublished":"2016-07-15T09:15:07+00:00","dateModified":"2026-01-22T09:37:33+00:00","breadcrumb":{"@id":"https:\/\/www.guerini.it\/index.php\/prodotto\/filosofie-della-metafora\/#breadcrumb"},"inLanguage":"it-IT","potentialAction":[{"@type":"ReadAction","target":["https:\/\/www.guerini.it\/index.php\/prodotto\/filosofie-della-metafora\/"]}]},{"@type":"ImageObject","inLanguage":"it-IT","@id":"https:\/\/www.guerini.it\/index.php\/prodotto\/filosofie-della-metafora\/#primaryimage","url":"https:\/\/www.guerini.it\/wp-content\/uploads\/2016\/07\/filosofie_metafora_sito.jpg","contentUrl":"https:\/\/www.guerini.it\/wp-content\/uploads\/2016\/07\/filosofie_metafora_sito.jpg","width":227,"height":353,"caption":"Filosofie della metafora"},{"@type":"BreadcrumbList","@id":"https:\/\/www.guerini.it\/index.php\/prodotto\/filosofie-della-metafora\/#breadcrumb","itemListElement":[{"@type":"ListItem","position":1,"name":"Home","item":"https:\/\/www.guerini.it\/"},{"@type":"ListItem","position":2,"name":"Catalogo","item":"https:\/\/www.guerini.it\/index.php\/negozio\/"},{"@type":"ListItem","position":3,"name":"Filosofie della metafora"}]},{"@type":"WebSite","@id":"https:\/\/www.guerini.it\/#website","url":"https:\/\/www.guerini.it\/","name":"Guerini e Associati","description":"30 anni di libri, idee e libert\u00e0","publisher":{"@id":"https:\/\/www.guerini.it\/#organization"},"potentialAction":[{"@type":"SearchAction","target":{"@type":"EntryPoint","urlTemplate":"https:\/\/www.guerini.it\/?s={search_term_string}"},"query-input":{"@type":"PropertyValueSpecification","valueRequired":true,"valueName":"search_term_string"}}],"inLanguage":"it-IT"},{"@type":"Organization","@id":"https:\/\/www.guerini.it\/#organization","name":"Guerini e Associati","url":"https:\/\/www.guerini.it\/","logo":{"@type":"ImageObject","inLanguage":"it-IT","@id":"https:\/\/www.guerini.it\/#\/schema\/logo\/image\/","url":"https:\/\/www.guerini.it\/wp-content\/uploads\/2021\/03\/Logo-Guerini-OK_-e1615831292285.png","contentUrl":"https:\/\/www.guerini.it\/wp-content\/uploads\/2021\/03\/Logo-Guerini-OK_-e1615831292285.png","width":2805,"height":1870,"caption":"Guerini e Associati"},"image":{"@id":"https:\/\/www.guerini.it\/#\/schema\/logo\/image\/"}}]}},"_links":{"self":[{"href":"https:\/\/www.guerini.it\/index.php\/wp-json\/wp\/v2\/product\/15805","targetHints":{"allow":["GET"]}}],"collection":[{"href":"https:\/\/www.guerini.it\/index.php\/wp-json\/wp\/v2\/product"}],"about":[{"href":"https:\/\/www.guerini.it\/index.php\/wp-json\/wp\/v2\/types\/product"}],"wp:featuredmedia":[{"embeddable":true,"href":"https:\/\/www.guerini.it\/index.php\/wp-json\/wp\/v2\/media\/15804"}],"wp:attachment":[{"href":"https:\/\/www.guerini.it\/index.php\/wp-json\/wp\/v2\/media?parent=15805"}],"wp:term":[{"taxonomy":"product_brand","embeddable":true,"href":"https:\/\/www.guerini.it\/index.php\/wp-json\/wp\/v2\/product_brand?post=15805"},{"taxonomy":"product_cat","embeddable":true,"href":"https:\/\/www.guerini.it\/index.php\/wp-json\/wp\/v2\/product_cat?post=15805"},{"taxonomy":"product_tag","embeddable":true,"href":"https:\/\/www.guerini.it\/index.php\/wp-json\/wp\/v2\/product_tag?post=15805"}],"curies":[{"name":"wp","href":"https:\/\/api.w.org\/{rel}","templated":true}]}}

<p style="text-align: justify;">Le lingue che parliamo sono strumenti straordinariamente vivi e flessibili. La metafora è uno dei mezzi più comuni con cui entriamo nel loro cuore pulsante: inventiamo nuovi usi dei vocaboli, violiamo le regole, allarghiamo i dizionari. Questo libro si occupa della metafora come un laboratorio nel quale studiare fenomeni linguistici complessi, eppure molto frequenti. Ma per riuscirci è necessario mettere da parte un pregiudizio pesante: la convinzione che facciamo metafore soltanto per abbellire i nostri discorsi. Non è così. Il linguaggio metaforico è qualcosa di molto più importante. È uno strumento che ci fa vedere la realtà con occhi diversi. Perciò parliamo di «linguaggio figurato». Nella metafora, le parole e le immagini si incontrano e ci aiutano a comprendere il mondo più a fondo di quanto non accada a uno sguardo muto.</p>
<p style="text-align: justify;"><strong>Permalink: </strong><a href="http://digital.casalini.it/9788881952243">http://digital.casalini.it/9788881952243</a></p>

<p style="text-align: justify;">Le lingue che parliamo sono strumenti straordinariamente vivi e flessibili. La metafora è uno dei mezzi più comuni con cui entriamo nel loro cuore pulsante: inventiamo nuovi usi dei vocaboli, violiamo le regole, allarghiamo i dizionari. Questo libro si occupa della metafora come un laboratorio nel quale studiare fenomeni linguistici complessi, eppure molto frequenti. Ma per riuscirci è necessario mettere da parte un pregiudizio pesante: la convinzione che facciamo metafore soltanto per abbellire i nostri discorsi. Non è così. Il linguaggio metaforico è qualcosa di molto più importante. È uno strumento che ci fa vedere la realtà con occhi diversi. Perciò parliamo di «linguaggio figurato». Nella metafora, le parole e le immagini si incontrano e ci aiutano a comprendere il mondo più a fondo di quanto non accada a uno sguardo muto.</p>

<!-- This site is optimized with the Yoast SEO plugin v25.4 - https://yoast.com/wordpress/plugins/seo/ -->
<title>Filosofie della metafora - Guerini e Associati</title>
<meta name="robots" content="index, follow, max-snippet:-1, max-image-preview:large, max-video-preview:-1" />
<link rel="canonical" href="https://www.guerini.it/index.php/prodotto/filosofie-della-metafora/" />
<meta property="og:locale" content="it_IT" />
<meta property="og:type" content="article" />
<meta property="og:title" content="Filosofie della metafora - Guerini e Associati" />
<meta property="og:description" content="Le lingue che parliamo sono strumenti straordinariamente vivi e flessibili. La metafora è uno dei mezzi più comuni con cui entriamo nel loro cuore pulsante: inventiamo nuovi usi dei vocaboli, violiamo le regole, allarghiamo i dizionari. Questo libro si occupa della metafora come un laboratorio nel quale studiare fenomeni linguistici complessi, eppure molto frequenti. Ma per riuscirci è necessario mettere da parte un pregiudizio pesante: la convinzione che facciamo metafore soltanto per abbellire i nostri discorsi. Non è così. Il linguaggio metaforico è qualcosa di molto più importante. È uno strumento che ci fa vedere la realtà con occhi diversi. Perciò parliamo di «linguaggio figurato». Nella metafora, le parole e le immagini si incontrano e ci aiutano a comprendere il mondo più a fondo di quanto non accada a uno sguardo muto." />
<meta property="og:url" content="https://www.guerini.it/index.php/prodotto/filosofie-della-metafora/" />
<meta property="og:site_name" content="Guerini e Associati" />
<meta property="article:modified_time" content="2026-01-22T09:37:33+00:00" />
<meta property="og:image" content="https://www.guerini.it/wp-content/uploads/2016/07/filosofie_metafora_sito.jpg" />
	<meta property="og:image:width" content="227" />
	<meta property="og:image:height" content="353" />
	<meta property="og:image:type" content="image/jpeg" />
<meta name="twitter:card" content="summary_large_image" />
<meta name="twitter:label1" content="Tempo di lettura stimato" />
	<meta name="twitter:data1" content="1 minuto" />
<!-- / Yoast SEO plugin. -->

Le lingue che parliamo sono strumenti straordinariamente vivi e flessibili. La metafora è uno dei mezzi più comuni con cui entriamo nel loro cuore pulsante: inventiamo nuovi usi dei vocaboli, violiamo le regole, allarghiamo i dizionari. Questo libro si occupa della metafora come un laboratorio nel quale studiare fenomeni linguistici complessi, eppure molto frequenti. Ma per riuscirci è necessario mettere da parte un pregiudizio pesante: la convinzione che facciamo metafore soltanto per abbellire i nostri discorsi. Non è così. Il linguaggio metaforico è qualcosa di molto più importante. È uno strumento che ci fa vedere la realtà con occhi diversi. Perciò parliamo di «linguaggio figurato». Nella metafora, le parole e le immagini si incontrano e ci aiutano a comprendere il mondo più a fondo di quanto non accada a uno sguardo muto.

30 anni di libri, idee e libertà
