{"id":15817,"date":"2016-09-01T08:19:40","date_gmt":"2016-09-01T06:19:40","guid":{"rendered":"https:\/\/test.guerini.it\/?product=l-organizzazione-perfetta-2"},"modified":"2026-03-14T14:15:23","modified_gmt":"2026-03-14T13:15:23","slug":"l-organizzazione-perfetta-2","status":"publish","type":"product","link":"https:\/\/www.guerini.it\/index.php\/prodotto\/l-organizzazione-perfetta-2\/","title":{"rendered":"L&#8217;organizzazione perfetta"},"content":{"rendered":"<p style=\"text-align: justify;\">I monasteri benedettini sono da 1500 anni un esempio illuminante di che cosa significhi vivere e lavorare in un contesto dove tutti abbiano chiari finalit\u00e0 e obiettivi, ruoli e mansioni e sappiano fare della comunit\u00e0 il proprio punto di forza.<br \/>\nUn\u2019organizzazione perfetta che ha attraversato i secoli e che molte cose pu\u00f2 dire al mondo manageriale, grazie alla corretta gestione di valori condivisi, a una leadership diffusa e alla capacit\u00e0 di far lavorare insieme persone motivate e consapevoli delle proprie responsabilit\u00e0.<br \/>\nLa Regola di San Benedetto \u00e8 stata per secoli il faro di questi monasteri e ha saputo irradiare buon senso unito a un\u2019estrema concretezza.<br \/>\nOggi rappresenta un richiamo forte alle radici comuni del vivere organizzato, alle sue regole e alle sue necessit\u00e0, in un momento in cui un rinnovato senso di appartenenza pu\u00f2 contribuire a ridare slancio alla vita aziendale e al governo delle imprese.<\/p>\n","protected":false},"excerpt":{"rendered":"<p style=\"text-align: justify;\">I monasteri benedettini sono da 1500 anni un esempio illuminante di che cosa significhi vivere e lavorare in un contesto dove tutti abbiano chiari finalit\u00e0 e obiettivi, ruoli e mansioni e sappiano fare della comunit\u00e0 il proprio punto di forza.<br \/>\nUn\u2019organizzazione perfetta che ha attraversato i secoli e che molte cose pu\u00f2 dire al mondo manageriale, grazie alla corretta gestione di valori condivisi, a una leadership diffusa e alla capacit\u00e0 di far lavorare insieme persone motivate e consapevoli delle proprie responsabilit\u00e0.<br \/>\nLa Regola di San Benedetto \u00e8 stata per secoli il faro di questi monasteri e ha saputo irradiare buon senso unito a un\u2019estrema concretezza.<br \/>\nOggi rappresenta un richiamo forte alle radici comuni del vivere organizzato, alle sue regole e alle sue necessit\u00e0, in un momento in cui un rinnovato senso di appartenenza pu\u00f2 contribuire a ridare slancio alla vita aziendale e al governo delle imprese.<\/p>\n","protected":false},"featured_media":15816,"template":"","meta":{"_editorskit_title_hidden":false,"_editorskit_reading_time":0,"_editorskit_is_block_options_detached":false,"_editorskit_block_options_position":"{}","_monsterinsights_skip_tracking":false,"_monsterinsights_sitenote_active":false,"_monsterinsights_sitenote_note":"","_monsterinsights_sitenote_category":0},"product_brand":[],"product_cat":[6805,6529],"product_tag":[],"class_list":{"0":"post-15817","1":"product","2":"type-product","3":"status-publish","4":"has-post-thumbnail","6":"product_cat-guerini-next","7":"product_cat-economia-e-management","8":"pa_guerini_amazon_link-6c-httpswwwamazonitlorganizza","9":"pa_guerini_ibs_link-6d-httpswwwawin1comcreadphpaw","10":"pa_guerini_nedizione-seconda","12":"first","13":"instock","14":"sale","15":"shipping-taxable","16":"purchasable","17":"product-type-simple"},"yoast_head":"<!-- This site is optimized with the Yoast SEO plugin v25.4 - https:\/\/yoast.com\/wordpress\/plugins\/seo\/ -->\n<title>L&#039;organizzazione perfetta - Guerini e Associati<\/title>\n<meta name=\"robots\" content=\"index, follow, max-snippet:-1, max-image-preview:large, max-video-preview:-1\" \/>\n<link rel=\"canonical\" href=\"https:\/\/www.guerini.it\/index.php\/prodotto\/l-organizzazione-perfetta-2\/\" \/>\n<meta property=\"og:locale\" content=\"it_IT\" \/>\n<meta property=\"og:type\" content=\"article\" \/>\n<meta property=\"og:title\" content=\"L&#039;organizzazione perfetta - Guerini e Associati\" \/>\n<meta property=\"og:description\" content=\"I monasteri benedettini sono da 1500 anni un esempio illuminante di che cosa significhi vivere e lavorare in un contesto dove tutti abbiano chiari finalit\u00e0 e obiettivi, ruoli e mansioni e sappiano fare della comunit\u00e0 il proprio punto di forza. Un\u2019organizzazione perfetta che ha attraversato i secoli e che molte cose pu\u00f2 dire al mondo manageriale, grazie alla corretta gestione di valori condivisi, a una leadership diffusa e alla capacit\u00e0 di far lavorare insieme persone motivate e consapevoli delle proprie responsabilit\u00e0. La Regola di San Benedetto \u00e8 stata per secoli il faro di questi monasteri e ha saputo irradiare buon senso unito a un\u2019estrema concretezza. Oggi rappresenta un richiamo forte alle radici comuni del vivere organizzato, alle sue regole e alle sue necessit\u00e0, in un momento in cui un rinnovato senso di appartenenza pu\u00f2 contribuire a ridare slancio alla vita aziendale e al governo delle imprese.\" \/>\n<meta property=\"og:url\" content=\"https:\/\/www.guerini.it\/index.php\/prodotto\/l-organizzazione-perfetta-2\/\" \/>\n<meta property=\"og:site_name\" content=\"Guerini e Associati\" \/>\n<meta property=\"article:modified_time\" content=\"2026-03-14T13:15:23+00:00\" \/>\n<meta property=\"og:image\" content=\"https:\/\/www.guerini.it\/wp-content\/uploads\/2016\/09\/organizzazione_perfetta_sito.jpg\" \/>\n\t<meta property=\"og:image:width\" content=\"227\" \/>\n\t<meta property=\"og:image:height\" content=\"353\" \/>\n\t<meta property=\"og:image:type\" content=\"image\/jpeg\" \/>\n<meta name=\"twitter:card\" content=\"summary_large_image\" \/>\n<meta name=\"twitter:label1\" content=\"Tempo di lettura stimato\" \/>\n\t<meta name=\"twitter:data1\" content=\"1 minuto\" \/>\n<!-- \/ Yoast SEO plugin. -->","yoast_head_json":{"title":"L'organizzazione perfetta - Guerini e Associati","robots":{"index":"index","follow":"follow","max-snippet":"max-snippet:-1","max-image-preview":"max-image-preview:large","max-video-preview":"max-video-preview:-1"},"canonical":"https:\/\/www.guerini.it\/index.php\/prodotto\/l-organizzazione-perfetta-2\/","og_locale":"it_IT","og_type":"article","og_title":"L'organizzazione perfetta - Guerini e Associati","og_description":"I monasteri benedettini sono da 1500 anni un esempio illuminante di che cosa significhi vivere e lavorare in un contesto dove tutti abbiano chiari finalit\u00e0 e obiettivi, ruoli e mansioni e sappiano fare della comunit\u00e0 il proprio punto di forza. Un\u2019organizzazione perfetta che ha attraversato i secoli e che molte cose pu\u00f2 dire al mondo manageriale, grazie alla corretta gestione di valori condivisi, a una leadership diffusa e alla capacit\u00e0 di far lavorare insieme persone motivate e consapevoli delle proprie responsabilit\u00e0. La Regola di San Benedetto \u00e8 stata per secoli il faro di questi monasteri e ha saputo irradiare buon senso unito a un\u2019estrema concretezza. Oggi rappresenta un richiamo forte alle radici comuni del vivere organizzato, alle sue regole e alle sue necessit\u00e0, in un momento in cui un rinnovato senso di appartenenza pu\u00f2 contribuire a ridare slancio alla vita aziendale e al governo delle imprese.","og_url":"https:\/\/www.guerini.it\/index.php\/prodotto\/l-organizzazione-perfetta-2\/","og_site_name":"Guerini e Associati","article_modified_time":"2026-03-14T13:15:23+00:00","og_image":[{"width":227,"height":353,"url":"https:\/\/www.guerini.it\/wp-content\/uploads\/2016\/09\/organizzazione_perfetta_sito.jpg","type":"image\/jpeg"}],"twitter_card":"summary_large_image","twitter_misc":{"Tempo di lettura stimato":"1 minuto"},"schema":{"@context":"https:\/\/schema.org","@graph":[{"@type":"WebPage","@id":"https:\/\/www.guerini.it\/index.php\/prodotto\/l-organizzazione-perfetta-2\/","url":"https:\/\/www.guerini.it\/index.php\/prodotto\/l-organizzazione-perfetta-2\/","name":"L'organizzazione perfetta - Guerini e Associati","isPartOf":{"@id":"https:\/\/www.guerini.it\/#website"},"primaryImageOfPage":{"@id":"https:\/\/www.guerini.it\/index.php\/prodotto\/l-organizzazione-perfetta-2\/#primaryimage"},"image":{"@id":"https:\/\/www.guerini.it\/index.php\/prodotto\/l-organizzazione-perfetta-2\/#primaryimage"},"thumbnailUrl":"https:\/\/www.guerini.it\/wp-content\/uploads\/2016\/09\/organizzazione_perfetta_sito.jpg","datePublished":"2016-09-01T06:19:40+00:00","dateModified":"2026-03-14T13:15:23+00:00","breadcrumb":{"@id":"https:\/\/www.guerini.it\/index.php\/prodotto\/l-organizzazione-perfetta-2\/#breadcrumb"},"inLanguage":"it-IT","potentialAction":[{"@type":"ReadAction","target":["https:\/\/www.guerini.it\/index.php\/prodotto\/l-organizzazione-perfetta-2\/"]}]},{"@type":"ImageObject","inLanguage":"it-IT","@id":"https:\/\/www.guerini.it\/index.php\/prodotto\/l-organizzazione-perfetta-2\/#primaryimage","url":"https:\/\/www.guerini.it\/wp-content\/uploads\/2016\/09\/organizzazione_perfetta_sito.jpg","contentUrl":"https:\/\/www.guerini.it\/wp-content\/uploads\/2016\/09\/organizzazione_perfetta_sito.jpg","width":227,"height":353,"caption":"L'organizzazione perfetta"},{"@type":"BreadcrumbList","@id":"https:\/\/www.guerini.it\/index.php\/prodotto\/l-organizzazione-perfetta-2\/#breadcrumb","itemListElement":[{"@type":"ListItem","position":1,"name":"Home","item":"https:\/\/www.guerini.it\/"},{"@type":"ListItem","position":2,"name":"Catalogo","item":"https:\/\/www.guerini.it\/index.php\/negozio\/"},{"@type":"ListItem","position":3,"name":"L&#8217;organizzazione perfetta"}]},{"@type":"WebSite","@id":"https:\/\/www.guerini.it\/#website","url":"https:\/\/www.guerini.it\/","name":"Guerini e Associati","description":"30 anni di libri, idee e libert\u00e0","publisher":{"@id":"https:\/\/www.guerini.it\/#organization"},"potentialAction":[{"@type":"SearchAction","target":{"@type":"EntryPoint","urlTemplate":"https:\/\/www.guerini.it\/?s={search_term_string}"},"query-input":{"@type":"PropertyValueSpecification","valueRequired":true,"valueName":"search_term_string"}}],"inLanguage":"it-IT"},{"@type":"Organization","@id":"https:\/\/www.guerini.it\/#organization","name":"Guerini e Associati","url":"https:\/\/www.guerini.it\/","logo":{"@type":"ImageObject","inLanguage":"it-IT","@id":"https:\/\/www.guerini.it\/#\/schema\/logo\/image\/","url":"https:\/\/www.guerini.it\/wp-content\/uploads\/2021\/03\/Logo-Guerini-OK_-e1615831292285.png","contentUrl":"https:\/\/www.guerini.it\/wp-content\/uploads\/2021\/03\/Logo-Guerini-OK_-e1615831292285.png","width":2805,"height":1870,"caption":"Guerini e Associati"},"image":{"@id":"https:\/\/www.guerini.it\/#\/schema\/logo\/image\/"}}]}},"_links":{"self":[{"href":"https:\/\/www.guerini.it\/index.php\/wp-json\/wp\/v2\/product\/15817","targetHints":{"allow":["GET"]}}],"collection":[{"href":"https:\/\/www.guerini.it\/index.php\/wp-json\/wp\/v2\/product"}],"about":[{"href":"https:\/\/www.guerini.it\/index.php\/wp-json\/wp\/v2\/types\/product"}],"wp:featuredmedia":[{"embeddable":true,"href":"https:\/\/www.guerini.it\/index.php\/wp-json\/wp\/v2\/media\/15816"}],"wp:attachment":[{"href":"https:\/\/www.guerini.it\/index.php\/wp-json\/wp\/v2\/media?parent=15817"}],"wp:term":[{"taxonomy":"product_brand","embeddable":true,"href":"https:\/\/www.guerini.it\/index.php\/wp-json\/wp\/v2\/product_brand?post=15817"},{"taxonomy":"product_cat","embeddable":true,"href":"https:\/\/www.guerini.it\/index.php\/wp-json\/wp\/v2\/product_cat?post=15817"},{"taxonomy":"product_tag","embeddable":true,"href":"https:\/\/www.guerini.it\/index.php\/wp-json\/wp\/v2\/product_tag?post=15817"}],"curies":[{"name":"wp","href":"https:\/\/api.w.org\/{rel}","templated":true}]}}

<p style="text-align: justify;">I monasteri benedettini sono da 1500 anni un esempio illuminante di che cosa significhi vivere e lavorare in un contesto dove tutti abbiano chiari finalità e obiettivi, ruoli e mansioni e sappiano fare della comunità il proprio punto di forza.<br />
Un’organizzazione perfetta che ha attraversato i secoli e che molte cose può dire al mondo manageriale, grazie alla corretta gestione di valori condivisi, a una leadership diffusa e alla capacità di far lavorare insieme persone motivate e consapevoli delle proprie responsabilità.<br />
La Regola di San Benedetto è stata per secoli il faro di questi monasteri e ha saputo irradiare buon senso unito a un’estrema concretezza.<br />
Oggi rappresenta un richiamo forte alle radici comuni del vivere organizzato, alle sue regole e alle sue necessità, in un momento in cui un rinnovato senso di appartenenza può contribuire a ridare slancio alla vita aziendale e al governo delle imprese.</p>

<!-- This site is optimized with the Yoast SEO plugin v25.4 - https://yoast.com/wordpress/plugins/seo/ -->
<title>L&#039;organizzazione perfetta - Guerini e Associati</title>
<meta name="robots" content="index, follow, max-snippet:-1, max-image-preview:large, max-video-preview:-1" />
<link rel="canonical" href="https://www.guerini.it/index.php/prodotto/l-organizzazione-perfetta-2/" />
<meta property="og:locale" content="it_IT" />
<meta property="og:type" content="article" />
<meta property="og:title" content="L&#039;organizzazione perfetta - Guerini e Associati" />
<meta property="og:description" content="I monasteri benedettini sono da 1500 anni un esempio illuminante di che cosa significhi vivere e lavorare in un contesto dove tutti abbiano chiari finalità e obiettivi, ruoli e mansioni e sappiano fare della comunità il proprio punto di forza. Un’organizzazione perfetta che ha attraversato i secoli e che molte cose può dire al mondo manageriale, grazie alla corretta gestione di valori condivisi, a una leadership diffusa e alla capacità di far lavorare insieme persone motivate e consapevoli delle proprie responsabilità. La Regola di San Benedetto è stata per secoli il faro di questi monasteri e ha saputo irradiare buon senso unito a un’estrema concretezza. Oggi rappresenta un richiamo forte alle radici comuni del vivere organizzato, alle sue regole e alle sue necessità, in un momento in cui un rinnovato senso di appartenenza può contribuire a ridare slancio alla vita aziendale e al governo delle imprese." />
<meta property="og:url" content="https://www.guerini.it/index.php/prodotto/l-organizzazione-perfetta-2/" />
<meta property="og:site_name" content="Guerini e Associati" />
<meta property="article:modified_time" content="2026-03-14T13:15:23+00:00" />
<meta property="og:image" content="https://www.guerini.it/wp-content/uploads/2016/09/organizzazione_perfetta_sito.jpg" />
	<meta property="og:image:width" content="227" />
	<meta property="og:image:height" content="353" />
	<meta property="og:image:type" content="image/jpeg" />
<meta name="twitter:card" content="summary_large_image" />
<meta name="twitter:label1" content="Tempo di lettura stimato" />
	<meta name="twitter:data1" content="1 minuto" />
<!-- / Yoast SEO plugin. -->

I monasteri benedettini sono da 1500 anni un esempio illuminante di che cosa significhi vivere e lavorare in un contesto dove tutti abbiano chiari finalità e obiettivi, ruoli e mansioni e sappiano fare della comunità il proprio punto di forza. Un’organizzazione perfetta che ha attraversato i secoli e che molte cose può dire al mondo manageriale, grazie alla corretta gestione di valori condivisi, a una leadership diffusa e alla capacità di far lavorare insieme persone motivate e consapevoli delle proprie responsabilità. La Regola di San Benedetto è stata per secoli il faro di questi monasteri e ha saputo irradiare buon senso unito a un’estrema concretezza. Oggi rappresenta un richiamo forte alle radici comuni del vivere organizzato, alle sue regole e alle sue necessità, in un momento in cui un rinnovato senso di appartenenza può contribuire a ridare slancio alla vita aziendale e al governo delle imprese.

30 anni di libri, idee e libertà
