{"id":15854,"date":"2016-11-03T12:32:13","date_gmt":"2016-11-03T11:32:13","guid":{"rendered":"https:\/\/test.guerini.it\/?product=il-sogno-di-una-copia"},"modified":"2024-06-12T14:37:13","modified_gmt":"2024-06-12T12:37:13","slug":"il-sogno-di-una-copia","status":"publish","type":"product","link":"https:\/\/www.guerini.it\/index.php\/prodotto\/il-sogno-di-una-copia\/","title":{"rendered":"Il sogno di una copia"},"content":{"rendered":"<p style=\"text-align: justify;\">Anche se &egrave; vero che la depressione imita i segni e i sintomi della malinconia, perch&eacute; tendiamo a confonderle e a pensare l&rsquo;una come una copia dell&rsquo;altra? In un mondo quale &egrave; il nostro attuale, in cui le copie, materiali e virtuali, sono prodotte in serie e in grande abbondanza, qual &egrave; il sogno di una copia se non quello di voler essere un originale? Se non si crede pi&ugrave; alla corrispondenza tra rappresentazione e realt&agrave;, a cosa bisogna credere? L&rsquo;odierna tendenza a patologizzare il normale evidenzia la confusione tra i modi di essere &laquo;sani&raquo; e le malattie, soprattutto perch&eacute; non ci si rassegna ad accettare i nostri limiti e la nostra mortalit&agrave;; il sogno di una copia che si vuole sostituire all&rsquo;originale e mostrarsi migliore di esso affiora in un mondo in cui il virtuale appare pi&ugrave; vero del reale. <br \/>Questo libro ruota criticamente attorno ai modi e ai limiti entro cui produciamo i concetti e ci rappresentiamo le cose a partire da problemi, domande, dubbi, ambivalenze di un&rsquo;epoca come la nostra dove, attraverso finestre, ci affacciamo su un mondo fatto della materia virtuale dei nostri sogni.<\/p>\n<p style=\"text-align: justify;\">&nbsp;<\/p>\n<p style=\"text-align: justify;\">&nbsp;<\/p>\n<p style=\"text-align: justify;\"><strong>Permalink:&nbsp;<\/strong><a href=\"http:\/\/digital.casalini.it\/9788881952250\">http:\/\/digital.casalini.it\/9788881952250<\/a><\/p>\n","protected":false},"excerpt":{"rendered":"<p>Anche se \u00e8 vero che la depressione imita i segni e i sintomi della malinconia, perch\u00e9 tendiamo a confonderle e a pensare l\u2019una come una copia dell\u2019altra? In un mondo quale \u00e8 il nostro attuale, in cui le copie, materiali e virtuali, sono prodotte in serie e in grande abbondanza, qual \u00e8 il sogno di una copia se non quello di voler essere un originale? Se non si crede pi\u00f9 alla corrispondenza tra rappresentazione e realt\u00e0, a cosa bisogna credere? L\u2019odierna tendenza a patologizzare il normale evidenzia la confusione tra i modi di essere \u00absani\u00bb e le malattie, soprattutto perch\u00e9 non ci si rassegna ad accettare i nostri limiti e la nostra mortalit\u00e0; il sogno di una copia che si vuole sostituire all\u2019originale e mostrarsi migliore di esso affiora in un mondo in cui il virtuale appare pi\u00f9 vero del reale.<br \/>\nQuesto libro ruota criticamente attorno ai modi e ai limiti entro cui produciamo i concetti e ci rappresentiamo le cose a partire da problemi, domande, dubbi, ambivalenze di un\u2019epoca come la nostra dove, attraverso finestre, ci affacciamo su un mondo fatto della materia virtuale dei nostri sogni.<\/p>\n","protected":false},"featured_media":15853,"template":"","meta":{"_editorskit_title_hidden":false,"_editorskit_reading_time":0,"_editorskit_is_block_options_detached":false,"_editorskit_block_options_position":"{}","_monsterinsights_skip_tracking":false,"_monsterinsights_sitenote_active":false,"_monsterinsights_sitenote_note":"","_monsterinsights_sitenote_category":0},"product_brand":[],"product_cat":[6661],"product_tag":[],"class_list":{"0":"post-15854","1":"product","2":"type-product","3":"status-publish","4":"has-post-thumbnail","6":"product_cat-op-ns","8":"first","9":"instock","10":"sale","11":"shipping-taxable","12":"purchasable","13":"product-type-simple"},"yoast_head":"<!-- This site is optimized with the Yoast SEO plugin v25.4 - https:\/\/yoast.com\/wordpress\/plugins\/seo\/ -->\n<title>Il sogno di una copia - Guerini e Associati<\/title>\n<meta name=\"robots\" content=\"index, follow, max-snippet:-1, max-image-preview:large, max-video-preview:-1\" \/>\n<link rel=\"canonical\" href=\"https:\/\/www.guerini.it\/index.php\/prodotto\/il-sogno-di-una-copia\/\" \/>\n<meta property=\"og:locale\" content=\"it_IT\" \/>\n<meta property=\"og:type\" content=\"article\" \/>\n<meta property=\"og:title\" content=\"Il sogno di una copia - Guerini e Associati\" \/>\n<meta property=\"og:description\" content=\"Anche se \u00e8 vero che la depressione imita i segni e i sintomi della malinconia, perch\u00e9 tendiamo a confonderle e a pensare l\u2019una come una copia dell\u2019altra? In un mondo quale \u00e8 il nostro attuale, in cui le copie, materiali e virtuali, sono prodotte in serie e in grande abbondanza, qual \u00e8 il sogno di una copia se non quello di voler essere un originale? Se non si crede pi\u00f9 alla corrispondenza tra rappresentazione e realt\u00e0, a cosa bisogna credere? L\u2019odierna tendenza a patologizzare il normale evidenzia la confusione tra i modi di essere \u00absani\u00bb e le malattie, soprattutto perch\u00e9 non ci si rassegna ad accettare i nostri limiti e la nostra mortalit\u00e0; il sogno di una copia che si vuole sostituire all\u2019originale e mostrarsi migliore di esso affiora in un mondo in cui il virtuale appare pi\u00f9 vero del reale.  Questo libro ruota criticamente attorno ai modi e ai limiti entro cui produciamo i concetti e ci rappresentiamo le cose a partire da problemi, domande, dubbi, ambivalenze di un\u2019epoca come la nostra dove, attraverso finestre, ci affacciamo su un mondo fatto della materia virtuale dei nostri sogni.\" \/>\n<meta property=\"og:url\" content=\"https:\/\/www.guerini.it\/index.php\/prodotto\/il-sogno-di-una-copia\/\" \/>\n<meta property=\"og:site_name\" content=\"Guerini e Associati\" \/>\n<meta property=\"article:modified_time\" content=\"2024-06-12T12:37:13+00:00\" \/>\n<meta property=\"og:image\" content=\"https:\/\/www.guerini.it\/wp-content\/uploads\/2016\/11\/sogno_di_una_copia_sito.jpg\" \/>\n\t<meta property=\"og:image:width\" content=\"228\" \/>\n\t<meta property=\"og:image:height\" content=\"353\" \/>\n\t<meta property=\"og:image:type\" content=\"image\/jpeg\" \/>\n<meta name=\"twitter:card\" content=\"summary_large_image\" \/>\n<meta name=\"twitter:label1\" content=\"Tempo di lettura stimato\" \/>\n\t<meta name=\"twitter:data1\" content=\"1 minuto\" \/>\n<!-- \/ Yoast SEO plugin. -->","yoast_head_json":{"title":"Il sogno di una copia - Guerini e Associati","robots":{"index":"index","follow":"follow","max-snippet":"max-snippet:-1","max-image-preview":"max-image-preview:large","max-video-preview":"max-video-preview:-1"},"canonical":"https:\/\/www.guerini.it\/index.php\/prodotto\/il-sogno-di-una-copia\/","og_locale":"it_IT","og_type":"article","og_title":"Il sogno di una copia - Guerini e Associati","og_description":"Anche se \u00e8 vero che la depressione imita i segni e i sintomi della malinconia, perch\u00e9 tendiamo a confonderle e a pensare l\u2019una come una copia dell\u2019altra? In un mondo quale \u00e8 il nostro attuale, in cui le copie, materiali e virtuali, sono prodotte in serie e in grande abbondanza, qual \u00e8 il sogno di una copia se non quello di voler essere un originale? Se non si crede pi\u00f9 alla corrispondenza tra rappresentazione e realt\u00e0, a cosa bisogna credere? L\u2019odierna tendenza a patologizzare il normale evidenzia la confusione tra i modi di essere \u00absani\u00bb e le malattie, soprattutto perch\u00e9 non ci si rassegna ad accettare i nostri limiti e la nostra mortalit\u00e0; il sogno di una copia che si vuole sostituire all\u2019originale e mostrarsi migliore di esso affiora in un mondo in cui il virtuale appare pi\u00f9 vero del reale.  Questo libro ruota criticamente attorno ai modi e ai limiti entro cui produciamo i concetti e ci rappresentiamo le cose a partire da problemi, domande, dubbi, ambivalenze di un\u2019epoca come la nostra dove, attraverso finestre, ci affacciamo su un mondo fatto della materia virtuale dei nostri sogni.","og_url":"https:\/\/www.guerini.it\/index.php\/prodotto\/il-sogno-di-una-copia\/","og_site_name":"Guerini e Associati","article_modified_time":"2024-06-12T12:37:13+00:00","og_image":[{"width":228,"height":353,"url":"https:\/\/www.guerini.it\/wp-content\/uploads\/2016\/11\/sogno_di_una_copia_sito.jpg","type":"image\/jpeg"}],"twitter_card":"summary_large_image","twitter_misc":{"Tempo di lettura stimato":"1 minuto"},"schema":{"@context":"https:\/\/schema.org","@graph":[{"@type":"WebPage","@id":"https:\/\/www.guerini.it\/index.php\/prodotto\/il-sogno-di-una-copia\/","url":"https:\/\/www.guerini.it\/index.php\/prodotto\/il-sogno-di-una-copia\/","name":"Il sogno di una copia - Guerini e Associati","isPartOf":{"@id":"https:\/\/www.guerini.it\/#website"},"primaryImageOfPage":{"@id":"https:\/\/www.guerini.it\/index.php\/prodotto\/il-sogno-di-una-copia\/#primaryimage"},"image":{"@id":"https:\/\/www.guerini.it\/index.php\/prodotto\/il-sogno-di-una-copia\/#primaryimage"},"thumbnailUrl":"https:\/\/www.guerini.it\/wp-content\/uploads\/2016\/11\/sogno_di_una_copia_sito.jpg","datePublished":"2016-11-03T11:32:13+00:00","dateModified":"2024-06-12T12:37:13+00:00","breadcrumb":{"@id":"https:\/\/www.guerini.it\/index.php\/prodotto\/il-sogno-di-una-copia\/#breadcrumb"},"inLanguage":"it-IT","potentialAction":[{"@type":"ReadAction","target":["https:\/\/www.guerini.it\/index.php\/prodotto\/il-sogno-di-una-copia\/"]}]},{"@type":"ImageObject","inLanguage":"it-IT","@id":"https:\/\/www.guerini.it\/index.php\/prodotto\/il-sogno-di-una-copia\/#primaryimage","url":"https:\/\/www.guerini.it\/wp-content\/uploads\/2016\/11\/sogno_di_una_copia_sito.jpg","contentUrl":"https:\/\/www.guerini.it\/wp-content\/uploads\/2016\/11\/sogno_di_una_copia_sito.jpg","width":228,"height":353,"caption":"Il sogno di una copia"},{"@type":"BreadcrumbList","@id":"https:\/\/www.guerini.it\/index.php\/prodotto\/il-sogno-di-una-copia\/#breadcrumb","itemListElement":[{"@type":"ListItem","position":1,"name":"Home","item":"https:\/\/www.guerini.it\/"},{"@type":"ListItem","position":2,"name":"Catalogo","item":"https:\/\/www.guerini.it\/index.php\/negozio\/"},{"@type":"ListItem","position":3,"name":"Il sogno di una copia"}]},{"@type":"WebSite","@id":"https:\/\/www.guerini.it\/#website","url":"https:\/\/www.guerini.it\/","name":"Guerini e Associati","description":"30 anni di libri, idee e libert\u00e0","publisher":{"@id":"https:\/\/www.guerini.it\/#organization"},"potentialAction":[{"@type":"SearchAction","target":{"@type":"EntryPoint","urlTemplate":"https:\/\/www.guerini.it\/?s={search_term_string}"},"query-input":{"@type":"PropertyValueSpecification","valueRequired":true,"valueName":"search_term_string"}}],"inLanguage":"it-IT"},{"@type":"Organization","@id":"https:\/\/www.guerini.it\/#organization","name":"Guerini e Associati","url":"https:\/\/www.guerini.it\/","logo":{"@type":"ImageObject","inLanguage":"it-IT","@id":"https:\/\/www.guerini.it\/#\/schema\/logo\/image\/","url":"https:\/\/www.guerini.it\/wp-content\/uploads\/2021\/03\/Logo-Guerini-OK_-e1615831292285.png","contentUrl":"https:\/\/www.guerini.it\/wp-content\/uploads\/2021\/03\/Logo-Guerini-OK_-e1615831292285.png","width":2805,"height":1870,"caption":"Guerini e Associati"},"image":{"@id":"https:\/\/www.guerini.it\/#\/schema\/logo\/image\/"}}]}},"_links":{"self":[{"href":"https:\/\/www.guerini.it\/index.php\/wp-json\/wp\/v2\/product\/15854","targetHints":{"allow":["GET"]}}],"collection":[{"href":"https:\/\/www.guerini.it\/index.php\/wp-json\/wp\/v2\/product"}],"about":[{"href":"https:\/\/www.guerini.it\/index.php\/wp-json\/wp\/v2\/types\/product"}],"wp:featuredmedia":[{"embeddable":true,"href":"https:\/\/www.guerini.it\/index.php\/wp-json\/wp\/v2\/media\/15853"}],"wp:attachment":[{"href":"https:\/\/www.guerini.it\/index.php\/wp-json\/wp\/v2\/media?parent=15854"}],"wp:term":[{"taxonomy":"product_brand","embeddable":true,"href":"https:\/\/www.guerini.it\/index.php\/wp-json\/wp\/v2\/product_brand?post=15854"},{"taxonomy":"product_cat","embeddable":true,"href":"https:\/\/www.guerini.it\/index.php\/wp-json\/wp\/v2\/product_cat?post=15854"},{"taxonomy":"product_tag","embeddable":true,"href":"https:\/\/www.guerini.it\/index.php\/wp-json\/wp\/v2\/product_tag?post=15854"}],"curies":[{"name":"wp","href":"https:\/\/api.w.org\/{rel}","templated":true}]}}