{"id":15864,"date":"2016-11-06T15:15:35","date_gmt":"2016-11-06T14:15:35","guid":{"rendered":"https:\/\/test.guerini.it\/?product=oltre-le-frontiere-generazioni-e-culture"},"modified":"2024-06-12T14:41:08","modified_gmt":"2024-06-12T12:41:08","slug":"oltre-le-frontiere-generazioni-e-culture","status":"publish","type":"product","link":"https:\/\/www.guerini.it\/index.php\/prodotto\/oltre-le-frontiere-generazioni-e-culture\/","title":{"rendered":"Oltre le frontiere: generazioni e culture"},"content":{"rendered":"<p style=\"text-align: justify;\">&ldquo;Oltre le frontiere: generazioni e culture&rdquo;, dove l&rsquo;oltre non &egrave; ci&ograve; che segue il presente, ma la necessit&agrave; di oltrepassarlo, di guardare lontano. Poi generazioni e culture, diverse e a confronto, in dialogo, perch&eacute; rapportarsi all&rsquo;altro &egrave; fondamentale per affrontare e governare un fenomeno come quello dell&rsquo;immigrazione che a lungo ci accompagner&agrave;. La relazione con l&rsquo;altro &egrave; relazione con il futuro. <br \/>Il nostro mondo sociale &egrave; profondamente cambiando sotto la spinta dello sviluppo tecnico scientifico. Ogni grande trasformazione provoca all&rsquo;inizio incertezza e un senso di precarizzazione. Ad acuirli sono anche tre fenomeni globali tra loro fortemente intrecciati, che coinvolgono giovani e vecchi e sono sotto gli occhi di tutti: l&rsquo;andamento demografico, le trasformazioni dell&rsquo;industria e del lavoro, l&rsquo;immigrazione. <br \/>I saggi contenuti in questo libro, sono da leggere &ndash; ci dice Ermenegildo Bonfanti, Segretario Generale della Federazione Nazionale Pensionati della Cisl, nella prefazione &ndash; come contributi all&rsquo;analisi di questa nuova terra incognita.<\/p>\n<p style=\"text-align: justify;\">&nbsp;<\/p>\n<p style=\"text-align: justify;\"><strong>Permalink:&nbsp;<\/strong><a href=\"http:\/\/digital.casalini.it\/9788881952083\">http:\/\/digital.casalini.it\/9788881952083<\/a><\/p>\n","protected":false},"excerpt":{"rendered":"<p>\u201cOltre le frontiere: generazioni e culture\u201d, dove l\u2019oltre non \u00e8 ci\u00f2 che segue il presente, ma la necessit\u00e0 di oltrepassarlo, di guardare lontano. Poi generazioni e culture, diverse e a confronto, in dialogo, perch\u00e9 rapportarsi all\u2019altro \u00e8 fondamentale per affrontare e governare un fenomeno come quello dell\u2019immigrazione che a lungo ci accompagner\u00e0. La relazione con l\u2019altro \u00e8 relazione con il futuro.<br \/>\nIl nostro mondo sociale \u00e8 profondamente cambiando sotto la spinta dello sviluppo tecnico scientifico. Ogni grande trasformazione provoca all\u2019inizio incertezza e un senso di precarizzazione. Ad acuirli sono anche tre fenomeni globali tra loro fortemente intrecciati, che coinvolgono giovani e vecchi e sono sotto gli occhi di tutti: l\u2019andamento demografico, le trasformazioni dell\u2019industria e del lavoro, l\u2019immigrazione.<br \/>\nI saggi contenuti in questo libro, sono da leggere \u2013 ci dice Ermenegildo Bonfanti, Segretario Generale della Federazione Nazionale Pensionati della Cisl, nella prefazione \u2013 come contributi all\u2019analisi di questa nuova terra incognita.<\/p>\n","protected":false},"featured_media":15863,"template":"","meta":{"_editorskit_title_hidden":false,"_editorskit_reading_time":0,"_editorskit_is_block_options_detached":false,"_editorskit_block_options_position":"{}","_monsterinsights_skip_tracking":false,"_monsterinsights_sitenote_active":false,"_monsterinsights_sitenote_note":"","_monsterinsights_sitenote_category":0},"product_brand":[],"product_cat":[6537],"product_tag":[],"class_list":{"0":"post-15864","1":"product","2":"type-product","3":"status-publish","4":"has-post-thumbnail","6":"product_cat-scienze-politiche-sociali","8":"first","9":"instock","10":"sale","11":"shipping-taxable","12":"purchasable","13":"product-type-simple"},"yoast_head":"<!-- This site is optimized with the Yoast SEO plugin v25.4 - https:\/\/yoast.com\/wordpress\/plugins\/seo\/ -->\n<title>Oltre le frontiere: generazioni e culture - Guerini e Associati<\/title>\n<meta name=\"robots\" content=\"index, follow, max-snippet:-1, max-image-preview:large, max-video-preview:-1\" \/>\n<link rel=\"canonical\" href=\"https:\/\/www.guerini.it\/index.php\/prodotto\/oltre-le-frontiere-generazioni-e-culture\/\" \/>\n<meta property=\"og:locale\" content=\"it_IT\" \/>\n<meta property=\"og:type\" content=\"article\" \/>\n<meta property=\"og:title\" content=\"Oltre le frontiere: generazioni e culture - Guerini e Associati\" \/>\n<meta property=\"og:description\" content=\"\u201cOltre le frontiere: generazioni e culture\u201d, dove l\u2019oltre non \u00e8 ci\u00f2 che segue il presente, ma la necessit\u00e0 di oltrepassarlo, di guardare lontano. Poi generazioni e culture, diverse e a confronto, in dialogo, perch\u00e9 rapportarsi all\u2019altro \u00e8 fondamentale per affrontare e governare un fenomeno come quello dell\u2019immigrazione che a lungo ci accompagner\u00e0. La relazione con l\u2019altro \u00e8 relazione con il futuro.  Il nostro mondo sociale \u00e8 profondamente cambiando sotto la spinta dello sviluppo tecnico scientifico. Ogni grande trasformazione provoca all\u2019inizio incertezza e un senso di precarizzazione. Ad acuirli sono anche tre fenomeni globali tra loro fortemente intrecciati, che coinvolgono giovani e vecchi e sono sotto gli occhi di tutti: l\u2019andamento demografico, le trasformazioni dell\u2019industria e del lavoro, l\u2019immigrazione.  I saggi contenuti in questo libro, sono da leggere \u2013 ci dice Ermenegildo Bonfanti, Segretario Generale della Federazione Nazionale Pensionati della Cisl, nella prefazione \u2013 come contributi all\u2019analisi di questa nuova terra incognita.\" \/>\n<meta property=\"og:url\" content=\"https:\/\/www.guerini.it\/index.php\/prodotto\/oltre-le-frontiere-generazioni-e-culture\/\" \/>\n<meta property=\"og:site_name\" content=\"Guerini e Associati\" \/>\n<meta property=\"article:modified_time\" content=\"2024-06-12T12:41:08+00:00\" \/>\n<meta property=\"og:image\" content=\"https:\/\/www.guerini.it\/wp-content\/uploads\/2016\/11\/es_cover_oltre_piatto.jpg\" \/>\n\t<meta property=\"og:image:width\" content=\"220\" \/>\n\t<meta property=\"og:image:height\" content=\"353\" \/>\n\t<meta property=\"og:image:type\" content=\"image\/jpeg\" \/>\n<meta name=\"twitter:card\" content=\"summary_large_image\" \/>\n<meta name=\"twitter:label1\" content=\"Tempo di lettura stimato\" \/>\n\t<meta name=\"twitter:data1\" content=\"1 minuto\" \/>\n<!-- \/ Yoast SEO plugin. -->","yoast_head_json":{"title":"Oltre le frontiere: generazioni e culture - Guerini e Associati","robots":{"index":"index","follow":"follow","max-snippet":"max-snippet:-1","max-image-preview":"max-image-preview:large","max-video-preview":"max-video-preview:-1"},"canonical":"https:\/\/www.guerini.it\/index.php\/prodotto\/oltre-le-frontiere-generazioni-e-culture\/","og_locale":"it_IT","og_type":"article","og_title":"Oltre le frontiere: generazioni e culture - Guerini e Associati","og_description":"\u201cOltre le frontiere: generazioni e culture\u201d, dove l\u2019oltre non \u00e8 ci\u00f2 che segue il presente, ma la necessit\u00e0 di oltrepassarlo, di guardare lontano. Poi generazioni e culture, diverse e a confronto, in dialogo, perch\u00e9 rapportarsi all\u2019altro \u00e8 fondamentale per affrontare e governare un fenomeno come quello dell\u2019immigrazione che a lungo ci accompagner\u00e0. La relazione con l\u2019altro \u00e8 relazione con il futuro.  Il nostro mondo sociale \u00e8 profondamente cambiando sotto la spinta dello sviluppo tecnico scientifico. Ogni grande trasformazione provoca all\u2019inizio incertezza e un senso di precarizzazione. Ad acuirli sono anche tre fenomeni globali tra loro fortemente intrecciati, che coinvolgono giovani e vecchi e sono sotto gli occhi di tutti: l\u2019andamento demografico, le trasformazioni dell\u2019industria e del lavoro, l\u2019immigrazione.  I saggi contenuti in questo libro, sono da leggere \u2013 ci dice Ermenegildo Bonfanti, Segretario Generale della Federazione Nazionale Pensionati della Cisl, nella prefazione \u2013 come contributi all\u2019analisi di questa nuova terra incognita.","og_url":"https:\/\/www.guerini.it\/index.php\/prodotto\/oltre-le-frontiere-generazioni-e-culture\/","og_site_name":"Guerini e Associati","article_modified_time":"2024-06-12T12:41:08+00:00","og_image":[{"width":220,"height":353,"url":"https:\/\/www.guerini.it\/wp-content\/uploads\/2016\/11\/es_cover_oltre_piatto.jpg","type":"image\/jpeg"}],"twitter_card":"summary_large_image","twitter_misc":{"Tempo di lettura stimato":"1 minuto"},"schema":{"@context":"https:\/\/schema.org","@graph":[{"@type":"WebPage","@id":"https:\/\/www.guerini.it\/index.php\/prodotto\/oltre-le-frontiere-generazioni-e-culture\/","url":"https:\/\/www.guerini.it\/index.php\/prodotto\/oltre-le-frontiere-generazioni-e-culture\/","name":"Oltre le frontiere: generazioni e culture - Guerini e Associati","isPartOf":{"@id":"https:\/\/www.guerini.it\/#website"},"primaryImageOfPage":{"@id":"https:\/\/www.guerini.it\/index.php\/prodotto\/oltre-le-frontiere-generazioni-e-culture\/#primaryimage"},"image":{"@id":"https:\/\/www.guerini.it\/index.php\/prodotto\/oltre-le-frontiere-generazioni-e-culture\/#primaryimage"},"thumbnailUrl":"https:\/\/www.guerini.it\/wp-content\/uploads\/2016\/11\/es_cover_oltre_piatto.jpg","datePublished":"2016-11-06T14:15:35+00:00","dateModified":"2024-06-12T12:41:08+00:00","breadcrumb":{"@id":"https:\/\/www.guerini.it\/index.php\/prodotto\/oltre-le-frontiere-generazioni-e-culture\/#breadcrumb"},"inLanguage":"it-IT","potentialAction":[{"@type":"ReadAction","target":["https:\/\/www.guerini.it\/index.php\/prodotto\/oltre-le-frontiere-generazioni-e-culture\/"]}]},{"@type":"ImageObject","inLanguage":"it-IT","@id":"https:\/\/www.guerini.it\/index.php\/prodotto\/oltre-le-frontiere-generazioni-e-culture\/#primaryimage","url":"https:\/\/www.guerini.it\/wp-content\/uploads\/2016\/11\/es_cover_oltre_piatto.jpg","contentUrl":"https:\/\/www.guerini.it\/wp-content\/uploads\/2016\/11\/es_cover_oltre_piatto.jpg","width":220,"height":353,"caption":"Oltre le frontiere: generazioni e culture"},{"@type":"BreadcrumbList","@id":"https:\/\/www.guerini.it\/index.php\/prodotto\/oltre-le-frontiere-generazioni-e-culture\/#breadcrumb","itemListElement":[{"@type":"ListItem","position":1,"name":"Home","item":"https:\/\/www.guerini.it\/"},{"@type":"ListItem","position":2,"name":"Catalogo","item":"https:\/\/www.guerini.it\/index.php\/negozio\/"},{"@type":"ListItem","position":3,"name":"Oltre le frontiere: generazioni e culture"}]},{"@type":"WebSite","@id":"https:\/\/www.guerini.it\/#website","url":"https:\/\/www.guerini.it\/","name":"Guerini e Associati","description":"30 anni di libri, idee e libert\u00e0","publisher":{"@id":"https:\/\/www.guerini.it\/#organization"},"potentialAction":[{"@type":"SearchAction","target":{"@type":"EntryPoint","urlTemplate":"https:\/\/www.guerini.it\/?s={search_term_string}"},"query-input":{"@type":"PropertyValueSpecification","valueRequired":true,"valueName":"search_term_string"}}],"inLanguage":"it-IT"},{"@type":"Organization","@id":"https:\/\/www.guerini.it\/#organization","name":"Guerini e Associati","url":"https:\/\/www.guerini.it\/","logo":{"@type":"ImageObject","inLanguage":"it-IT","@id":"https:\/\/www.guerini.it\/#\/schema\/logo\/image\/","url":"https:\/\/www.guerini.it\/wp-content\/uploads\/2021\/03\/Logo-Guerini-OK_-e1615831292285.png","contentUrl":"https:\/\/www.guerini.it\/wp-content\/uploads\/2021\/03\/Logo-Guerini-OK_-e1615831292285.png","width":2805,"height":1870,"caption":"Guerini e Associati"},"image":{"@id":"https:\/\/www.guerini.it\/#\/schema\/logo\/image\/"}}]}},"_links":{"self":[{"href":"https:\/\/www.guerini.it\/index.php\/wp-json\/wp\/v2\/product\/15864","targetHints":{"allow":["GET"]}}],"collection":[{"href":"https:\/\/www.guerini.it\/index.php\/wp-json\/wp\/v2\/product"}],"about":[{"href":"https:\/\/www.guerini.it\/index.php\/wp-json\/wp\/v2\/types\/product"}],"wp:featuredmedia":[{"embeddable":true,"href":"https:\/\/www.guerini.it\/index.php\/wp-json\/wp\/v2\/media\/15863"}],"wp:attachment":[{"href":"https:\/\/www.guerini.it\/index.php\/wp-json\/wp\/v2\/media?parent=15864"}],"wp:term":[{"taxonomy":"product_brand","embeddable":true,"href":"https:\/\/www.guerini.it\/index.php\/wp-json\/wp\/v2\/product_brand?post=15864"},{"taxonomy":"product_cat","embeddable":true,"href":"https:\/\/www.guerini.it\/index.php\/wp-json\/wp\/v2\/product_cat?post=15864"},{"taxonomy":"product_tag","embeddable":true,"href":"https:\/\/www.guerini.it\/index.php\/wp-json\/wp\/v2\/product_tag?post=15864"}],"curies":[{"name":"wp","href":"https:\/\/api.w.org\/{rel}","templated":true}]}}