{"id":15885,"date":"2017-02-14T11:34:03","date_gmt":"2017-02-14T10:34:03","guid":{"rendered":"https:\/\/test.guerini.it\/?product=le-metropoli-e-l-acqua"},"modified":"2024-06-12T14:41:39","modified_gmt":"2024-06-12T12:41:39","slug":"le-metropoli-e-l-acqua","status":"publish","type":"product","link":"https:\/\/www.guerini.it\/index.php\/prodotto\/le-metropoli-e-l-acqua\/","title":{"rendered":"Le metropoli e l&#8217;acqua"},"content":{"rendered":"<p style=\"text-align: justify;\">Come gestire l&rsquo;intensificarsi dei fenomeni meteorologici estremi? Come governare l&rsquo;acqua piovana per prevenire allagamenti ed evitare che congestioni le reti fognarie e i depuratori? Pi&ugrave; in generale, come garantire che la pianificazione urbanistica tenga conto degli aspetti legati alla gestione sostenibile dell&rsquo;acqua? Il libro offre una panoramica delle migliori strategie urbane di adattamento ai cambiamenti climatici, in particolare per quanto riguarda la gestione delle acque piovane. Lo studio raccoglie quanto di meglio i nostri concittadini europei stanno facendo per affrontare il tema delle alluvioni urbane e ci&ograve; che ne viene fuori, di l&agrave; dalle soluzioni tecnologiche e architettoniche, &egrave; che in tutti i casi servono una pianificazione e una strategia ampia, capace di fare suonare all&rsquo;unisono soggetti diversi, pubblici e privati che siano.<\/p>\n<p style=\"text-align: justify;\">&nbsp;<\/p>\n<p style=\"text-align: justify;\">&nbsp;<\/p>\n<p style=\"text-align: justify;\"><strong>Permalink:&nbsp;<\/strong><a href=\"http:\/\/digital.casalini.it\/9788881951031\">http:\/\/digital.casalini.it\/9788881951031<\/a><\/p>\n","protected":false},"excerpt":{"rendered":"<p>Come gestire l\u2019intensificarsi dei fenomeni meteorologici estremi? Come governare l\u2019acqua piovana per prevenire allagamenti ed evitare che congestioni le reti fognarie e i depuratori? Pi\u00f9 in generale, come garantire che la pianificazione urbanistica tenga conto degli aspetti legati alla gestione sostenibile dell\u2019acqua?<br \/>\nIl libro offre una panoramica delle migliori strategie urbane di adattamento ai cambiamenti climatici, in particolare per quanto riguarda la gestione delle acque piovane. Lo studio raccoglie quanto di meglio i nostri concittadini europei stanno facendo per affrontare il tema delle alluvioni urbane e ci\u00f2 che ne viene fuori, di l\u00e0 dalle soluzioni tecnologiche e architettoniche, \u00e8 che in tutti i casi servono una pianificazione e una strategia ampia, capace di fare suonare all\u2019unisono soggetti diversi, pubblici e privati che siano. <\/p>\n","protected":false},"featured_media":15884,"template":"","meta":{"_editorskit_title_hidden":false,"_editorskit_reading_time":0,"_editorskit_is_block_options_detached":false,"_editorskit_block_options_position":"{}","_monsterinsights_skip_tracking":false,"_monsterinsights_sitenote_active":false,"_monsterinsights_sitenote_note":"","_monsterinsights_sitenote_category":0},"product_brand":[],"product_cat":[6591,6534],"product_tag":[],"class_list":{"0":"post-15885","1":"product","2":"type-product","3":"status-publish","4":"has-post-thumbnail","6":"product_cat-lda","7":"product_cat-medicina-e-ambiente","9":"first","10":"instock","11":"sale","12":"shipping-taxable","13":"purchasable","14":"product-type-simple"},"yoast_head":"<!-- This site is optimized with the Yoast SEO plugin v25.4 - https:\/\/yoast.com\/wordpress\/plugins\/seo\/ -->\n<title>Le metropoli e l&#039;acqua - Guerini e Associati<\/title>\n<meta name=\"robots\" content=\"index, follow, max-snippet:-1, max-image-preview:large, max-video-preview:-1\" \/>\n<link rel=\"canonical\" href=\"https:\/\/www.guerini.it\/index.php\/prodotto\/le-metropoli-e-l-acqua\/\" \/>\n<meta property=\"og:locale\" content=\"it_IT\" \/>\n<meta property=\"og:type\" content=\"article\" \/>\n<meta property=\"og:title\" content=\"Le metropoli e l&#039;acqua - Guerini e Associati\" \/>\n<meta property=\"og:description\" content=\"Come gestire l\u2019intensificarsi dei fenomeni meteorologici estremi? Come governare l\u2019acqua piovana per prevenire allagamenti ed evitare che congestioni le reti fognarie e i depuratori? Pi\u00f9 in generale, come garantire che la pianificazione urbanistica tenga conto degli aspetti legati alla gestione sostenibile dell\u2019acqua? Il libro offre una panoramica delle migliori strategie urbane di adattamento ai cambiamenti climatici, in particolare per quanto riguarda la gestione delle acque piovane. Lo studio raccoglie quanto di meglio i nostri concittadini europei stanno facendo per affrontare il tema delle alluvioni urbane e ci\u00f2 che ne viene fuori, di l\u00e0 dalle soluzioni tecnologiche e architettoniche, \u00e8 che in tutti i casi servono una pianificazione e una strategia ampia, capace di fare suonare all\u2019unisono soggetti diversi, pubblici e privati che siano.\" \/>\n<meta property=\"og:url\" content=\"https:\/\/www.guerini.it\/index.php\/prodotto\/le-metropoli-e-l-acqua\/\" \/>\n<meta property=\"og:site_name\" content=\"Guerini e Associati\" \/>\n<meta property=\"article:modified_time\" content=\"2024-06-12T12:41:39+00:00\" \/>\n<meta property=\"og:image\" content=\"https:\/\/www.guerini.it\/wp-content\/uploads\/2017\/02\/metropoli_e_l_acqua_1.jpg\" \/>\n\t<meta property=\"og:image:width\" content=\"235\" \/>\n\t<meta property=\"og:image:height\" content=\"353\" \/>\n\t<meta property=\"og:image:type\" content=\"image\/jpeg\" \/>\n<meta name=\"twitter:card\" content=\"summary_large_image\" \/>\n<meta name=\"twitter:label1\" content=\"Tempo di lettura stimato\" \/>\n\t<meta name=\"twitter:data1\" content=\"1 minuto\" \/>\n<!-- \/ Yoast SEO plugin. -->","yoast_head_json":{"title":"Le metropoli e l'acqua - Guerini e Associati","robots":{"index":"index","follow":"follow","max-snippet":"max-snippet:-1","max-image-preview":"max-image-preview:large","max-video-preview":"max-video-preview:-1"},"canonical":"https:\/\/www.guerini.it\/index.php\/prodotto\/le-metropoli-e-l-acqua\/","og_locale":"it_IT","og_type":"article","og_title":"Le metropoli e l'acqua - Guerini e Associati","og_description":"Come gestire l\u2019intensificarsi dei fenomeni meteorologici estremi? Come governare l\u2019acqua piovana per prevenire allagamenti ed evitare che congestioni le reti fognarie e i depuratori? Pi\u00f9 in generale, come garantire che la pianificazione urbanistica tenga conto degli aspetti legati alla gestione sostenibile dell\u2019acqua? Il libro offre una panoramica delle migliori strategie urbane di adattamento ai cambiamenti climatici, in particolare per quanto riguarda la gestione delle acque piovane. Lo studio raccoglie quanto di meglio i nostri concittadini europei stanno facendo per affrontare il tema delle alluvioni urbane e ci\u00f2 che ne viene fuori, di l\u00e0 dalle soluzioni tecnologiche e architettoniche, \u00e8 che in tutti i casi servono una pianificazione e una strategia ampia, capace di fare suonare all\u2019unisono soggetti diversi, pubblici e privati che siano.","og_url":"https:\/\/www.guerini.it\/index.php\/prodotto\/le-metropoli-e-l-acqua\/","og_site_name":"Guerini e Associati","article_modified_time":"2024-06-12T12:41:39+00:00","og_image":[{"width":235,"height":353,"url":"https:\/\/www.guerini.it\/wp-content\/uploads\/2017\/02\/metropoli_e_l_acqua_1.jpg","type":"image\/jpeg"}],"twitter_card":"summary_large_image","twitter_misc":{"Tempo di lettura stimato":"1 minuto"},"schema":{"@context":"https:\/\/schema.org","@graph":[{"@type":"WebPage","@id":"https:\/\/www.guerini.it\/index.php\/prodotto\/le-metropoli-e-l-acqua\/","url":"https:\/\/www.guerini.it\/index.php\/prodotto\/le-metropoli-e-l-acqua\/","name":"Le metropoli e l'acqua - Guerini e Associati","isPartOf":{"@id":"https:\/\/www.guerini.it\/#website"},"primaryImageOfPage":{"@id":"https:\/\/www.guerini.it\/index.php\/prodotto\/le-metropoli-e-l-acqua\/#primaryimage"},"image":{"@id":"https:\/\/www.guerini.it\/index.php\/prodotto\/le-metropoli-e-l-acqua\/#primaryimage"},"thumbnailUrl":"https:\/\/www.guerini.it\/wp-content\/uploads\/2017\/02\/metropoli_e_l_acqua_1.jpg","datePublished":"2017-02-14T10:34:03+00:00","dateModified":"2024-06-12T12:41:39+00:00","breadcrumb":{"@id":"https:\/\/www.guerini.it\/index.php\/prodotto\/le-metropoli-e-l-acqua\/#breadcrumb"},"inLanguage":"it-IT","potentialAction":[{"@type":"ReadAction","target":["https:\/\/www.guerini.it\/index.php\/prodotto\/le-metropoli-e-l-acqua\/"]}]},{"@type":"ImageObject","inLanguage":"it-IT","@id":"https:\/\/www.guerini.it\/index.php\/prodotto\/le-metropoli-e-l-acqua\/#primaryimage","url":"https:\/\/www.guerini.it\/wp-content\/uploads\/2017\/02\/metropoli_e_l_acqua_1.jpg","contentUrl":"https:\/\/www.guerini.it\/wp-content\/uploads\/2017\/02\/metropoli_e_l_acqua_1.jpg","width":235,"height":353,"caption":"Le metropoli e l'acqua"},{"@type":"BreadcrumbList","@id":"https:\/\/www.guerini.it\/index.php\/prodotto\/le-metropoli-e-l-acqua\/#breadcrumb","itemListElement":[{"@type":"ListItem","position":1,"name":"Home","item":"https:\/\/www.guerini.it\/"},{"@type":"ListItem","position":2,"name":"Catalogo","item":"https:\/\/www.guerini.it\/index.php\/negozio\/"},{"@type":"ListItem","position":3,"name":"Le metropoli e l&#8217;acqua"}]},{"@type":"WebSite","@id":"https:\/\/www.guerini.it\/#website","url":"https:\/\/www.guerini.it\/","name":"Guerini e Associati","description":"30 anni di libri, idee e libert\u00e0","publisher":{"@id":"https:\/\/www.guerini.it\/#organization"},"potentialAction":[{"@type":"SearchAction","target":{"@type":"EntryPoint","urlTemplate":"https:\/\/www.guerini.it\/?s={search_term_string}"},"query-input":{"@type":"PropertyValueSpecification","valueRequired":true,"valueName":"search_term_string"}}],"inLanguage":"it-IT"},{"@type":"Organization","@id":"https:\/\/www.guerini.it\/#organization","name":"Guerini e Associati","url":"https:\/\/www.guerini.it\/","logo":{"@type":"ImageObject","inLanguage":"it-IT","@id":"https:\/\/www.guerini.it\/#\/schema\/logo\/image\/","url":"https:\/\/www.guerini.it\/wp-content\/uploads\/2021\/03\/Logo-Guerini-OK_-e1615831292285.png","contentUrl":"https:\/\/www.guerini.it\/wp-content\/uploads\/2021\/03\/Logo-Guerini-OK_-e1615831292285.png","width":2805,"height":1870,"caption":"Guerini e Associati"},"image":{"@id":"https:\/\/www.guerini.it\/#\/schema\/logo\/image\/"}}]}},"_links":{"self":[{"href":"https:\/\/www.guerini.it\/index.php\/wp-json\/wp\/v2\/product\/15885","targetHints":{"allow":["GET"]}}],"collection":[{"href":"https:\/\/www.guerini.it\/index.php\/wp-json\/wp\/v2\/product"}],"about":[{"href":"https:\/\/www.guerini.it\/index.php\/wp-json\/wp\/v2\/types\/product"}],"wp:featuredmedia":[{"embeddable":true,"href":"https:\/\/www.guerini.it\/index.php\/wp-json\/wp\/v2\/media\/15884"}],"wp:attachment":[{"href":"https:\/\/www.guerini.it\/index.php\/wp-json\/wp\/v2\/media?parent=15885"}],"wp:term":[{"taxonomy":"product_brand","embeddable":true,"href":"https:\/\/www.guerini.it\/index.php\/wp-json\/wp\/v2\/product_brand?post=15885"},{"taxonomy":"product_cat","embeddable":true,"href":"https:\/\/www.guerini.it\/index.php\/wp-json\/wp\/v2\/product_cat?post=15885"},{"taxonomy":"product_tag","embeddable":true,"href":"https:\/\/www.guerini.it\/index.php\/wp-json\/wp\/v2\/product_tag?post=15885"}],"curies":[{"name":"wp","href":"https:\/\/api.w.org\/{rel}","templated":true}]}}