{"id":15914,"date":"2017-04-12T14:38:55","date_gmt":"2017-04-12T12:38:55","guid":{"rendered":"https:\/\/test.guerini.it\/?product=milano-davos-1942-1944"},"modified":"2024-06-12T14:41:04","modified_gmt":"2024-06-12T12:41:04","slug":"milano-davos-1942-1944","status":"publish","type":"product","link":"https:\/\/www.guerini.it\/index.php\/prodotto\/milano-davos-1942-1944\/","title":{"rendered":"Milano-Davos 1942-1944"},"content":{"rendered":"<p style=\"text-align: justify;\"><em>&laquo;&Egrave; gi&agrave; qualche tempo che ho intenzione di scrivere episodi di questi momenti turbinosi: ma &egrave; solo da quando l&rsquo;Italia sente a fondo la guerra che questa intenzione si &egrave; fatta pi&ugrave; chiara e decisa&raquo;. <\/em><\/p>\n<p style=\"text-align: justify;\"><em><\/em>&laquo;Cos&igrave; mio padre inizia il suo diario, che &egrave; quello di un uomo da sempre appassionatamente interessato agli eventi cruciali di politica interna e internazionale. Si tratta, come &egrave; evidente anche dallo stile, spesso colloquiale, di un vero e proprio quaderno quotidiano, redatto velocemente &ndash; almeno prima della malattia &ndash; di sera. Il principale motivo di interesse per noi &egrave; proprio questo: cogliere dal vivo, quasi in diretta, il clima della guerra come &egrave; stato sentito in Italia. Risaltano, cos&igrave;, la palese inadeguatezza del regime fascista e neofascista rispetto alla gravit&agrave; della situazione, e il caos assoluto dei primi venti giorni dopo l&rsquo;armistizio, nei quali apparivano smarriti non solo i giovani ma anche gli organizzatissimi tedeschi che stavano occupando il Paese. Questo diario, per me, serve a far conoscere le idee di una persona di valore, sfortunata e onesta, e a prolungarne il ricordo&raquo;.<\/p>\n<p style=\"text-align: right;\"><em>(Gianluca Devoto)<\/em><\/p>\n<h5 style=\"text-align: left;\"><span style=\"color: #ff0000;\"><strong>VINCITORE DEL PREMIO FIUGGISTORIA 2018<br \/>Sezione epistolari &amp; memorie<\/strong><\/span><\/h5>\n<p><strong>Permalink:<\/strong>&nbsp;<a href=\"http:\/\/digital.casalini.it\/9788881951178\">http:\/\/digital.casalini.it\/9788881951178<\/a><\/p>\n","protected":false},"excerpt":{"rendered":"<p>\u00ab\u00c8 gi\u00e0 qualche tempo che ho intenzione di scrivere episodi di questi momenti turbinosi: ma \u00e8 solo da quando l\u2019Italia sente a fondo la guerra che questa intenzione si \u00e8 fatta pi\u00f9 chiara e decisa\u00bb.<\/p>\n<p>\u00abCos\u00ec mio padre inizia il suo diario, che \u00e8 quello di un uomo da sempre appassionatamente interessato agli eventi cruciali di politica interna e internazionale. Si tratta, come \u00e8 evidente anche dallo stile, spesso colloquiale, di un vero e proprio quaderno quotidiano, redatto velocemente \u2013 almeno prima della malattia \u2013 di sera. Il principale motivo di interesse per noi \u00e8 proprio questo: cogliere dal vivo, quasi in diretta, il clima della guerra come \u00e8 stato sentito in Italia. Risaltano, cos\u00ec, la palese inadeguatezza del regime fascista e neofascista rispetto alla gravit\u00e0 della situazione, e il caos assoluto dei primi venti giorni dopo l\u2019armistizio, nei quali apparivano smarriti non solo i giovani ma anche gli organizzatissimi tedeschi che stavano occupando il Paese. Questo diario, per me, serve a far conoscere le idee di una persona di valore, sfortunata e onesta, e a prolungarne il ricordo\u00bb.<\/p>\n<p>(Gianluca Devoto<\/p>\n","protected":false},"featured_media":15913,"template":"","meta":{"_editorskit_title_hidden":false,"_editorskit_reading_time":0,"_editorskit_is_block_options_detached":false,"_editorskit_block_options_position":"{}","_monsterinsights_skip_tracking":false,"_monsterinsights_sitenote_active":false,"_monsterinsights_sitenote_note":"","_monsterinsights_sitenote_category":0},"product_brand":[],"product_cat":[6636,6539],"product_tag":[],"class_list":{"0":"post-15914","1":"product","2":"type-product","3":"status-publish","4":"has-post-thumbnail","6":"product_cat-di-storie-in-storia","7":"product_cat-storia-e-geografia","8":"pa_guerini_link_apple_ibook-ee-httpsitunesapplecomitbookm","9":"pa_guerini_link_google_play-c9-httpsplaygooglecomstoreboo","11":"first","12":"instock","13":"sale","14":"shipping-taxable","15":"purchasable","16":"product-type-simple"},"yoast_head":"<!-- This site is optimized with the Yoast SEO plugin v25.4 - https:\/\/yoast.com\/wordpress\/plugins\/seo\/ -->\n<title>Milano-Davos 1942-1944 - Guerini e Associati<\/title>\n<meta name=\"robots\" content=\"index, follow, max-snippet:-1, max-image-preview:large, max-video-preview:-1\" \/>\n<link rel=\"canonical\" href=\"https:\/\/www.guerini.it\/index.php\/prodotto\/milano-davos-1942-1944\/\" \/>\n<meta property=\"og:locale\" content=\"it_IT\" \/>\n<meta property=\"og:type\" content=\"article\" \/>\n<meta property=\"og:title\" content=\"Milano-Davos 1942-1944 - Guerini e Associati\" \/>\n<meta property=\"og:description\" content=\"\u00ab\u00c8 gi\u00e0 qualche tempo che ho intenzione di scrivere episodi di questi momenti turbinosi: ma \u00e8 solo da quando l\u2019Italia sente a fondo la guerra che questa intenzione si \u00e8 fatta pi\u00f9 chiara e decisa\u00bb.  \u00abCos\u00ec mio padre inizia il suo diario, che \u00e8 quello di un uomo da sempre appassionatamente interessato agli eventi cruciali di politica interna e internazionale. Si tratta, come \u00e8 evidente anche dallo stile, spesso colloquiale, di un vero e proprio quaderno quotidiano, redatto velocemente \u2013 almeno prima della malattia \u2013 di sera. Il principale motivo di interesse per noi \u00e8 proprio questo: cogliere dal vivo, quasi in diretta, il clima della guerra come \u00e8 stato sentito in Italia. Risaltano, cos\u00ec, la palese inadeguatezza del regime fascista e neofascista rispetto alla gravit\u00e0 della situazione, e il caos assoluto dei primi venti giorni dopo l\u2019armistizio, nei quali apparivano smarriti non solo i giovani ma anche gli organizzatissimi tedeschi che stavano occupando il Paese. Questo diario, per me, serve a far conoscere le idee di una persona di valore, sfortunata e onesta, e a prolungarne il ricordo\u00bb.  (Gianluca Devoto\" \/>\n<meta property=\"og:url\" content=\"https:\/\/www.guerini.it\/index.php\/prodotto\/milano-davos-1942-1944\/\" \/>\n<meta property=\"og:site_name\" content=\"Guerini e Associati\" \/>\n<meta property=\"article:modified_time\" content=\"2024-06-12T12:41:04+00:00\" \/>\n<meta property=\"og:image\" content=\"https:\/\/www.guerini.it\/wp-content\/uploads\/2017\/04\/milano-davos_sito.jpg\" \/>\n\t<meta property=\"og:image:width\" content=\"227\" \/>\n\t<meta property=\"og:image:height\" content=\"353\" \/>\n\t<meta property=\"og:image:type\" content=\"image\/jpeg\" \/>\n<meta name=\"twitter:card\" content=\"summary_large_image\" \/>\n<meta name=\"twitter:label1\" content=\"Tempo di lettura stimato\" \/>\n\t<meta name=\"twitter:data1\" content=\"1 minuto\" \/>\n<!-- \/ Yoast SEO plugin. -->","yoast_head_json":{"title":"Milano-Davos 1942-1944 - Guerini e Associati","robots":{"index":"index","follow":"follow","max-snippet":"max-snippet:-1","max-image-preview":"max-image-preview:large","max-video-preview":"max-video-preview:-1"},"canonical":"https:\/\/www.guerini.it\/index.php\/prodotto\/milano-davos-1942-1944\/","og_locale":"it_IT","og_type":"article","og_title":"Milano-Davos 1942-1944 - Guerini e Associati","og_description":"\u00ab\u00c8 gi\u00e0 qualche tempo che ho intenzione di scrivere episodi di questi momenti turbinosi: ma \u00e8 solo da quando l\u2019Italia sente a fondo la guerra che questa intenzione si \u00e8 fatta pi\u00f9 chiara e decisa\u00bb.  \u00abCos\u00ec mio padre inizia il suo diario, che \u00e8 quello di un uomo da sempre appassionatamente interessato agli eventi cruciali di politica interna e internazionale. Si tratta, come \u00e8 evidente anche dallo stile, spesso colloquiale, di un vero e proprio quaderno quotidiano, redatto velocemente \u2013 almeno prima della malattia \u2013 di sera. Il principale motivo di interesse per noi \u00e8 proprio questo: cogliere dal vivo, quasi in diretta, il clima della guerra come \u00e8 stato sentito in Italia. Risaltano, cos\u00ec, la palese inadeguatezza del regime fascista e neofascista rispetto alla gravit\u00e0 della situazione, e il caos assoluto dei primi venti giorni dopo l\u2019armistizio, nei quali apparivano smarriti non solo i giovani ma anche gli organizzatissimi tedeschi che stavano occupando il Paese. Questo diario, per me, serve a far conoscere le idee di una persona di valore, sfortunata e onesta, e a prolungarne il ricordo\u00bb.  (Gianluca Devoto","og_url":"https:\/\/www.guerini.it\/index.php\/prodotto\/milano-davos-1942-1944\/","og_site_name":"Guerini e Associati","article_modified_time":"2024-06-12T12:41:04+00:00","og_image":[{"width":227,"height":353,"url":"https:\/\/www.guerini.it\/wp-content\/uploads\/2017\/04\/milano-davos_sito.jpg","type":"image\/jpeg"}],"twitter_card":"summary_large_image","twitter_misc":{"Tempo di lettura stimato":"1 minuto"},"schema":{"@context":"https:\/\/schema.org","@graph":[{"@type":"WebPage","@id":"https:\/\/www.guerini.it\/index.php\/prodotto\/milano-davos-1942-1944\/","url":"https:\/\/www.guerini.it\/index.php\/prodotto\/milano-davos-1942-1944\/","name":"Milano-Davos 1942-1944 - Guerini e Associati","isPartOf":{"@id":"https:\/\/www.guerini.it\/#website"},"primaryImageOfPage":{"@id":"https:\/\/www.guerini.it\/index.php\/prodotto\/milano-davos-1942-1944\/#primaryimage"},"image":{"@id":"https:\/\/www.guerini.it\/index.php\/prodotto\/milano-davos-1942-1944\/#primaryimage"},"thumbnailUrl":"https:\/\/www.guerini.it\/wp-content\/uploads\/2017\/04\/milano-davos_sito.jpg","datePublished":"2017-04-12T12:38:55+00:00","dateModified":"2024-06-12T12:41:04+00:00","breadcrumb":{"@id":"https:\/\/www.guerini.it\/index.php\/prodotto\/milano-davos-1942-1944\/#breadcrumb"},"inLanguage":"it-IT","potentialAction":[{"@type":"ReadAction","target":["https:\/\/www.guerini.it\/index.php\/prodotto\/milano-davos-1942-1944\/"]}]},{"@type":"ImageObject","inLanguage":"it-IT","@id":"https:\/\/www.guerini.it\/index.php\/prodotto\/milano-davos-1942-1944\/#primaryimage","url":"https:\/\/www.guerini.it\/wp-content\/uploads\/2017\/04\/milano-davos_sito.jpg","contentUrl":"https:\/\/www.guerini.it\/wp-content\/uploads\/2017\/04\/milano-davos_sito.jpg","width":227,"height":353,"caption":"Milano-Davos 1942-1944"},{"@type":"BreadcrumbList","@id":"https:\/\/www.guerini.it\/index.php\/prodotto\/milano-davos-1942-1944\/#breadcrumb","itemListElement":[{"@type":"ListItem","position":1,"name":"Home","item":"https:\/\/www.guerini.it\/"},{"@type":"ListItem","position":2,"name":"Catalogo","item":"https:\/\/www.guerini.it\/index.php\/negozio\/"},{"@type":"ListItem","position":3,"name":"Milano-Davos 1942-1944"}]},{"@type":"WebSite","@id":"https:\/\/www.guerini.it\/#website","url":"https:\/\/www.guerini.it\/","name":"Guerini e Associati","description":"30 anni di libri, idee e libert\u00e0","publisher":{"@id":"https:\/\/www.guerini.it\/#organization"},"potentialAction":[{"@type":"SearchAction","target":{"@type":"EntryPoint","urlTemplate":"https:\/\/www.guerini.it\/?s={search_term_string}"},"query-input":{"@type":"PropertyValueSpecification","valueRequired":true,"valueName":"search_term_string"}}],"inLanguage":"it-IT"},{"@type":"Organization","@id":"https:\/\/www.guerini.it\/#organization","name":"Guerini e Associati","url":"https:\/\/www.guerini.it\/","logo":{"@type":"ImageObject","inLanguage":"it-IT","@id":"https:\/\/www.guerini.it\/#\/schema\/logo\/image\/","url":"https:\/\/www.guerini.it\/wp-content\/uploads\/2021\/03\/Logo-Guerini-OK_-e1615831292285.png","contentUrl":"https:\/\/www.guerini.it\/wp-content\/uploads\/2021\/03\/Logo-Guerini-OK_-e1615831292285.png","width":2805,"height":1870,"caption":"Guerini e Associati"},"image":{"@id":"https:\/\/www.guerini.it\/#\/schema\/logo\/image\/"}}]}},"_links":{"self":[{"href":"https:\/\/www.guerini.it\/index.php\/wp-json\/wp\/v2\/product\/15914","targetHints":{"allow":["GET"]}}],"collection":[{"href":"https:\/\/www.guerini.it\/index.php\/wp-json\/wp\/v2\/product"}],"about":[{"href":"https:\/\/www.guerini.it\/index.php\/wp-json\/wp\/v2\/types\/product"}],"wp:featuredmedia":[{"embeddable":true,"href":"https:\/\/www.guerini.it\/index.php\/wp-json\/wp\/v2\/media\/15913"}],"wp:attachment":[{"href":"https:\/\/www.guerini.it\/index.php\/wp-json\/wp\/v2\/media?parent=15914"}],"wp:term":[{"taxonomy":"product_brand","embeddable":true,"href":"https:\/\/www.guerini.it\/index.php\/wp-json\/wp\/v2\/product_brand?post=15914"},{"taxonomy":"product_cat","embeddable":true,"href":"https:\/\/www.guerini.it\/index.php\/wp-json\/wp\/v2\/product_cat?post=15914"},{"taxonomy":"product_tag","embeddable":true,"href":"https:\/\/www.guerini.it\/index.php\/wp-json\/wp\/v2\/product_tag?post=15914"}],"curies":[{"name":"wp","href":"https:\/\/api.w.org\/{rel}","templated":true}]}}

<p>«È già qualche tempo che ho intenzione di scrivere episodi di questi momenti turbinosi: ma è solo da quando l’Italia sente a fondo la guerra che questa intenzione si è fatta più chiara e decisa».</p>
<p>«Così mio padre inizia il suo diario, che è quello di un uomo da sempre appassionatamente interessato agli eventi cruciali di politica interna e internazionale. Si tratta, come è evidente anche dallo stile, spesso colloquiale, di un vero e proprio quaderno quotidiano, redatto velocemente – almeno prima della malattia – di sera. Il principale motivo di interesse per noi è proprio questo: cogliere dal vivo, quasi in diretta, il clima della guerra come è stato sentito in Italia. Risaltano, così, la palese inadeguatezza del regime fascista e neofascista rispetto alla gravità della situazione, e il caos assoluto dei primi venti giorni dopo l’armistizio, nei quali apparivano smarriti non solo i giovani ma anche gli organizzatissimi tedeschi che stavano occupando il Paese. Questo diario, per me, serve a far conoscere le idee di una persona di valore, sfortunata e onesta, e a prolungarne il ricordo».</p>
<p>(Gianluca Devoto</p>

<!-- This site is optimized with the Yoast SEO plugin v25.4 - https://yoast.com/wordpress/plugins/seo/ -->
<title>Milano-Davos 1942-1944 - Guerini e Associati</title>
<meta name="robots" content="index, follow, max-snippet:-1, max-image-preview:large, max-video-preview:-1" />
<link rel="canonical" href="https://www.guerini.it/index.php/prodotto/milano-davos-1942-1944/" />
<meta property="og:locale" content="it_IT" />
<meta property="og:type" content="article" />
<meta property="og:title" content="Milano-Davos 1942-1944 - Guerini e Associati" />
<meta property="og:description" content="«È già qualche tempo che ho intenzione di scrivere episodi di questi momenti turbinosi: ma è solo da quando l’Italia sente a fondo la guerra che questa intenzione si è fatta più chiara e decisa».  «Così mio padre inizia il suo diario, che è quello di un uomo da sempre appassionatamente interessato agli eventi cruciali di politica interna e internazionale. Si tratta, come è evidente anche dallo stile, spesso colloquiale, di un vero e proprio quaderno quotidiano, redatto velocemente – almeno prima della malattia – di sera. Il principale motivo di interesse per noi è proprio questo: cogliere dal vivo, quasi in diretta, il clima della guerra come è stato sentito in Italia. Risaltano, così, la palese inadeguatezza del regime fascista e neofascista rispetto alla gravità della situazione, e il caos assoluto dei primi venti giorni dopo l’armistizio, nei quali apparivano smarriti non solo i giovani ma anche gli organizzatissimi tedeschi che stavano occupando il Paese. Questo diario, per me, serve a far conoscere le idee di una persona di valore, sfortunata e onesta, e a prolungarne il ricordo».  (Gianluca Devoto" />
<meta property="og:url" content="https://www.guerini.it/index.php/prodotto/milano-davos-1942-1944/" />
<meta property="og:site_name" content="Guerini e Associati" />
<meta property="article:modified_time" content="2024-06-12T12:41:04+00:00" />
<meta property="og:image" content="https://www.guerini.it/wp-content/uploads/2017/04/milano-davos_sito.jpg" />
	<meta property="og:image:width" content="227" />
	<meta property="og:image:height" content="353" />
	<meta property="og:image:type" content="image/jpeg" />
<meta name="twitter:card" content="summary_large_image" />
<meta name="twitter:label1" content="Tempo di lettura stimato" />
	<meta name="twitter:data1" content="1 minuto" />
<!-- / Yoast SEO plugin. -->

«È già qualche tempo che ho intenzione di scrivere episodi di questi momenti turbinosi: ma è solo da quando l’Italia sente a fondo la guerra che questa intenzione si è fatta più chiara e decisa».  «Così mio padre inizia il suo diario, che è quello di un uomo da sempre appassionatamente interessato agli eventi cruciali di politica interna e internazionale. Si tratta, come è evidente anche dallo stile, spesso colloquiale, di un vero e proprio quaderno quotidiano, redatto velocemente – almeno prima della malattia – di sera. Il principale motivo di interesse per noi è proprio questo: cogliere dal vivo, quasi in diretta, il clima della guerra come è stato sentito in Italia. Risaltano, così, la palese inadeguatezza del regime fascista e neofascista rispetto alla gravità della situazione, e il caos assoluto dei primi venti giorni dopo l’armistizio, nei quali apparivano smarriti non solo i giovani ma anche gli organizzatissimi tedeschi che stavano occupando il Paese. Questo diario, per me, serve a far conoscere le idee di una persona di valore, sfortunata e onesta, e a prolungarne il ricordo».  (Gianluca Devoto

30 anni di libri, idee e libertà
