{"id":15916,"date":"2017-04-13T06:08:19","date_gmt":"2017-04-13T04:08:19","guid":{"rendered":"https:\/\/test.guerini.it\/?product=design-e-apprendimento-creativo"},"modified":"2024-06-12T14:41:35","modified_gmt":"2024-06-12T12:41:35","slug":"design-e-apprendimento-creativo","status":"publish","type":"product","link":"https:\/\/www.guerini.it\/index.php\/prodotto\/design-e-apprendimento-creativo\/","title":{"rendered":"Design e apprendimento creativo"},"content":{"rendered":"<p>Negli anni recenti, a livello internazionale, il sistema dell&rsquo;educazione &egrave; stato sottoposto a rinnovata critica. Crescente attenzione &egrave; stata posta sulla costruzione di ambienti e occasioni di apprendimento creativo che sostengano l&rsquo;individualit&agrave; dei bambini e sui processi conoscitivi interattivi. Contesti educativi come scuole e musei si sono aperti maggiormente al coinvolgimento e all&rsquo;integrazione di diverse conoscenze e competenze. In questa cornice, quale contributo pu&ograve; venire dai designer e dalla pratica del design? <br \/><em>Design e apprendimento creativo<\/em> raccoglie attorno a questo interrogativo alcune risposte e riflessioni attraverso la voce e le esperienze di designer, pedagogisti, teorici, psicologi, mediatori museali e educatori. Il volume presenta e discute le attivit&agrave; sviluppate nell&rsquo;ambito di <em>EDDES Educare attraverso\/con il design: stimolare l&rsquo;apprendimento creativo in contesti museali e scolastici<\/em>, progetto di ricerca triennale interfacolt&agrave; (Facolt&agrave; di Design e Arti e Facolt&agrave; di Scienze della Formazione) condotto presso la Libera Universit&agrave; di Bolzano nel periodo 2014-2017.<\/p>\n<p>&nbsp;<\/p>\n<p><strong>Permalink:<\/strong>&nbsp;<a href=\"http:\/\/digital.casalini.it\/9788881952366\">http:\/\/digital.casalini.it\/9788881952366<\/a><\/p>\n","protected":false},"excerpt":{"rendered":"<p>Negli anni recenti, a livello internazionale, il sistema dell\u2019educazione \u00e8 stato sottoposto a rinnovata critica. Crescente attenzione \u00e8 stata posta sulla costruzione di ambienti e occasioni di apprendimento creativo che sostengano l\u2019individualit\u00e0 dei bambini e sui processi conoscitivi interattivi. Contesti educativi come scuole e musei si sono aperti maggiormente al coinvolgimento e all\u2019integrazione di diverse conoscenze e competenze. In questa cornice, quale contributo pu\u00f2 venire dai designer e dalla pratica del design?<br \/>\nDesign e apprendimento creativo raccoglie attorno a questo interrogativo alcune risposte e riflessioni attraverso la voce e le esperienze di designer, pedagogisti, teorici, psicologi, mediatori museali e educatori. Il volume presenta e discute le attivit\u00e0 sviluppate nell\u2019ambito di EDDES Educare attraverso\/con il design: stimolare l\u2019apprendimento creativo in contesti museali e scolastici, progetto di ricerca triennale interfacolt\u00e0 (Facolt\u00e0 di Design e Arti e Facolt\u00e0 di Scienze della Formazione) condotto presso la Libera Universit\u00e0 di Bolzano nel periodo 2014-2017.<\/p>\n","protected":false},"featured_media":15915,"template":"","meta":{"_editorskit_title_hidden":false,"_editorskit_reading_time":0,"_editorskit_is_block_options_detached":false,"_editorskit_block_options_position":"{}","_monsterinsights_skip_tracking":false,"_monsterinsights_sitenote_active":false,"_monsterinsights_sitenote_note":"","_monsterinsights_sitenote_category":0},"product_brand":[],"product_cat":[6682],"product_tag":[],"class_list":{"0":"post-15916","1":"product","2":"type-product","3":"status-publish","4":"has-post-thumbnail","6":"product_cat-pfs-ae","8":"first","9":"instock","10":"sale","11":"shipping-taxable","12":"purchasable","13":"product-type-simple"},"yoast_head":"<!-- This site is optimized with the Yoast SEO plugin v25.4 - https:\/\/yoast.com\/wordpress\/plugins\/seo\/ -->\n<title>Design e apprendimento creativo - Guerini e Associati<\/title>\n<meta name=\"robots\" content=\"index, follow, max-snippet:-1, max-image-preview:large, max-video-preview:-1\" \/>\n<link rel=\"canonical\" href=\"https:\/\/www.guerini.it\/index.php\/prodotto\/design-e-apprendimento-creativo\/\" \/>\n<meta property=\"og:locale\" content=\"it_IT\" \/>\n<meta property=\"og:type\" content=\"article\" \/>\n<meta property=\"og:title\" content=\"Design e apprendimento creativo - Guerini e Associati\" \/>\n<meta property=\"og:description\" content=\"Negli anni recenti, a livello internazionale, il sistema dell\u2019educazione \u00e8 stato sottoposto a rinnovata critica. Crescente attenzione \u00e8 stata posta sulla costruzione di ambienti e occasioni di apprendimento creativo che sostengano l\u2019individualit\u00e0 dei bambini e sui processi conoscitivi interattivi. Contesti educativi come scuole e musei si sono aperti maggiormente al coinvolgimento e all\u2019integrazione di diverse conoscenze e competenze. In questa cornice, quale contributo pu\u00f2 venire dai designer e dalla pratica del design?  Design e apprendimento creativo raccoglie attorno a questo interrogativo alcune risposte e riflessioni attraverso la voce e le esperienze di designer, pedagogisti, teorici, psicologi, mediatori museali e educatori. Il volume presenta e discute le attivit\u00e0 sviluppate nell\u2019ambito di EDDES Educare attraverso\/con il design: stimolare l\u2019apprendimento creativo in contesti museali e scolastici, progetto di ricerca triennale interfacolt\u00e0 (Facolt\u00e0 di Design e Arti e Facolt\u00e0 di Scienze della Formazione) condotto presso la Libera Universit\u00e0 di Bolzano nel periodo 2014-2017.\" \/>\n<meta property=\"og:url\" content=\"https:\/\/www.guerini.it\/index.php\/prodotto\/design-e-apprendimento-creativo\/\" \/>\n<meta property=\"og:site_name\" content=\"Guerini e Associati\" \/>\n<meta property=\"article:modified_time\" content=\"2024-06-12T12:41:35+00:00\" \/>\n<meta property=\"og:image\" content=\"https:\/\/www.guerini.it\/wp-content\/uploads\/2017\/04\/design_e_apprendimento_creativo_sito_1.jpg\" \/>\n\t<meta property=\"og:image:width\" content=\"245\" \/>\n\t<meta property=\"og:image:height\" content=\"353\" \/>\n\t<meta property=\"og:image:type\" content=\"image\/jpeg\" \/>\n<meta name=\"twitter:card\" content=\"summary_large_image\" \/>\n<meta name=\"twitter:label1\" content=\"Tempo di lettura stimato\" \/>\n\t<meta name=\"twitter:data1\" content=\"1 minuto\" \/>\n<!-- \/ Yoast SEO plugin. -->","yoast_head_json":{"title":"Design e apprendimento creativo - Guerini e Associati","robots":{"index":"index","follow":"follow","max-snippet":"max-snippet:-1","max-image-preview":"max-image-preview:large","max-video-preview":"max-video-preview:-1"},"canonical":"https:\/\/www.guerini.it\/index.php\/prodotto\/design-e-apprendimento-creativo\/","og_locale":"it_IT","og_type":"article","og_title":"Design e apprendimento creativo - Guerini e Associati","og_description":"Negli anni recenti, a livello internazionale, il sistema dell\u2019educazione \u00e8 stato sottoposto a rinnovata critica. Crescente attenzione \u00e8 stata posta sulla costruzione di ambienti e occasioni di apprendimento creativo che sostengano l\u2019individualit\u00e0 dei bambini e sui processi conoscitivi interattivi. Contesti educativi come scuole e musei si sono aperti maggiormente al coinvolgimento e all\u2019integrazione di diverse conoscenze e competenze. In questa cornice, quale contributo pu\u00f2 venire dai designer e dalla pratica del design?  Design e apprendimento creativo raccoglie attorno a questo interrogativo alcune risposte e riflessioni attraverso la voce e le esperienze di designer, pedagogisti, teorici, psicologi, mediatori museali e educatori. Il volume presenta e discute le attivit\u00e0 sviluppate nell\u2019ambito di EDDES Educare attraverso\/con il design: stimolare l\u2019apprendimento creativo in contesti museali e scolastici, progetto di ricerca triennale interfacolt\u00e0 (Facolt\u00e0 di Design e Arti e Facolt\u00e0 di Scienze della Formazione) condotto presso la Libera Universit\u00e0 di Bolzano nel periodo 2014-2017.","og_url":"https:\/\/www.guerini.it\/index.php\/prodotto\/design-e-apprendimento-creativo\/","og_site_name":"Guerini e Associati","article_modified_time":"2024-06-12T12:41:35+00:00","og_image":[{"width":245,"height":353,"url":"https:\/\/www.guerini.it\/wp-content\/uploads\/2017\/04\/design_e_apprendimento_creativo_sito_1.jpg","type":"image\/jpeg"}],"twitter_card":"summary_large_image","twitter_misc":{"Tempo di lettura stimato":"1 minuto"},"schema":{"@context":"https:\/\/schema.org","@graph":[{"@type":"WebPage","@id":"https:\/\/www.guerini.it\/index.php\/prodotto\/design-e-apprendimento-creativo\/","url":"https:\/\/www.guerini.it\/index.php\/prodotto\/design-e-apprendimento-creativo\/","name":"Design e apprendimento creativo - Guerini e Associati","isPartOf":{"@id":"https:\/\/www.guerini.it\/#website"},"primaryImageOfPage":{"@id":"https:\/\/www.guerini.it\/index.php\/prodotto\/design-e-apprendimento-creativo\/#primaryimage"},"image":{"@id":"https:\/\/www.guerini.it\/index.php\/prodotto\/design-e-apprendimento-creativo\/#primaryimage"},"thumbnailUrl":"https:\/\/www.guerini.it\/wp-content\/uploads\/2017\/04\/design_e_apprendimento_creativo_sito_1.jpg","datePublished":"2017-04-13T04:08:19+00:00","dateModified":"2024-06-12T12:41:35+00:00","breadcrumb":{"@id":"https:\/\/www.guerini.it\/index.php\/prodotto\/design-e-apprendimento-creativo\/#breadcrumb"},"inLanguage":"it-IT","potentialAction":[{"@type":"ReadAction","target":["https:\/\/www.guerini.it\/index.php\/prodotto\/design-e-apprendimento-creativo\/"]}]},{"@type":"ImageObject","inLanguage":"it-IT","@id":"https:\/\/www.guerini.it\/index.php\/prodotto\/design-e-apprendimento-creativo\/#primaryimage","url":"https:\/\/www.guerini.it\/wp-content\/uploads\/2017\/04\/design_e_apprendimento_creativo_sito_1.jpg","contentUrl":"https:\/\/www.guerini.it\/wp-content\/uploads\/2017\/04\/design_e_apprendimento_creativo_sito_1.jpg","width":245,"height":353,"caption":"Design e apprendimento creativo"},{"@type":"BreadcrumbList","@id":"https:\/\/www.guerini.it\/index.php\/prodotto\/design-e-apprendimento-creativo\/#breadcrumb","itemListElement":[{"@type":"ListItem","position":1,"name":"Home","item":"https:\/\/www.guerini.it\/"},{"@type":"ListItem","position":2,"name":"Catalogo","item":"https:\/\/www.guerini.it\/index.php\/negozio\/"},{"@type":"ListItem","position":3,"name":"Design e apprendimento creativo"}]},{"@type":"WebSite","@id":"https:\/\/www.guerini.it\/#website","url":"https:\/\/www.guerini.it\/","name":"Guerini e Associati","description":"30 anni di libri, idee e libert\u00e0","publisher":{"@id":"https:\/\/www.guerini.it\/#organization"},"potentialAction":[{"@type":"SearchAction","target":{"@type":"EntryPoint","urlTemplate":"https:\/\/www.guerini.it\/?s={search_term_string}"},"query-input":{"@type":"PropertyValueSpecification","valueRequired":true,"valueName":"search_term_string"}}],"inLanguage":"it-IT"},{"@type":"Organization","@id":"https:\/\/www.guerini.it\/#organization","name":"Guerini e Associati","url":"https:\/\/www.guerini.it\/","logo":{"@type":"ImageObject","inLanguage":"it-IT","@id":"https:\/\/www.guerini.it\/#\/schema\/logo\/image\/","url":"https:\/\/www.guerini.it\/wp-content\/uploads\/2021\/03\/Logo-Guerini-OK_-e1615831292285.png","contentUrl":"https:\/\/www.guerini.it\/wp-content\/uploads\/2021\/03\/Logo-Guerini-OK_-e1615831292285.png","width":2805,"height":1870,"caption":"Guerini e Associati"},"image":{"@id":"https:\/\/www.guerini.it\/#\/schema\/logo\/image\/"}}]}},"_links":{"self":[{"href":"https:\/\/www.guerini.it\/index.php\/wp-json\/wp\/v2\/product\/15916","targetHints":{"allow":["GET"]}}],"collection":[{"href":"https:\/\/www.guerini.it\/index.php\/wp-json\/wp\/v2\/product"}],"about":[{"href":"https:\/\/www.guerini.it\/index.php\/wp-json\/wp\/v2\/types\/product"}],"wp:featuredmedia":[{"embeddable":true,"href":"https:\/\/www.guerini.it\/index.php\/wp-json\/wp\/v2\/media\/15915"}],"wp:attachment":[{"href":"https:\/\/www.guerini.it\/index.php\/wp-json\/wp\/v2\/media?parent=15916"}],"wp:term":[{"taxonomy":"product_brand","embeddable":true,"href":"https:\/\/www.guerini.it\/index.php\/wp-json\/wp\/v2\/product_brand?post=15916"},{"taxonomy":"product_cat","embeddable":true,"href":"https:\/\/www.guerini.it\/index.php\/wp-json\/wp\/v2\/product_cat?post=15916"},{"taxonomy":"product_tag","embeddable":true,"href":"https:\/\/www.guerini.it\/index.php\/wp-json\/wp\/v2\/product_tag?post=15916"}],"curies":[{"name":"wp","href":"https:\/\/api.w.org\/{rel}","templated":true}]}}

<p>Negli anni recenti, a livello internazionale, il sistema dell’educazione è stato sottoposto a rinnovata critica. Crescente attenzione è stata posta sulla costruzione di ambienti e occasioni di apprendimento creativo che sostengano l’individualità dei bambini e sui processi conoscitivi interattivi. Contesti educativi come scuole e musei si sono aperti maggiormente al coinvolgimento e all’integrazione di diverse conoscenze e competenze. In questa cornice, quale contributo può venire dai designer e dalla pratica del design?<br />
Design e apprendimento creativo raccoglie attorno a questo interrogativo alcune risposte e riflessioni attraverso la voce e le esperienze di designer, pedagogisti, teorici, psicologi, mediatori museali e educatori. Il volume presenta e discute le attività sviluppate nell’ambito di EDDES Educare attraverso/con il design: stimolare l’apprendimento creativo in contesti museali e scolastici, progetto di ricerca triennale interfacoltà (Facoltà di Design e Arti e Facoltà di Scienze della Formazione) condotto presso la Libera Università di Bolzano nel periodo 2014-2017.</p>

<!-- This site is optimized with the Yoast SEO plugin v25.4 - https://yoast.com/wordpress/plugins/seo/ -->
<title>Design e apprendimento creativo - Guerini e Associati</title>
<meta name="robots" content="index, follow, max-snippet:-1, max-image-preview:large, max-video-preview:-1" />
<link rel="canonical" href="https://www.guerini.it/index.php/prodotto/design-e-apprendimento-creativo/" />
<meta property="og:locale" content="it_IT" />
<meta property="og:type" content="article" />
<meta property="og:title" content="Design e apprendimento creativo - Guerini e Associati" />
<meta property="og:description" content="Negli anni recenti, a livello internazionale, il sistema dell’educazione è stato sottoposto a rinnovata critica. Crescente attenzione è stata posta sulla costruzione di ambienti e occasioni di apprendimento creativo che sostengano l’individualità dei bambini e sui processi conoscitivi interattivi. Contesti educativi come scuole e musei si sono aperti maggiormente al coinvolgimento e all’integrazione di diverse conoscenze e competenze. In questa cornice, quale contributo può venire dai designer e dalla pratica del design?  Design e apprendimento creativo raccoglie attorno a questo interrogativo alcune risposte e riflessioni attraverso la voce e le esperienze di designer, pedagogisti, teorici, psicologi, mediatori museali e educatori. Il volume presenta e discute le attività sviluppate nell’ambito di EDDES Educare attraverso/con il design: stimolare l’apprendimento creativo in contesti museali e scolastici, progetto di ricerca triennale interfacoltà (Facoltà di Design e Arti e Facoltà di Scienze della Formazione) condotto presso la Libera Università di Bolzano nel periodo 2014-2017." />
<meta property="og:url" content="https://www.guerini.it/index.php/prodotto/design-e-apprendimento-creativo/" />
<meta property="og:site_name" content="Guerini e Associati" />
<meta property="article:modified_time" content="2024-06-12T12:41:35+00:00" />
<meta property="og:image" content="https://www.guerini.it/wp-content/uploads/2017/04/design_e_apprendimento_creativo_sito_1.jpg" />
	<meta property="og:image:width" content="245" />
	<meta property="og:image:height" content="353" />
	<meta property="og:image:type" content="image/jpeg" />
<meta name="twitter:card" content="summary_large_image" />
<meta name="twitter:label1" content="Tempo di lettura stimato" />
	<meta name="twitter:data1" content="1 minuto" />
<!-- / Yoast SEO plugin. -->

Negli anni recenti, a livello internazionale, il sistema dell’educazione è stato sottoposto a rinnovata critica. Crescente attenzione è stata posta sulla costruzione di ambienti e occasioni di apprendimento creativo che sostengano l’individualità dei bambini e sui processi conoscitivi interattivi. Contesti educativi come scuole e musei si sono aperti maggiormente al coinvolgimento e all’integrazione di diverse conoscenze e competenze. In questa cornice, quale contributo può venire dai designer e dalla pratica del design?  Design e apprendimento creativo raccoglie attorno a questo interrogativo alcune risposte e riflessioni attraverso la voce e le esperienze di designer, pedagogisti, teorici, psicologi, mediatori museali e educatori. Il volume presenta e discute le attività sviluppate nell’ambito di EDDES Educare attraverso/con il design: stimolare l’apprendimento creativo in contesti museali e scolastici, progetto di ricerca triennale interfacoltà (Facoltà di Design e Arti e Facoltà di Scienze della Formazione) condotto presso la Libera Università di Bolzano nel periodo 2014-2017.

30 anni di libri, idee e libertà
