{"id":15930,"date":"2017-05-11T12:07:49","date_gmt":"2017-05-11T10:07:49","guid":{"rendered":"https:\/\/test.guerini.it\/?product=l-italiano"},"modified":"2024-06-12T14:41:10","modified_gmt":"2024-06-12T12:41:10","slug":"l-italiano","status":"publish","type":"product","link":"https:\/\/www.guerini.it\/index.php\/prodotto\/l-italiano\/","title":{"rendered":"L&#8217;italiano alla prova dell&#8217;internazionalizzazione"},"content":{"rendered":"<p style=\"text-align: justify;\">\u00abLe legittime finalit\u00e0 dell\u2019internazionalizzazione non possono ridurre la lingua italiana, all\u2019interno dell\u2019universit\u00e0 italiana, a una posizione marginale e subordinata, obliterando quella funzione, che le \u00e8 propria, di vettore della storia e dell\u2019identit\u00e0 della comunit\u00e0 nazionale, nonch\u00e9 il suo essere, di per s\u00e9, patrimonio culturale da preservare e valorizzare\u00bb: questo \u00e8 il nucleo di una recente sentenza della Corte costituzionale (24\/02\/2017, n. 42) che non si esita a definire storica.<br \/>\nCon essa il primato della lingua italiana viene, infatti, radicato nel tessuto costituzionale non certo quale \u00abdifesa di un retaggio del passato, inidonea a cogliere i mutamenti della modernit\u00e0\u00bb ma in quanto \u00abgaranzia di salvaguardia e di valorizzazione dell\u2019italiano come bene culturale in s\u00e9\u00bb, elemento di una \u00abbiodiversit\u00e0 linguistica\u00bb, che costituisce espressione della specificit\u00e0 del modello europeo di societ\u00e0, nel contesto di una politica che concilia democrazia, pluralismo culturale e integrazione sovranazionale degli ordinamenti.<br \/>\nDa qui allora occorre partire per mettere in campo tutte le azioni atte a tutelare, promuovere e valorizzare la nostra lingua, in Italia e all\u2019estero, iniziando con l\u2019esplicito riconoscimento in Costituzione del principio enucleato dalla Corte.<br \/>\n\u00c8 tempo, insomma, di dar vita a una nuova, diversa e attiva politica linguistica italiana.<\/p>\n<hr \/>\n<p style=\"text-align: justify;\"><strong>Maria Agostina Cabiddu<\/strong> \u00e8 ordinario di Diritto pubblico nel Politecnico di Milano, dove insegna diritto amministrativo e governo del territorio e dirige il Master in Appalti e Contratti pubblici. \u00c8 stata l\u2019avvocato dei ricorrenti nella vicenda che ha portato alla sentenza della Corte costituzionale n. 42\/2017.<\/p>\n<p style=\"text-align: justify;\">Gli autori: Maria Agostina Cabiddu, Paolo Caretti, Giancarlo Consonni, Michele Gazzola, Nicoletta Maraschio, Claudio Marazzini, Alessandro Masi, Lucilla Pizzoli, Francesco Sabatini, Luca Serianni, Maria Luisa Villa.<\/p>\n<p style=\"text-align: justify;\"><strong>Permalink:\u00a0<a href=\"http:\/\/digital.casalini.it\/9788881952342\">http:\/\/digital.casalini.it\/9788881952342<\/a><\/strong><\/p>\n","protected":false},"excerpt":{"rendered":"<p>\u00abLe legittime finalit\u00e0 dell\u2019internazionalizzazione non possono ridurre la lingua italiana, all\u2019interno dell\u2019universit\u00e0 italiana, a una posizione marginale e subordinata, obliterando quella funzione, che le \u00e8 propria, di vettore della storia e dell\u2019identit\u00e0 della comunit\u00e0 nazionale, nonch\u00e9 il suo essere, di per s\u00e9, patrimonio culturale da preservare e valorizzare\u00bb: questo \u00e8 il nucleo di una recente sentenza della Corte costituzionale (24\/02\/2017, n. 42) che non si esita a definire storica.<br \/>\nCon essa il primato della lingua italiana viene, infatti, radicato nel tessuto costituzionale non certo quale \u00abdifesa di un retaggio del passato, inidonea a cogliere i mutamenti della modernit\u00e0\u00bb ma in quanto \u00abgaranzia di salvaguardia e di valorizzazione dell\u2019italiano come bene culturale in s\u00e9\u00bb, elemento di una \u00abbiodiversit\u00e0 linguistica\u00bb, che costituisce espressione della specificit\u00e0 del modello europeo di societ\u00e0, nel contesto di una politica che concilia democrazia, pluralismo culturale e integrazione sovranazionale degli ordinamenti.<br \/>\nDa qui allora occorre partire per mettere in campo tutte le azioni atte a tutelare, promuovere e valorizzare la nostra lingua, in Italia e all\u2019estero, iniziando con l\u2019esplicito riconoscimento in Costituzione del principio enucleato dalla Corte.<br \/>\n\u00c8 tempo, insomma, di dar vita a una nuova, diversa e attiva politica linguistica italiana.<\/p>\n","protected":false},"featured_media":23827,"template":"","meta":{"_editorskit_title_hidden":false,"_editorskit_reading_time":0,"_editorskit_is_block_options_detached":false,"_editorskit_block_options_position":"{}","_monsterinsights_skip_tracking":false,"_monsterinsights_sitenote_active":false,"_monsterinsights_sitenote_note":"","_monsterinsights_sitenote_category":0},"product_brand":[],"product_cat":[6617],"product_tag":[],"class_list":{"0":"post-15930","1":"product","2":"type-product","3":"status-publish","4":"has-post-thumbnail","6":"product_cat-bc","7":"pa_guerini_amazon_link-https-www-amazon-it-litaliano-alla-prova-dellinternazionalizzazione-cabiddu-dp-8862506694","8":"pa_guerini_feltrinelli_link-https-www-lafeltrinelli-it-italiano-alla-prova-dell-internazionalita-libro-vari-e-9788862506694","9":"pa_guerini_ibs_link-https-www-ibs-it-italiano-alla-prova-dell-internazionalita-libro-vari-e-9788862506694","10":"pa_guerini_libruniver_link-https-www-libreriauniversitaria-it-italiano-prova-internazionalita-guerini-associati-libro-9788862506694","11":"pa_guerini_link_amazon-https-www-amazon-it-litaliano-prova-dellinternazionalizzazione-agostina-cabiddu-ebook-dp-b071wx9pnr","12":"pa_guerini_link_apple_ibook-f2-httpsitunesapplecomitbookl","13":"pa_guerini_link_giunti_punto-05-httpwwwgiuntialpuntoitprod","14":"pa_guerini_link_google_play-c3-httpsplaygooglecomstoreboo","15":"pa_guerini_link_ibs-b4-httpswwwibsititaliano_alla","16":"pa_guerini_link_kobo-ed-httpswwwkobocomititsearchq","17":"pa_guerini_link_lafeltrinelli-https-www-lafeltrinelli-it-italiano-alla-prova-dell-internazionalita-ebook-vari-e-9788881952342","18":"pa_guerini_mondadori_link-https-www-mondadoristore-it-italiano-prova-na-eai978886250669","20":"first","21":"instock","22":"sale","23":"shipping-taxable","24":"purchasable","25":"product-type-simple"},"yoast_head":"<!-- This site is optimized with the Yoast SEO plugin v25.4 - https:\/\/yoast.com\/wordpress\/plugins\/seo\/ -->\n<title>L&#039;italiano alla prova dell&#039;internazionalizzazione - Guerini e Associati<\/title>\n<meta name=\"robots\" content=\"index, follow, max-snippet:-1, max-image-preview:large, max-video-preview:-1\" \/>\n<link rel=\"canonical\" href=\"https:\/\/www.guerini.it\/index.php\/prodotto\/l-italiano\/\" \/>\n<meta property=\"og:locale\" content=\"it_IT\" \/>\n<meta property=\"og:type\" content=\"article\" \/>\n<meta property=\"og:title\" content=\"L&#039;italiano alla prova dell&#039;internazionalizzazione - Guerini e Associati\" \/>\n<meta property=\"og:description\" content=\"\u00abLe legittime finalit\u00e0 dell\u2019internazionalizzazione non possono ridurre la lingua italiana, all\u2019interno dell\u2019universit\u00e0 italiana, a una posizione marginale e subordinata, obliterando quella funzione, che le \u00e8 propria, di vettore della storia e dell\u2019identit\u00e0 della comunit\u00e0 nazionale, nonch\u00e9 il suo essere, di per s\u00e9, patrimonio culturale da preservare e valorizzare\u00bb: questo \u00e8 il nucleo di una recente sentenza della Corte costituzionale (24\/02\/2017, n. 42) che non si esita a definire storica. Con essa il primato della lingua italiana viene, infatti, radicato nel tessuto costituzionale non certo quale \u00abdifesa di un retaggio del passato, inidonea a cogliere i mutamenti della modernit\u00e0\u00bb ma in quanto \u00abgaranzia di salvaguardia e di valorizzazione dell\u2019italiano come bene culturale in s\u00e9\u00bb, elemento di una \u00abbiodiversit\u00e0 linguistica\u00bb, che costituisce espressione della specificit\u00e0 del modello europeo di societ\u00e0, nel contesto di una politica che concilia democrazia, pluralismo culturale e integrazione sovranazionale degli ordinamenti. Da qui allora occorre partire per mettere in campo tutte le azioni atte a tutelare, promuovere e valorizzare la nostra lingua, in Italia e all\u2019estero, iniziando con l\u2019esplicito riconoscimento in Costituzione del principio enucleato dalla Corte. \u00c8 tempo, insomma, di dar vita a una nuova, diversa e attiva politica linguistica italiana.\" \/>\n<meta property=\"og:url\" content=\"https:\/\/www.guerini.it\/index.php\/prodotto\/l-italiano\/\" \/>\n<meta property=\"og:site_name\" content=\"Guerini e Associati\" \/>\n<meta property=\"article:modified_time\" content=\"2024-06-12T12:41:10+00:00\" \/>\n<meta property=\"og:image\" content=\"https:\/\/www.guerini.it\/wp-content\/uploads\/2017\/05\/Litaliano-alla-prova-dellinternazionalizzazione-scaled.webp\" \/>\n\t<meta property=\"og:image:width\" content=\"1647\" \/>\n\t<meta property=\"og:image:height\" content=\"2560\" \/>\n\t<meta property=\"og:image:type\" content=\"image\/webp\" \/>\n<meta name=\"twitter:card\" content=\"summary_large_image\" \/>\n<meta name=\"twitter:label1\" content=\"Tempo di lettura stimato\" \/>\n\t<meta name=\"twitter:data1\" content=\"2 minuti\" \/>\n<!-- \/ Yoast SEO plugin. -->","yoast_head_json":{"title":"L'italiano alla prova dell'internazionalizzazione - Guerini e Associati","robots":{"index":"index","follow":"follow","max-snippet":"max-snippet:-1","max-image-preview":"max-image-preview:large","max-video-preview":"max-video-preview:-1"},"canonical":"https:\/\/www.guerini.it\/index.php\/prodotto\/l-italiano\/","og_locale":"it_IT","og_type":"article","og_title":"L'italiano alla prova dell'internazionalizzazione - Guerini e Associati","og_description":"\u00abLe legittime finalit\u00e0 dell\u2019internazionalizzazione non possono ridurre la lingua italiana, all\u2019interno dell\u2019universit\u00e0 italiana, a una posizione marginale e subordinata, obliterando quella funzione, che le \u00e8 propria, di vettore della storia e dell\u2019identit\u00e0 della comunit\u00e0 nazionale, nonch\u00e9 il suo essere, di per s\u00e9, patrimonio culturale da preservare e valorizzare\u00bb: questo \u00e8 il nucleo di una recente sentenza della Corte costituzionale (24\/02\/2017, n. 42) che non si esita a definire storica. Con essa il primato della lingua italiana viene, infatti, radicato nel tessuto costituzionale non certo quale \u00abdifesa di un retaggio del passato, inidonea a cogliere i mutamenti della modernit\u00e0\u00bb ma in quanto \u00abgaranzia di salvaguardia e di valorizzazione dell\u2019italiano come bene culturale in s\u00e9\u00bb, elemento di una \u00abbiodiversit\u00e0 linguistica\u00bb, che costituisce espressione della specificit\u00e0 del modello europeo di societ\u00e0, nel contesto di una politica che concilia democrazia, pluralismo culturale e integrazione sovranazionale degli ordinamenti. Da qui allora occorre partire per mettere in campo tutte le azioni atte a tutelare, promuovere e valorizzare la nostra lingua, in Italia e all\u2019estero, iniziando con l\u2019esplicito riconoscimento in Costituzione del principio enucleato dalla Corte. \u00c8 tempo, insomma, di dar vita a una nuova, diversa e attiva politica linguistica italiana.","og_url":"https:\/\/www.guerini.it\/index.php\/prodotto\/l-italiano\/","og_site_name":"Guerini e Associati","article_modified_time":"2024-06-12T12:41:10+00:00","og_image":[{"width":1647,"height":2560,"url":"https:\/\/www.guerini.it\/wp-content\/uploads\/2017\/05\/Litaliano-alla-prova-dellinternazionalizzazione-scaled.webp","type":"image\/webp"}],"twitter_card":"summary_large_image","twitter_misc":{"Tempo di lettura stimato":"2 minuti"},"schema":{"@context":"https:\/\/schema.org","@graph":[{"@type":"WebPage","@id":"https:\/\/www.guerini.it\/index.php\/prodotto\/l-italiano\/","url":"https:\/\/www.guerini.it\/index.php\/prodotto\/l-italiano\/","name":"L'italiano alla prova dell'internazionalizzazione - Guerini e Associati","isPartOf":{"@id":"https:\/\/www.guerini.it\/#website"},"primaryImageOfPage":{"@id":"https:\/\/www.guerini.it\/index.php\/prodotto\/l-italiano\/#primaryimage"},"image":{"@id":"https:\/\/www.guerini.it\/index.php\/prodotto\/l-italiano\/#primaryimage"},"thumbnailUrl":"https:\/\/www.guerini.it\/wp-content\/uploads\/2017\/05\/Litaliano-alla-prova-dellinternazionalizzazione-scaled.webp","datePublished":"2017-05-11T10:07:49+00:00","dateModified":"2024-06-12T12:41:10+00:00","breadcrumb":{"@id":"https:\/\/www.guerini.it\/index.php\/prodotto\/l-italiano\/#breadcrumb"},"inLanguage":"it-IT","potentialAction":[{"@type":"ReadAction","target":["https:\/\/www.guerini.it\/index.php\/prodotto\/l-italiano\/"]}]},{"@type":"ImageObject","inLanguage":"it-IT","@id":"https:\/\/www.guerini.it\/index.php\/prodotto\/l-italiano\/#primaryimage","url":"https:\/\/www.guerini.it\/wp-content\/uploads\/2017\/05\/Litaliano-alla-prova-dellinternazionalizzazione-scaled.webp","contentUrl":"https:\/\/www.guerini.it\/wp-content\/uploads\/2017\/05\/Litaliano-alla-prova-dellinternazionalizzazione-scaled.webp","width":1647,"height":2560,"caption":"Copertina del volume L\u2019italiano alla prova dell\u2019internazionalizzazione, Guerini e Associati, 2017"},{"@type":"BreadcrumbList","@id":"https:\/\/www.guerini.it\/index.php\/prodotto\/l-italiano\/#breadcrumb","itemListElement":[{"@type":"ListItem","position":1,"name":"Home","item":"https:\/\/www.guerini.it\/"},{"@type":"ListItem","position":2,"name":"Catalogo","item":"https:\/\/www.guerini.it\/index.php\/negozio\/"},{"@type":"ListItem","position":3,"name":"L&#8217;italiano alla prova dell&#8217;internazionalizzazione"}]},{"@type":"WebSite","@id":"https:\/\/www.guerini.it\/#website","url":"https:\/\/www.guerini.it\/","name":"Guerini e Associati","description":"30 anni di libri, idee e libert\u00e0","publisher":{"@id":"https:\/\/www.guerini.it\/#organization"},"potentialAction":[{"@type":"SearchAction","target":{"@type":"EntryPoint","urlTemplate":"https:\/\/www.guerini.it\/?s={search_term_string}"},"query-input":{"@type":"PropertyValueSpecification","valueRequired":true,"valueName":"search_term_string"}}],"inLanguage":"it-IT"},{"@type":"Organization","@id":"https:\/\/www.guerini.it\/#organization","name":"Guerini e Associati","url":"https:\/\/www.guerini.it\/","logo":{"@type":"ImageObject","inLanguage":"it-IT","@id":"https:\/\/www.guerini.it\/#\/schema\/logo\/image\/","url":"https:\/\/www.guerini.it\/wp-content\/uploads\/2021\/03\/Logo-Guerini-OK_-e1615831292285.png","contentUrl":"https:\/\/www.guerini.it\/wp-content\/uploads\/2021\/03\/Logo-Guerini-OK_-e1615831292285.png","width":2805,"height":1870,"caption":"Guerini e Associati"},"image":{"@id":"https:\/\/www.guerini.it\/#\/schema\/logo\/image\/"}}]}},"_links":{"self":[{"href":"https:\/\/www.guerini.it\/index.php\/wp-json\/wp\/v2\/product\/15930","targetHints":{"allow":["GET"]}}],"collection":[{"href":"https:\/\/www.guerini.it\/index.php\/wp-json\/wp\/v2\/product"}],"about":[{"href":"https:\/\/www.guerini.it\/index.php\/wp-json\/wp\/v2\/types\/product"}],"wp:featuredmedia":[{"embeddable":true,"href":"https:\/\/www.guerini.it\/index.php\/wp-json\/wp\/v2\/media\/23827"}],"wp:attachment":[{"href":"https:\/\/www.guerini.it\/index.php\/wp-json\/wp\/v2\/media?parent=15930"}],"wp:term":[{"taxonomy":"product_brand","embeddable":true,"href":"https:\/\/www.guerini.it\/index.php\/wp-json\/wp\/v2\/product_brand?post=15930"},{"taxonomy":"product_cat","embeddable":true,"href":"https:\/\/www.guerini.it\/index.php\/wp-json\/wp\/v2\/product_cat?post=15930"},{"taxonomy":"product_tag","embeddable":true,"href":"https:\/\/www.guerini.it\/index.php\/wp-json\/wp\/v2\/product_tag?post=15930"}],"curies":[{"name":"wp","href":"https:\/\/api.w.org\/{rel}","templated":true}]}}

<p style="text-align: justify;">«Le legittime finalità dell’internazionalizzazione non possono ridurre la lingua italiana, all’interno dell’università italiana, a una posizione marginale e subordinata, obliterando quella funzione, che le è propria, di vettore della storia e dell’identità della comunità nazionale, nonché il suo essere, di per sé, patrimonio culturale da preservare e valorizzare»: questo è il nucleo di una recente sentenza della Corte costituzionale (24/02/2017, n. 42) che non si esita a definire storica.<br />
Con essa il primato della lingua italiana viene, infatti, radicato nel tessuto costituzionale non certo quale «difesa di un retaggio del passato, inidonea a cogliere i mutamenti della modernità» ma in quanto «garanzia di salvaguardia e di valorizzazione dell’italiano come bene culturale in sé», elemento di una «biodiversità linguistica», che costituisce espressione della specificità del modello europeo di società, nel contesto di una politica che concilia democrazia, pluralismo culturale e integrazione sovranazionale degli ordinamenti.<br />
Da qui allora occorre partire per mettere in campo tutte le azioni atte a tutelare, promuovere e valorizzare la nostra lingua, in Italia e all’estero, iniziando con l’esplicito riconoscimento in Costituzione del principio enucleato dalla Corte.<br />
È tempo, insomma, di dar vita a una nuova, diversa e attiva politica linguistica italiana.</p>
<hr />
<p style="text-align: justify;"><strong>Maria Agostina Cabiddu</strong> è ordinario di Diritto pubblico nel Politecnico di Milano, dove insegna diritto amministrativo e governo del territorio e dirige il Master in Appalti e Contratti pubblici. È stata l’avvocato dei ricorrenti nella vicenda che ha portato alla sentenza della Corte costituzionale n. 42/2017.</p>
<p style="text-align: justify;">Gli autori: Maria Agostina Cabiddu, Paolo Caretti, Giancarlo Consonni, Michele Gazzola, Nicoletta Maraschio, Claudio Marazzini, Alessandro Masi, Lucilla Pizzoli, Francesco Sabatini, Luca Serianni, Maria Luisa Villa.</p>
<p style="text-align: justify;"><strong>Permalink: <a href="http://digital.casalini.it/9788881952342">http://digital.casalini.it/9788881952342</a></strong></p>

<p>«Le legittime finalità dell’internazionalizzazione non possono ridurre la lingua italiana, all’interno dell’università italiana, a una posizione marginale e subordinata, obliterando quella funzione, che le è propria, di vettore della storia e dell’identità della comunità nazionale, nonché il suo essere, di per sé, patrimonio culturale da preservare e valorizzare»: questo è il nucleo di una recente sentenza della Corte costituzionale (24/02/2017, n. 42) che non si esita a definire storica.<br />
Con essa il primato della lingua italiana viene, infatti, radicato nel tessuto costituzionale non certo quale «difesa di un retaggio del passato, inidonea a cogliere i mutamenti della modernità» ma in quanto «garanzia di salvaguardia e di valorizzazione dell’italiano come bene culturale in sé», elemento di una «biodiversità linguistica», che costituisce espressione della specificità del modello europeo di società, nel contesto di una politica che concilia democrazia, pluralismo culturale e integrazione sovranazionale degli ordinamenti.<br />
Da qui allora occorre partire per mettere in campo tutte le azioni atte a tutelare, promuovere e valorizzare la nostra lingua, in Italia e all’estero, iniziando con l’esplicito riconoscimento in Costituzione del principio enucleato dalla Corte.<br />
È tempo, insomma, di dar vita a una nuova, diversa e attiva politica linguistica italiana.</p>

<!-- This site is optimized with the Yoast SEO plugin v25.4 - https://yoast.com/wordpress/plugins/seo/ -->
<title>L&#039;italiano alla prova dell&#039;internazionalizzazione - Guerini e Associati</title>
<meta name="robots" content="index, follow, max-snippet:-1, max-image-preview:large, max-video-preview:-1" />
<link rel="canonical" href="https://www.guerini.it/index.php/prodotto/l-italiano/" />
<meta property="og:locale" content="it_IT" />
<meta property="og:type" content="article" />
<meta property="og:title" content="L&#039;italiano alla prova dell&#039;internazionalizzazione - Guerini e Associati" />
<meta property="og:description" content="«Le legittime finalità dell’internazionalizzazione non possono ridurre la lingua italiana, all’interno dell’università italiana, a una posizione marginale e subordinata, obliterando quella funzione, che le è propria, di vettore della storia e dell’identità della comunità nazionale, nonché il suo essere, di per sé, patrimonio culturale da preservare e valorizzare»: questo è il nucleo di una recente sentenza della Corte costituzionale (24/02/2017, n. 42) che non si esita a definire storica. Con essa il primato della lingua italiana viene, infatti, radicato nel tessuto costituzionale non certo quale «difesa di un retaggio del passato, inidonea a cogliere i mutamenti della modernità» ma in quanto «garanzia di salvaguardia e di valorizzazione dell’italiano come bene culturale in sé», elemento di una «biodiversità linguistica», che costituisce espressione della specificità del modello europeo di società, nel contesto di una politica che concilia democrazia, pluralismo culturale e integrazione sovranazionale degli ordinamenti. Da qui allora occorre partire per mettere in campo tutte le azioni atte a tutelare, promuovere e valorizzare la nostra lingua, in Italia e all’estero, iniziando con l’esplicito riconoscimento in Costituzione del principio enucleato dalla Corte. È tempo, insomma, di dar vita a una nuova, diversa e attiva politica linguistica italiana." />
<meta property="og:url" content="https://www.guerini.it/index.php/prodotto/l-italiano/" />
<meta property="og:site_name" content="Guerini e Associati" />
<meta property="article:modified_time" content="2024-06-12T12:41:10+00:00" />
<meta property="og:image" content="https://www.guerini.it/wp-content/uploads/2017/05/Litaliano-alla-prova-dellinternazionalizzazione-scaled.webp" />
	<meta property="og:image:width" content="1647" />
	<meta property="og:image:height" content="2560" />
	<meta property="og:image:type" content="image/webp" />
<meta name="twitter:card" content="summary_large_image" />
<meta name="twitter:label1" content="Tempo di lettura stimato" />
	<meta name="twitter:data1" content="2 minuti" />
<!-- / Yoast SEO plugin. -->

«Le legittime finalità dell’internazionalizzazione non possono ridurre la lingua italiana, all’interno dell’università italiana, a una posizione marginale e subordinata, obliterando quella funzione, che le è propria, di vettore della storia e dell’identità della comunità nazionale, nonché il suo essere, di per sé, patrimonio culturale da preservare e valorizzare»: questo è il nucleo di una recente sentenza della Corte costituzionale (24/02/2017, n. 42) che non si esita a definire storica. Con essa il primato della lingua italiana viene, infatti, radicato nel tessuto costituzionale non certo quale «difesa di un retaggio del passato, inidonea a cogliere i mutamenti della modernità» ma in quanto «garanzia di salvaguardia e di valorizzazione dell’italiano come bene culturale in sé», elemento di una «biodiversità linguistica», che costituisce espressione della specificità del modello europeo di società, nel contesto di una politica che concilia democrazia, pluralismo culturale e integrazione sovranazionale degli ordinamenti. Da qui allora occorre partire per mettere in campo tutte le azioni atte a tutelare, promuovere e valorizzare la nostra lingua, in Italia e all’estero, iniziando con l’esplicito riconoscimento in Costituzione del principio enucleato dalla Corte. È tempo, insomma, di dar vita a una nuova, diversa e attiva politica linguistica italiana.

30 anni di libri, idee e libertà
