{"id":15972,"date":"2017-09-14T05:32:35","date_gmt":"2017-09-14T03:32:35","guid":{"rendered":"https:\/\/test.guerini.it\/?product=comunicare-meno-comunicare-meglio"},"modified":"2024-06-12T14:38:57","modified_gmt":"2024-06-12T12:38:57","slug":"comunicare-meno-comunicare-meglio","status":"publish","type":"product","link":"https:\/\/www.guerini.it\/index.php\/prodotto\/comunicare-meno-comunicare-meglio\/","title":{"rendered":"Comunicare meno, comunicare meglio"},"content":{"rendered":"<p style=\"text-align: justify;\">La comunicazione \u00e8 sempre pi\u00f9 circolare, i contenuti e i contenitori si moltiplicano. Noi siamo meno concentrati a causa dall\u2019abbondanza delle informazioni gratuite e sempre disponibili, e pi\u00f9 indaffarati nella corsa al controllo del nostro tempo. <em>Comunicare meno, comunicare meglio<\/em> prova a fare ordine nel mondo della Comunicazione 4.0.<\/p>\n<hr \/>\n<p style=\"text-align: justify;\"><strong>Serena Scarpello<\/strong> \u00e8 Head of Content di \u201cRivista Studio\u201d e \u201cUndici\u201d e Direttore Responsabile del brand magazine \u201cLINC\u201d. Ha fondato e diretto la Content Factory presso l&#8217;agenzia di comunicazione internazionale Havas, ed \u00e8 stata conduttrice televisiva per il canale finanziario di SKY Class CNBC dal 2008 al 2013. Si \u00e8 laureata presso l\u2019Universit\u00e0 LUISS Guido Carli in Relazioni Internazionali e specializzata in Comunicazione Economica, Politica e Istituzionale. Ha studiato a Madrid e a Bruxelles. Giornalista e docente di brand journalism, nel tempo libero organizza presentazioni letterarie. Nel 2017 ha pubblicato il libro d\u2019inchiesta <em>Comunicare meno, comunicare meglio<\/em>.<\/p>\n<p style=\"text-align: center;\">\u00abLa comunicazione dovrebbe essere un\u2019orchestra nella quale tutti sono professori del proprio strumento,<br \/>\naltrimenti diventa una cacofonia insopportabile nella quale non riesci pi\u00f9 a riconoscere ci\u00f2 che \u00e8 vero da ci\u00f2 che \u00e8 falso,<br \/>\nci\u00f2 che \u00e8 effimero da ci\u00f2 che \u00e8 sostanziale\u00bb<br \/>\n<em>Ferruccio De Bortoli<\/em><\/p>\n<p style=\"text-align: center;\">\u00abA prescindere dal mondo del web, ho cercato di avere una mia lingua gi\u00e0 negli anni \u201980:<br \/>\nnon per estetismo, dandismo, o per essere diverso a tutti i costi,<br \/>\nma perch\u00e9 sentivo che la letteratura che piaceva a me era quella che mi creava degli universi discontinui rispetto alla realt\u00e0\u00bb<br \/>\n<em>Michele Mari<\/em><\/p>\n<p style=\"text-align: center;\">\u00abll futuro dei magazine? Gi\u00e0 oggi il solo fatto di esistere, li rende delle opere d\u2019arte\u00bb<br \/>\n<em>Maurizio Cattelan<\/em><\/p>\n","protected":false},"excerpt":{"rendered":"<p>La comunicazione \u00e8 sempre pi\u00f9 circolare, i contenuti e i contenitori si moltiplicano. Noi siamo meno concentrati a causa dall\u2019abbondanza delle informazioni gratuite e sempre disponibili, e pi\u00f9 indaffarati nella corsa al controllo del nostro tempo.<br \/>\n\u00abComunicare meno, Comunicare meglio\u00bb prova a fare ordine nel mondo della Comunicazione 4.0.<\/p>\n<p>\u00abLa comunicazione dovrebbe essere un\u2019orchestra nella quale tutti sono professori del proprio strumento, altrimenti diventa una cacofonia insopportabile nella quale non riesci pi\u00f9 a riconoscere ci\u00f2 che \u00e8 vero da ci\u00f2 che \u00e8 falso, ci\u00f2 che \u00e8 effimero da ci\u00f2 che \u00e8 sostanziale\u00bb<br \/>\nFerruccio De Bortoli<\/p>\n<p>\u00abA prescindere dal mondo del web, ho cercato di avere una mia lingua gi\u00e0 negli anni \u201980: non per estetismo, dandismo, o per essere diverso a tutti i costi, ma perch\u00e9 sentivo che la letteratura che piaceva a me era quella che mi creava degli universi discontinui rispetto alla realt\u00e0\u00bb<br \/>\nMichele Mari<br \/>\n\u00abll futuro dei magazine? Gi\u00e0 oggi il solo fatto di esistere, li rende delle opere d\u2019arte\u00bb<br \/>\nMaurizio Cattelan<\/p>\n","protected":false},"featured_media":15971,"template":"","meta":{"_editorskit_title_hidden":false,"_editorskit_reading_time":0,"_editorskit_is_block_options_detached":false,"_editorskit_block_options_position":"{}","_monsterinsights_skip_tracking":false,"_monsterinsights_sitenote_active":false,"_monsterinsights_sitenote_note":"","_monsterinsights_sitenote_category":0},"product_brand":[],"product_cat":[6805,6528,6529],"product_tag":[],"class_list":{"0":"post-15972","1":"product","2":"type-product","3":"status-publish","4":"has-post-thumbnail","6":"product_cat-guerini-next","7":"product_cat-comunicazione","8":"product_cat-economia-e-management","9":"pa_guerini_amazon_link-https-www-amazon-it-comunicare-comunicare-meglio-serena-scarpello-dp-8868961547","10":"pa_guerini_feltrinelli_link-https-www-lafeltrinelli-it-comunicare-meno-comunicare-meglio-libro-serena-scarpello-e-9788868961541","11":"pa_guerini_ibs_link-https-www-ibs-it-comunicare-meno-comunicare-meglio-libro-serena-scarpello-e-9788868961541","12":"pa_guerini_libruniver_link-https-www-libreriauniversitaria-it-comunicare-meno-comunicare-meglio-scarpello-libro-9788868961541","13":"pa_guerini_mondadori_link-https-www-mondadoristore-it-comunicare-meno-comunicare-serena-scarpello-eai978886896154","15":"first","16":"instock","17":"sale","18":"shipping-taxable","19":"purchasable","20":"product-type-simple"},"yoast_head":"<!-- This site is optimized with the Yoast SEO plugin v25.4 - https:\/\/yoast.com\/wordpress\/plugins\/seo\/ -->\n<title>Comunicare meno, comunicare meglio - Guerini e Associati<\/title>\n<meta name=\"robots\" content=\"index, follow, max-snippet:-1, max-image-preview:large, max-video-preview:-1\" \/>\n<link rel=\"canonical\" href=\"https:\/\/www.guerini.it\/index.php\/prodotto\/comunicare-meno-comunicare-meglio\/\" \/>\n<meta property=\"og:locale\" content=\"it_IT\" \/>\n<meta property=\"og:type\" content=\"article\" \/>\n<meta property=\"og:title\" content=\"Comunicare meno, comunicare meglio - Guerini e Associati\" \/>\n<meta property=\"og:description\" content=\"La comunicazione \u00e8 sempre pi\u00f9 circolare, i contenuti e i contenitori si moltiplicano. Noi siamo meno concentrati a causa dall\u2019abbondanza delle informazioni gratuite e sempre disponibili, e pi\u00f9 indaffarati nella corsa al controllo del nostro tempo. \u00abComunicare meno, Comunicare meglio\u00bb prova a fare ordine nel mondo della Comunicazione 4.0.  \u00abLa comunicazione dovrebbe essere un\u2019orchestra nella quale tutti sono professori del proprio strumento, altrimenti diventa una cacofonia insopportabile nella quale non riesci pi\u00f9 a riconoscere ci\u00f2 che \u00e8 vero da ci\u00f2 che \u00e8 falso, ci\u00f2 che \u00e8 effimero da ci\u00f2 che \u00e8 sostanziale\u00bb Ferruccio De Bortoli  \u00abA prescindere dal mondo del web, ho cercato di avere una mia lingua gi\u00e0 negli anni \u201980: non per estetismo, dandismo, o per essere diverso a tutti i costi, ma perch\u00e9 sentivo che la letteratura che piaceva a me era quella che mi creava degli universi discontinui rispetto alla realt\u00e0\u00bb Michele Mari \u00abll futuro dei magazine? Gi\u00e0 oggi il solo fatto di esistere, li rende delle opere d\u2019arte\u00bb Maurizio Cattelan\" \/>\n<meta property=\"og:url\" content=\"https:\/\/www.guerini.it\/index.php\/prodotto\/comunicare-meno-comunicare-meglio\/\" \/>\n<meta property=\"og:site_name\" content=\"Guerini e Associati\" \/>\n<meta property=\"article:modified_time\" content=\"2024-06-12T12:38:57+00:00\" \/>\n<meta property=\"og:image\" content=\"https:\/\/www.guerini.it\/wp-content\/uploads\/2017\/09\/comunicare_meno_comunicare_meglio_sito.jpg\" \/>\n\t<meta property=\"og:image:width\" content=\"235\" \/>\n\t<meta property=\"og:image:height\" content=\"353\" \/>\n\t<meta property=\"og:image:type\" content=\"image\/jpeg\" \/>\n<meta name=\"twitter:card\" content=\"summary_large_image\" \/>\n<meta name=\"twitter:label1\" content=\"Tempo di lettura stimato\" \/>\n\t<meta name=\"twitter:data1\" content=\"2 minuti\" \/>\n<!-- \/ Yoast SEO plugin. -->","yoast_head_json":{"title":"Comunicare meno, comunicare meglio - Guerini e Associati","robots":{"index":"index","follow":"follow","max-snippet":"max-snippet:-1","max-image-preview":"max-image-preview:large","max-video-preview":"max-video-preview:-1"},"canonical":"https:\/\/www.guerini.it\/index.php\/prodotto\/comunicare-meno-comunicare-meglio\/","og_locale":"it_IT","og_type":"article","og_title":"Comunicare meno, comunicare meglio - Guerini e Associati","og_description":"La comunicazione \u00e8 sempre pi\u00f9 circolare, i contenuti e i contenitori si moltiplicano. Noi siamo meno concentrati a causa dall\u2019abbondanza delle informazioni gratuite e sempre disponibili, e pi\u00f9 indaffarati nella corsa al controllo del nostro tempo. \u00abComunicare meno, Comunicare meglio\u00bb prova a fare ordine nel mondo della Comunicazione 4.0.  \u00abLa comunicazione dovrebbe essere un\u2019orchestra nella quale tutti sono professori del proprio strumento, altrimenti diventa una cacofonia insopportabile nella quale non riesci pi\u00f9 a riconoscere ci\u00f2 che \u00e8 vero da ci\u00f2 che \u00e8 falso, ci\u00f2 che \u00e8 effimero da ci\u00f2 che \u00e8 sostanziale\u00bb Ferruccio De Bortoli  \u00abA prescindere dal mondo del web, ho cercato di avere una mia lingua gi\u00e0 negli anni \u201980: non per estetismo, dandismo, o per essere diverso a tutti i costi, ma perch\u00e9 sentivo che la letteratura che piaceva a me era quella che mi creava degli universi discontinui rispetto alla realt\u00e0\u00bb Michele Mari \u00abll futuro dei magazine? Gi\u00e0 oggi il solo fatto di esistere, li rende delle opere d\u2019arte\u00bb Maurizio Cattelan","og_url":"https:\/\/www.guerini.it\/index.php\/prodotto\/comunicare-meno-comunicare-meglio\/","og_site_name":"Guerini e Associati","article_modified_time":"2024-06-12T12:38:57+00:00","og_image":[{"width":235,"height":353,"url":"https:\/\/www.guerini.it\/wp-content\/uploads\/2017\/09\/comunicare_meno_comunicare_meglio_sito.jpg","type":"image\/jpeg"}],"twitter_card":"summary_large_image","twitter_misc":{"Tempo di lettura stimato":"2 minuti"},"schema":{"@context":"https:\/\/schema.org","@graph":[{"@type":"WebPage","@id":"https:\/\/www.guerini.it\/index.php\/prodotto\/comunicare-meno-comunicare-meglio\/","url":"https:\/\/www.guerini.it\/index.php\/prodotto\/comunicare-meno-comunicare-meglio\/","name":"Comunicare meno, comunicare meglio - Guerini e Associati","isPartOf":{"@id":"https:\/\/www.guerini.it\/#website"},"primaryImageOfPage":{"@id":"https:\/\/www.guerini.it\/index.php\/prodotto\/comunicare-meno-comunicare-meglio\/#primaryimage"},"image":{"@id":"https:\/\/www.guerini.it\/index.php\/prodotto\/comunicare-meno-comunicare-meglio\/#primaryimage"},"thumbnailUrl":"https:\/\/www.guerini.it\/wp-content\/uploads\/2017\/09\/comunicare_meno_comunicare_meglio_sito.jpg","datePublished":"2017-09-14T03:32:35+00:00","dateModified":"2024-06-12T12:38:57+00:00","breadcrumb":{"@id":"https:\/\/www.guerini.it\/index.php\/prodotto\/comunicare-meno-comunicare-meglio\/#breadcrumb"},"inLanguage":"it-IT","potentialAction":[{"@type":"ReadAction","target":["https:\/\/www.guerini.it\/index.php\/prodotto\/comunicare-meno-comunicare-meglio\/"]}]},{"@type":"ImageObject","inLanguage":"it-IT","@id":"https:\/\/www.guerini.it\/index.php\/prodotto\/comunicare-meno-comunicare-meglio\/#primaryimage","url":"https:\/\/www.guerini.it\/wp-content\/uploads\/2017\/09\/comunicare_meno_comunicare_meglio_sito.jpg","contentUrl":"https:\/\/www.guerini.it\/wp-content\/uploads\/2017\/09\/comunicare_meno_comunicare_meglio_sito.jpg","width":235,"height":353,"caption":"Comunicare meno, comunicare meglio"},{"@type":"BreadcrumbList","@id":"https:\/\/www.guerini.it\/index.php\/prodotto\/comunicare-meno-comunicare-meglio\/#breadcrumb","itemListElement":[{"@type":"ListItem","position":1,"name":"Home","item":"https:\/\/www.guerini.it\/"},{"@type":"ListItem","position":2,"name":"Catalogo","item":"https:\/\/www.guerini.it\/index.php\/negozio\/"},{"@type":"ListItem","position":3,"name":"Comunicare meno, comunicare meglio"}]},{"@type":"WebSite","@id":"https:\/\/www.guerini.it\/#website","url":"https:\/\/www.guerini.it\/","name":"Guerini e Associati","description":"30 anni di libri, idee e libert\u00e0","publisher":{"@id":"https:\/\/www.guerini.it\/#organization"},"potentialAction":[{"@type":"SearchAction","target":{"@type":"EntryPoint","urlTemplate":"https:\/\/www.guerini.it\/?s={search_term_string}"},"query-input":{"@type":"PropertyValueSpecification","valueRequired":true,"valueName":"search_term_string"}}],"inLanguage":"it-IT"},{"@type":"Organization","@id":"https:\/\/www.guerini.it\/#organization","name":"Guerini e Associati","url":"https:\/\/www.guerini.it\/","logo":{"@type":"ImageObject","inLanguage":"it-IT","@id":"https:\/\/www.guerini.it\/#\/schema\/logo\/image\/","url":"https:\/\/www.guerini.it\/wp-content\/uploads\/2021\/03\/Logo-Guerini-OK_-e1615831292285.png","contentUrl":"https:\/\/www.guerini.it\/wp-content\/uploads\/2021\/03\/Logo-Guerini-OK_-e1615831292285.png","width":2805,"height":1870,"caption":"Guerini e Associati"},"image":{"@id":"https:\/\/www.guerini.it\/#\/schema\/logo\/image\/"}}]}},"_links":{"self":[{"href":"https:\/\/www.guerini.it\/index.php\/wp-json\/wp\/v2\/product\/15972","targetHints":{"allow":["GET"]}}],"collection":[{"href":"https:\/\/www.guerini.it\/index.php\/wp-json\/wp\/v2\/product"}],"about":[{"href":"https:\/\/www.guerini.it\/index.php\/wp-json\/wp\/v2\/types\/product"}],"wp:featuredmedia":[{"embeddable":true,"href":"https:\/\/www.guerini.it\/index.php\/wp-json\/wp\/v2\/media\/15971"}],"wp:attachment":[{"href":"https:\/\/www.guerini.it\/index.php\/wp-json\/wp\/v2\/media?parent=15972"}],"wp:term":[{"taxonomy":"product_brand","embeddable":true,"href":"https:\/\/www.guerini.it\/index.php\/wp-json\/wp\/v2\/product_brand?post=15972"},{"taxonomy":"product_cat","embeddable":true,"href":"https:\/\/www.guerini.it\/index.php\/wp-json\/wp\/v2\/product_cat?post=15972"},{"taxonomy":"product_tag","embeddable":true,"href":"https:\/\/www.guerini.it\/index.php\/wp-json\/wp\/v2\/product_tag?post=15972"}],"curies":[{"name":"wp","href":"https:\/\/api.w.org\/{rel}","templated":true}]}}

<p style="text-align: justify;">La comunicazione è sempre più circolare, i contenuti e i contenitori si moltiplicano. Noi siamo meno concentrati a causa dall’abbondanza delle informazioni gratuite e sempre disponibili, e più indaffarati nella corsa al controllo del nostro tempo. <em>Comunicare meno, comunicare meglio</em> prova a fare ordine nel mondo della Comunicazione 4.0.</p>
<hr />
<p style="text-align: justify;"><strong>Serena Scarpello</strong> è Head of Content di “Rivista Studio” e “Undici” e Direttore Responsabile del brand magazine “LINC”. Ha fondato e diretto la Content Factory presso l&#8217;agenzia di comunicazione internazionale Havas, ed è stata conduttrice televisiva per il canale finanziario di SKY Class CNBC dal 2008 al 2013. Si è laureata presso l’Università LUISS Guido Carli in Relazioni Internazionali e specializzata in Comunicazione Economica, Politica e Istituzionale. Ha studiato a Madrid e a Bruxelles. Giornalista e docente di brand journalism, nel tempo libero organizza presentazioni letterarie. Nel 2017 ha pubblicato il libro d’inchiesta <em>Comunicare meno, comunicare meglio</em>.</p>
<p style="text-align: center;">«La comunicazione dovrebbe essere un’orchestra nella quale tutti sono professori del proprio strumento,<br />
altrimenti diventa una cacofonia insopportabile nella quale non riesci più a riconoscere ciò che è vero da ciò che è falso,<br />
ciò che è effimero da ciò che è sostanziale»<br />
<em>Ferruccio De Bortoli</em></p>
<p style="text-align: center;">«A prescindere dal mondo del web, ho cercato di avere una mia lingua già negli anni ’80:<br />
non per estetismo, dandismo, o per essere diverso a tutti i costi,<br />
ma perché sentivo che la letteratura che piaceva a me era quella che mi creava degli universi discontinui rispetto alla realtà»<br />
<em>Michele Mari</em></p>
<p style="text-align: center;">«ll futuro dei magazine? Già oggi il solo fatto di esistere, li rende delle opere d’arte»<br />
<em>Maurizio Cattelan</em></p>

<p>La comunicazione è sempre più circolare, i contenuti e i contenitori si moltiplicano. Noi siamo meno concentrati a causa dall’abbondanza delle informazioni gratuite e sempre disponibili, e più indaffarati nella corsa al controllo del nostro tempo.<br />
«Comunicare meno, Comunicare meglio» prova a fare ordine nel mondo della Comunicazione 4.0.</p>
<p>«La comunicazione dovrebbe essere un’orchestra nella quale tutti sono professori del proprio strumento, altrimenti diventa una cacofonia insopportabile nella quale non riesci più a riconoscere ciò che è vero da ciò che è falso, ciò che è effimero da ciò che è sostanziale»<br />
Ferruccio De Bortoli</p>
<p>«A prescindere dal mondo del web, ho cercato di avere una mia lingua già negli anni ’80: non per estetismo, dandismo, o per essere diverso a tutti i costi, ma perché sentivo che la letteratura che piaceva a me era quella che mi creava degli universi discontinui rispetto alla realtà»<br />
Michele Mari<br />
«ll futuro dei magazine? Già oggi il solo fatto di esistere, li rende delle opere d’arte»<br />
Maurizio Cattelan</p>

<!-- This site is optimized with the Yoast SEO plugin v25.4 - https://yoast.com/wordpress/plugins/seo/ -->
<title>Comunicare meno, comunicare meglio - Guerini e Associati</title>
<meta name="robots" content="index, follow, max-snippet:-1, max-image-preview:large, max-video-preview:-1" />
<link rel="canonical" href="https://www.guerini.it/index.php/prodotto/comunicare-meno-comunicare-meglio/" />
<meta property="og:locale" content="it_IT" />
<meta property="og:type" content="article" />
<meta property="og:title" content="Comunicare meno, comunicare meglio - Guerini e Associati" />
<meta property="og:description" content="La comunicazione è sempre più circolare, i contenuti e i contenitori si moltiplicano. Noi siamo meno concentrati a causa dall’abbondanza delle informazioni gratuite e sempre disponibili, e più indaffarati nella corsa al controllo del nostro tempo. «Comunicare meno, Comunicare meglio» prova a fare ordine nel mondo della Comunicazione 4.0.  «La comunicazione dovrebbe essere un’orchestra nella quale tutti sono professori del proprio strumento, altrimenti diventa una cacofonia insopportabile nella quale non riesci più a riconoscere ciò che è vero da ciò che è falso, ciò che è effimero da ciò che è sostanziale» Ferruccio De Bortoli  «A prescindere dal mondo del web, ho cercato di avere una mia lingua già negli anni ’80: non per estetismo, dandismo, o per essere diverso a tutti i costi, ma perché sentivo che la letteratura che piaceva a me era quella che mi creava degli universi discontinui rispetto alla realtà» Michele Mari «ll futuro dei magazine? Già oggi il solo fatto di esistere, li rende delle opere d’arte» Maurizio Cattelan" />
<meta property="og:url" content="https://www.guerini.it/index.php/prodotto/comunicare-meno-comunicare-meglio/" />
<meta property="og:site_name" content="Guerini e Associati" />
<meta property="article:modified_time" content="2024-06-12T12:38:57+00:00" />
<meta property="og:image" content="https://www.guerini.it/wp-content/uploads/2017/09/comunicare_meno_comunicare_meglio_sito.jpg" />
	<meta property="og:image:width" content="235" />
	<meta property="og:image:height" content="353" />
	<meta property="og:image:type" content="image/jpeg" />
<meta name="twitter:card" content="summary_large_image" />
<meta name="twitter:label1" content="Tempo di lettura stimato" />
	<meta name="twitter:data1" content="2 minuti" />
<!-- / Yoast SEO plugin. -->

La comunicazione è sempre più circolare, i contenuti e i contenitori si moltiplicano. Noi siamo meno concentrati a causa dall’abbondanza delle informazioni gratuite e sempre disponibili, e più indaffarati nella corsa al controllo del nostro tempo. «Comunicare meno, Comunicare meglio» prova a fare ordine nel mondo della Comunicazione 4.0.  «La comunicazione dovrebbe essere un’orchestra nella quale tutti sono professori del proprio strumento, altrimenti diventa una cacofonia insopportabile nella quale non riesci più a riconoscere ciò che è vero da ciò che è falso, ciò che è effimero da ciò che è sostanziale» Ferruccio De Bortoli  «A prescindere dal mondo del web, ho cercato di avere una mia lingua già negli anni ’80: non per estetismo, dandismo, o per essere diverso a tutti i costi, ma perché sentivo che la letteratura che piaceva a me era quella che mi creava degli universi discontinui rispetto alla realtà» Michele Mari «ll futuro dei magazine? Già oggi il solo fatto di esistere, li rende delle opere d’arte» Maurizio Cattelan

30 anni di libri, idee e libertà
