{"id":16010,"date":"2017-10-19T08:05:43","date_gmt":"2017-10-19T06:05:43","guid":{"rendered":"https:\/\/test.guerini.it\/?product=il-sapore-del-successo"},"modified":"2024-06-12T14:38:35","modified_gmt":"2024-06-12T12:38:35","slug":"il-sapore-del-successo","status":"publish","type":"product","link":"https:\/\/www.guerini.it\/index.php\/prodotto\/il-sapore-del-successo\/","title":{"rendered":"Il sapore del successo"},"content":{"rendered":"<p>\u00abSvegliarsi la mattina, coricarsi la sera e nel frattempo fare ci\u00f2 che si ama &#8211; questo \u00e8 il vero successo.<br \/>\nCredo sia impossibile raggiungere grandi risultati dall&#8217;oggi al domani o la prosperit\u00e0 finanziaria senza avere uno scopo pi\u00f9 ampio.<br \/>\nI grandi chef, come del resto i grandi artisti, costruiscono le loro storie di successo con passione, umilt\u00e0 e tanto lavoro. Quasi sempre sognano di riuscire a esprimersi al massimo e di lasciare un segno nel mondo.<br \/>\nQuesto libro \u00e8 una raccolta di storie che parlano di forza interiore, momenti felici e tristi, trionfi e paure, dubbi, avversit\u00e0, spossatezza fisica e mentale.<br \/>\nCi\u00f2 che unisce questi chef \u00e8 la straordinaria passione per la cucina. Una passione che si manifesta nella frenesia dei preparativi di una cena, nella piacevole sensazione che si prova nel servire gli altri, nel guizzo di genialit\u00e0 che trae ispirazione da arte, musica, viaggi.\u00bb<\/p>\n<p style=\"text-align: right;\"><strong>Massimo Bottura<\/strong><\/p>\n","protected":false},"excerpt":{"rendered":"<p>\u00abSvegliarsi la mattina, coricarsi la sera e nel frattempo fare ci\u00f2 che si ama &#8211; questo \u00e8 il vero successo.<br \/>\nCredo sia impossibile raggiungere grandi risultati dall&#8217;oggi al domani o la prosperit\u00e0 finanziaria senza avere uno scopo pi\u00f9 ampio.<br \/>\nI grandi chef, come del resto i grandi artisti, costruiscono le loro storie di successo con passione, umilt\u00e0 e tanto lavoro. Quasi sempre sognano di riuscire a esprimersi al massimo e di lasciare un segno nel mondo.<br \/>\nQuesto libro \u00e8 una raccolta di storie che parlano di forza interiore, momenti felici e tristi, trionfi e paure, dubbi, avversit\u00e0, spossatezza fisica e mentale.<br \/>\nCi\u00f2 che unisce questi chef \u00e8 la straordinaria passione per la cucina. Una passione che si manifesta nella frenesia dei preparativi di una cena, nella piacevole sensazione che si prova nel servire gli altri, nel guizzo di genialit\u00e0 che trae ispirazione da arte, musica, viaggi.\u00bb<\/p>\n<p>Massimo Bottura<\/p>\n","protected":false},"featured_media":16009,"template":"","meta":{"_editorskit_title_hidden":false,"_editorskit_reading_time":0,"_editorskit_is_block_options_detached":false,"_editorskit_block_options_position":"{}","_monsterinsights_skip_tracking":false,"_monsterinsights_sitenote_active":false,"_monsterinsights_sitenote_note":"","_monsterinsights_sitenote_category":0},"product_brand":[],"product_cat":[6805,6529],"product_tag":[],"class_list":{"0":"post-16010","1":"product","2":"type-product","3":"status-publish","4":"has-post-thumbnail","6":"product_cat-guerini-next","7":"product_cat-economia-e-management","8":"pa_guerini_link_amazon-74-httpswwwamazonitdpb0779g25","9":"pa_guerini_link_apple_ibook-37-httpsitunesapplecomitbooki","10":"pa_guerini_link_giunti_punto-9f-httpswwwgiuntialpuntoitpro","11":"pa_guerini_link_google_play-cd-httpsplaygooglecomstoreboo","12":"pa_guerini_link_ibs-https-www-ibs-it-sapore-del-successo-come-grandi-ebook-arina-nikitina-e-9788868961893","13":"pa_guerini_link_kobo-13-httpswwwkobocomititebookil","14":"pa_guerini_link_lafeltrinelli-12-httpswwwlafeltrinelliitebo","15":"pa_guerini_link_mondadori-a2-httpwwwmondadoristoreitsap","17":"first","18":"instock","19":"sale","20":"shipping-taxable","21":"purchasable","22":"product-type-simple"},"yoast_head":"<!-- This site is optimized with the Yoast SEO plugin v25.4 - https:\/\/yoast.com\/wordpress\/plugins\/seo\/ -->\n<title>Il sapore del successo - Guerini e Associati<\/title>\n<meta name=\"robots\" content=\"index, follow, max-snippet:-1, max-image-preview:large, max-video-preview:-1\" \/>\n<link rel=\"canonical\" href=\"https:\/\/www.guerini.it\/index.php\/prodotto\/il-sapore-del-successo\/\" \/>\n<meta property=\"og:locale\" content=\"it_IT\" \/>\n<meta property=\"og:type\" content=\"article\" \/>\n<meta property=\"og:title\" content=\"Il sapore del successo - Guerini e Associati\" \/>\n<meta property=\"og:description\" content=\"\u00abSvegliarsi la mattina, coricarsi la sera e nel frattempo fare ci\u00f2 che si ama - questo \u00e8 il vero successo. Credo sia impossibile raggiungere grandi risultati dall&#039;oggi al domani o la prosperit\u00e0 finanziaria senza avere uno scopo pi\u00f9 ampio. I grandi chef, come del resto i grandi artisti, costruiscono le loro storie di successo con passione, umilt\u00e0 e tanto lavoro. Quasi sempre sognano di riuscire a esprimersi al massimo e di lasciare un segno nel mondo. Questo libro \u00e8 una raccolta di storie che parlano di forza interiore, momenti felici e tristi, trionfi e paure, dubbi, avversit\u00e0, spossatezza fisica e mentale. Ci\u00f2 che unisce questi chef \u00e8 la straordinaria passione per la cucina. Una passione che si manifesta nella frenesia dei preparativi di una cena, nella piacevole sensazione che si prova nel servire gli altri, nel guizzo di genialit\u00e0 che trae ispirazione da arte, musica, viaggi.\u00bb  Massimo Bottura\" \/>\n<meta property=\"og:url\" content=\"https:\/\/www.guerini.it\/index.php\/prodotto\/il-sapore-del-successo\/\" \/>\n<meta property=\"og:site_name\" content=\"Guerini e Associati\" \/>\n<meta property=\"article:modified_time\" content=\"2024-06-12T12:38:35+00:00\" \/>\n<meta property=\"og:image\" content=\"https:\/\/www.guerini.it\/wp-content\/uploads\/2017\/10\/sapore_del_successo_sito_2.jpg\" \/>\n\t<meta property=\"og:image:width\" content=\"240\" \/>\n\t<meta property=\"og:image:height\" content=\"259\" \/>\n\t<meta property=\"og:image:type\" content=\"image\/jpeg\" \/>\n<meta name=\"twitter:card\" content=\"summary_large_image\" \/>\n<meta name=\"twitter:label1\" content=\"Tempo di lettura stimato\" \/>\n\t<meta name=\"twitter:data1\" content=\"1 minuto\" \/>\n<!-- \/ Yoast SEO plugin. -->","yoast_head_json":{"title":"Il sapore del successo - Guerini e Associati","robots":{"index":"index","follow":"follow","max-snippet":"max-snippet:-1","max-image-preview":"max-image-preview:large","max-video-preview":"max-video-preview:-1"},"canonical":"https:\/\/www.guerini.it\/index.php\/prodotto\/il-sapore-del-successo\/","og_locale":"it_IT","og_type":"article","og_title":"Il sapore del successo - Guerini e Associati","og_description":"\u00abSvegliarsi la mattina, coricarsi la sera e nel frattempo fare ci\u00f2 che si ama - questo \u00e8 il vero successo. Credo sia impossibile raggiungere grandi risultati dall'oggi al domani o la prosperit\u00e0 finanziaria senza avere uno scopo pi\u00f9 ampio. I grandi chef, come del resto i grandi artisti, costruiscono le loro storie di successo con passione, umilt\u00e0 e tanto lavoro. Quasi sempre sognano di riuscire a esprimersi al massimo e di lasciare un segno nel mondo. Questo libro \u00e8 una raccolta di storie che parlano di forza interiore, momenti felici e tristi, trionfi e paure, dubbi, avversit\u00e0, spossatezza fisica e mentale. Ci\u00f2 che unisce questi chef \u00e8 la straordinaria passione per la cucina. Una passione che si manifesta nella frenesia dei preparativi di una cena, nella piacevole sensazione che si prova nel servire gli altri, nel guizzo di genialit\u00e0 che trae ispirazione da arte, musica, viaggi.\u00bb  Massimo Bottura","og_url":"https:\/\/www.guerini.it\/index.php\/prodotto\/il-sapore-del-successo\/","og_site_name":"Guerini e Associati","article_modified_time":"2024-06-12T12:38:35+00:00","og_image":[{"width":240,"height":259,"url":"https:\/\/www.guerini.it\/wp-content\/uploads\/2017\/10\/sapore_del_successo_sito_2.jpg","type":"image\/jpeg"}],"twitter_card":"summary_large_image","twitter_misc":{"Tempo di lettura stimato":"1 minuto"},"schema":{"@context":"https:\/\/schema.org","@graph":[{"@type":"WebPage","@id":"https:\/\/www.guerini.it\/index.php\/prodotto\/il-sapore-del-successo\/","url":"https:\/\/www.guerini.it\/index.php\/prodotto\/il-sapore-del-successo\/","name":"Il sapore del successo - Guerini e Associati","isPartOf":{"@id":"https:\/\/www.guerini.it\/#website"},"primaryImageOfPage":{"@id":"https:\/\/www.guerini.it\/index.php\/prodotto\/il-sapore-del-successo\/#primaryimage"},"image":{"@id":"https:\/\/www.guerini.it\/index.php\/prodotto\/il-sapore-del-successo\/#primaryimage"},"thumbnailUrl":"https:\/\/www.guerini.it\/wp-content\/uploads\/2017\/10\/sapore_del_successo_sito_2.jpg","datePublished":"2017-10-19T06:05:43+00:00","dateModified":"2024-06-12T12:38:35+00:00","breadcrumb":{"@id":"https:\/\/www.guerini.it\/index.php\/prodotto\/il-sapore-del-successo\/#breadcrumb"},"inLanguage":"it-IT","potentialAction":[{"@type":"ReadAction","target":["https:\/\/www.guerini.it\/index.php\/prodotto\/il-sapore-del-successo\/"]}]},{"@type":"ImageObject","inLanguage":"it-IT","@id":"https:\/\/www.guerini.it\/index.php\/prodotto\/il-sapore-del-successo\/#primaryimage","url":"https:\/\/www.guerini.it\/wp-content\/uploads\/2017\/10\/sapore_del_successo_sito_2.jpg","contentUrl":"https:\/\/www.guerini.it\/wp-content\/uploads\/2017\/10\/sapore_del_successo_sito_2.jpg","width":240,"height":259,"caption":"Sapore del successo"},{"@type":"BreadcrumbList","@id":"https:\/\/www.guerini.it\/index.php\/prodotto\/il-sapore-del-successo\/#breadcrumb","itemListElement":[{"@type":"ListItem","position":1,"name":"Home","item":"https:\/\/www.guerini.it\/"},{"@type":"ListItem","position":2,"name":"Catalogo","item":"https:\/\/www.guerini.it\/index.php\/negozio\/"},{"@type":"ListItem","position":3,"name":"Il sapore del successo"}]},{"@type":"WebSite","@id":"https:\/\/www.guerini.it\/#website","url":"https:\/\/www.guerini.it\/","name":"Guerini e Associati","description":"30 anni di libri, idee e libert\u00e0","publisher":{"@id":"https:\/\/www.guerini.it\/#organization"},"potentialAction":[{"@type":"SearchAction","target":{"@type":"EntryPoint","urlTemplate":"https:\/\/www.guerini.it\/?s={search_term_string}"},"query-input":{"@type":"PropertyValueSpecification","valueRequired":true,"valueName":"search_term_string"}}],"inLanguage":"it-IT"},{"@type":"Organization","@id":"https:\/\/www.guerini.it\/#organization","name":"Guerini e Associati","url":"https:\/\/www.guerini.it\/","logo":{"@type":"ImageObject","inLanguage":"it-IT","@id":"https:\/\/www.guerini.it\/#\/schema\/logo\/image\/","url":"https:\/\/www.guerini.it\/wp-content\/uploads\/2021\/03\/Logo-Guerini-OK_-e1615831292285.png","contentUrl":"https:\/\/www.guerini.it\/wp-content\/uploads\/2021\/03\/Logo-Guerini-OK_-e1615831292285.png","width":2805,"height":1870,"caption":"Guerini e Associati"},"image":{"@id":"https:\/\/www.guerini.it\/#\/schema\/logo\/image\/"}}]}},"_links":{"self":[{"href":"https:\/\/www.guerini.it\/index.php\/wp-json\/wp\/v2\/product\/16010","targetHints":{"allow":["GET"]}}],"collection":[{"href":"https:\/\/www.guerini.it\/index.php\/wp-json\/wp\/v2\/product"}],"about":[{"href":"https:\/\/www.guerini.it\/index.php\/wp-json\/wp\/v2\/types\/product"}],"wp:featuredmedia":[{"embeddable":true,"href":"https:\/\/www.guerini.it\/index.php\/wp-json\/wp\/v2\/media\/16009"}],"wp:attachment":[{"href":"https:\/\/www.guerini.it\/index.php\/wp-json\/wp\/v2\/media?parent=16010"}],"wp:term":[{"taxonomy":"product_brand","embeddable":true,"href":"https:\/\/www.guerini.it\/index.php\/wp-json\/wp\/v2\/product_brand?post=16010"},{"taxonomy":"product_cat","embeddable":true,"href":"https:\/\/www.guerini.it\/index.php\/wp-json\/wp\/v2\/product_cat?post=16010"},{"taxonomy":"product_tag","embeddable":true,"href":"https:\/\/www.guerini.it\/index.php\/wp-json\/wp\/v2\/product_tag?post=16010"}],"curies":[{"name":"wp","href":"https:\/\/api.w.org\/{rel}","templated":true}]}}