{"id":16012,"date":"2017-10-19T08:11:36","date_gmt":"2017-10-19T06:11:36","guid":{"rendered":"https:\/\/test.guerini.it\/?product=metabolismo-e-regionalizzazione-dell-urbano"},"modified":"2024-06-12T14:41:08","modified_gmt":"2024-06-12T12:41:08","slug":"metabolismo-e-regionalizzazione-dell-urbano","status":"publish","type":"product","link":"https:\/\/www.guerini.it\/index.php\/prodotto\/metabolismo-e-regionalizzazione-dell-urbano\/","title":{"rendered":"Metabolismo e regionalizzazione dell&#8217;urbano"},"content":{"rendered":"<p style=\"text-align: justify;\">Il concetto di <em>metabolismo urbano<\/em>, proposto da Wolman a met&agrave; degli anni Sessanta, &egrave; oggi al centro di un dibattito multidisciplinare. Da un lato esso invita a cogliere il carattere circolatorio, interconnesso, transcalare dei flussi di produzione e scambio di materia ed energia, dall&rsquo;altro contribuisce a ragionare sugli effetti sociali di questa condizione e sulla rilevanza nell&rsquo;organizzazione dello spazio urbano. Il volume, esito delle attivit&agrave; dell&rsquo;unit&agrave; di ricerca del Politecnico di Milano nell&rsquo;ambito del progetto prin Postmetropoli, indaga alcuni degli epifenomeni della regionalizzazione dell&rsquo;urbano nel contesto milanese: dispersione urbana, mobilit&agrave; individuale esplosa, consumo di suolo, frammentazione istituzionale, volatilit&agrave; politica &#8211; ma anche nuovi stili di vita e pratiche sociali &#8211; ai fini della produzione di un nuovo e pi&ugrave; sostenibile metabolismo urbano.<\/p>\n","protected":false},"excerpt":{"rendered":"<p>Il concetto di metabolismo urbano, proposto da Wolman a met\u00e0 degli anni Sessanta, \u00e8 oggi al centro di un dibattito multidisciplinare. Da un lato esso invita a cogliere il carattere circolatorio, interconnesso, transcalare dei flussi di produzione e scambio di materia ed energia, dall\u2019altro contribuisce a ragionare sugli effetti sociali di questa condizione e sulla rilevanza nell\u2019organizzazione dello spazio urbano. Il volume, esito delle attivit\u00e0 dell\u2019unit\u00e0 di ricerca del Politecnico di Milano nell\u2019ambito del progetto prin Postmetropoli, indaga alcuni degli epifenomeni della regionalizzazione dell\u2019urbano nel contesto milanese: dispersione urbana, mobilit\u00e0 individuale esplosa, consumo di suolo, frammentazione istituzionale, volatilit\u00e0 politica &#8211; ma anche nuovi stili di vita e pratiche sociali &#8211; ai fini della produzione di un nuovo e pi\u00f9 sostenibile metabolismo urbano.<\/p>\n","protected":false},"featured_media":16011,"template":"","meta":{"_editorskit_title_hidden":false,"_editorskit_reading_time":0,"_editorskit_is_block_options_detached":false,"_editorskit_block_options_position":"{}","_monsterinsights_skip_tracking":false,"_monsterinsights_sitenote_active":false,"_monsterinsights_sitenote_note":"","_monsterinsights_sitenote_category":0},"product_brand":[],"product_cat":[6526,6600],"product_tag":[],"class_list":{"0":"post-16012","1":"product","2":"type-product","3":"status-publish","4":"has-post-thumbnail","6":"product_cat-arte-architettura-e-giardini","7":"product_cat-futurodellecitta","8":"pa_guerini_link_amazon-6e-httpswwwamazonitmetabolism","9":"pa_guerini_link_apple_ibook-6e-httpswwwamazonitmetabolism","10":"pa_guerini_link_giunti_punto-c1-httpswwwgiuntialpuntoitpro","11":"pa_guerini_link_google_play-9c-httpsplaygooglecomstoreboo","13":"first","14":"instock","15":"sale","16":"shipping-taxable","17":"purchasable","18":"product-type-simple"},"yoast_head":"<!-- This site is optimized with the Yoast SEO plugin v25.4 - https:\/\/yoast.com\/wordpress\/plugins\/seo\/ -->\n<title>Metabolismo e regionalizzazione dell&#039;urbano - Guerini e Associati<\/title>\n<meta name=\"robots\" content=\"index, follow, max-snippet:-1, max-image-preview:large, max-video-preview:-1\" \/>\n<link rel=\"canonical\" href=\"https:\/\/www.guerini.it\/index.php\/prodotto\/metabolismo-e-regionalizzazione-dell-urbano\/\" \/>\n<meta property=\"og:locale\" content=\"it_IT\" \/>\n<meta property=\"og:type\" content=\"article\" \/>\n<meta property=\"og:title\" content=\"Metabolismo e regionalizzazione dell&#039;urbano - Guerini e Associati\" \/>\n<meta property=\"og:description\" content=\"Il concetto di metabolismo urbano, proposto da Wolman a met\u00e0 degli anni Sessanta, \u00e8 oggi al centro di un dibattito multidisciplinare. Da un lato esso invita a cogliere il carattere circolatorio, interconnesso, transcalare dei flussi di produzione e scambio di materia ed energia, dall\u2019altro contribuisce a ragionare sugli effetti sociali di questa condizione e sulla rilevanza nell\u2019organizzazione dello spazio urbano. Il volume, esito delle attivit\u00e0 dell\u2019unit\u00e0 di ricerca del Politecnico di Milano nell\u2019ambito del progetto prin Postmetropoli, indaga alcuni degli epifenomeni della regionalizzazione dell\u2019urbano nel contesto milanese: dispersione urbana, mobilit\u00e0 individuale esplosa, consumo di suolo, frammentazione istituzionale, volatilit\u00e0 politica - ma anche nuovi stili di vita e pratiche sociali - ai fini della produzione di un nuovo e pi\u00f9 sostenibile metabolismo urbano.\" \/>\n<meta property=\"og:url\" content=\"https:\/\/www.guerini.it\/index.php\/prodotto\/metabolismo-e-regionalizzazione-dell-urbano\/\" \/>\n<meta property=\"og:site_name\" content=\"Guerini e Associati\" \/>\n<meta property=\"article:modified_time\" content=\"2024-06-12T12:41:08+00:00\" \/>\n<meta property=\"og:image\" content=\"https:\/\/www.guerini.it\/wp-content\/uploads\/2017\/10\/metabolismo_e_regionalizzazione_sito.jpg\" \/>\n\t<meta property=\"og:image:width\" content=\"235\" \/>\n\t<meta property=\"og:image:height\" content=\"353\" \/>\n\t<meta property=\"og:image:type\" content=\"image\/jpeg\" \/>\n<meta name=\"twitter:card\" content=\"summary_large_image\" \/>\n<meta name=\"twitter:label1\" content=\"Tempo di lettura stimato\" \/>\n\t<meta name=\"twitter:data1\" content=\"1 minuto\" \/>\n<!-- \/ Yoast SEO plugin. -->","yoast_head_json":{"title":"Metabolismo e regionalizzazione dell'urbano - Guerini e Associati","robots":{"index":"index","follow":"follow","max-snippet":"max-snippet:-1","max-image-preview":"max-image-preview:large","max-video-preview":"max-video-preview:-1"},"canonical":"https:\/\/www.guerini.it\/index.php\/prodotto\/metabolismo-e-regionalizzazione-dell-urbano\/","og_locale":"it_IT","og_type":"article","og_title":"Metabolismo e regionalizzazione dell'urbano - Guerini e Associati","og_description":"Il concetto di metabolismo urbano, proposto da Wolman a met\u00e0 degli anni Sessanta, \u00e8 oggi al centro di un dibattito multidisciplinare. Da un lato esso invita a cogliere il carattere circolatorio, interconnesso, transcalare dei flussi di produzione e scambio di materia ed energia, dall\u2019altro contribuisce a ragionare sugli effetti sociali di questa condizione e sulla rilevanza nell\u2019organizzazione dello spazio urbano. Il volume, esito delle attivit\u00e0 dell\u2019unit\u00e0 di ricerca del Politecnico di Milano nell\u2019ambito del progetto prin Postmetropoli, indaga alcuni degli epifenomeni della regionalizzazione dell\u2019urbano nel contesto milanese: dispersione urbana, mobilit\u00e0 individuale esplosa, consumo di suolo, frammentazione istituzionale, volatilit\u00e0 politica - ma anche nuovi stili di vita e pratiche sociali - ai fini della produzione di un nuovo e pi\u00f9 sostenibile metabolismo urbano.","og_url":"https:\/\/www.guerini.it\/index.php\/prodotto\/metabolismo-e-regionalizzazione-dell-urbano\/","og_site_name":"Guerini e Associati","article_modified_time":"2024-06-12T12:41:08+00:00","og_image":[{"width":235,"height":353,"url":"https:\/\/www.guerini.it\/wp-content\/uploads\/2017\/10\/metabolismo_e_regionalizzazione_sito.jpg","type":"image\/jpeg"}],"twitter_card":"summary_large_image","twitter_misc":{"Tempo di lettura stimato":"1 minuto"},"schema":{"@context":"https:\/\/schema.org","@graph":[{"@type":"WebPage","@id":"https:\/\/www.guerini.it\/index.php\/prodotto\/metabolismo-e-regionalizzazione-dell-urbano\/","url":"https:\/\/www.guerini.it\/index.php\/prodotto\/metabolismo-e-regionalizzazione-dell-urbano\/","name":"Metabolismo e regionalizzazione dell'urbano - Guerini e Associati","isPartOf":{"@id":"https:\/\/www.guerini.it\/#website"},"primaryImageOfPage":{"@id":"https:\/\/www.guerini.it\/index.php\/prodotto\/metabolismo-e-regionalizzazione-dell-urbano\/#primaryimage"},"image":{"@id":"https:\/\/www.guerini.it\/index.php\/prodotto\/metabolismo-e-regionalizzazione-dell-urbano\/#primaryimage"},"thumbnailUrl":"https:\/\/www.guerini.it\/wp-content\/uploads\/2017\/10\/metabolismo_e_regionalizzazione_sito.jpg","datePublished":"2017-10-19T06:11:36+00:00","dateModified":"2024-06-12T12:41:08+00:00","breadcrumb":{"@id":"https:\/\/www.guerini.it\/index.php\/prodotto\/metabolismo-e-regionalizzazione-dell-urbano\/#breadcrumb"},"inLanguage":"it-IT","potentialAction":[{"@type":"ReadAction","target":["https:\/\/www.guerini.it\/index.php\/prodotto\/metabolismo-e-regionalizzazione-dell-urbano\/"]}]},{"@type":"ImageObject","inLanguage":"it-IT","@id":"https:\/\/www.guerini.it\/index.php\/prodotto\/metabolismo-e-regionalizzazione-dell-urbano\/#primaryimage","url":"https:\/\/www.guerini.it\/wp-content\/uploads\/2017\/10\/metabolismo_e_regionalizzazione_sito.jpg","contentUrl":"https:\/\/www.guerini.it\/wp-content\/uploads\/2017\/10\/metabolismo_e_regionalizzazione_sito.jpg","width":235,"height":353,"caption":"Metabolismo e regionalizzazione"},{"@type":"BreadcrumbList","@id":"https:\/\/www.guerini.it\/index.php\/prodotto\/metabolismo-e-regionalizzazione-dell-urbano\/#breadcrumb","itemListElement":[{"@type":"ListItem","position":1,"name":"Home","item":"https:\/\/www.guerini.it\/"},{"@type":"ListItem","position":2,"name":"Catalogo","item":"https:\/\/www.guerini.it\/index.php\/negozio\/"},{"@type":"ListItem","position":3,"name":"Metabolismo e regionalizzazione dell&#8217;urbano"}]},{"@type":"WebSite","@id":"https:\/\/www.guerini.it\/#website","url":"https:\/\/www.guerini.it\/","name":"Guerini e Associati","description":"30 anni di libri, idee e libert\u00e0","publisher":{"@id":"https:\/\/www.guerini.it\/#organization"},"potentialAction":[{"@type":"SearchAction","target":{"@type":"EntryPoint","urlTemplate":"https:\/\/www.guerini.it\/?s={search_term_string}"},"query-input":{"@type":"PropertyValueSpecification","valueRequired":true,"valueName":"search_term_string"}}],"inLanguage":"it-IT"},{"@type":"Organization","@id":"https:\/\/www.guerini.it\/#organization","name":"Guerini e Associati","url":"https:\/\/www.guerini.it\/","logo":{"@type":"ImageObject","inLanguage":"it-IT","@id":"https:\/\/www.guerini.it\/#\/schema\/logo\/image\/","url":"https:\/\/www.guerini.it\/wp-content\/uploads\/2021\/03\/Logo-Guerini-OK_-e1615831292285.png","contentUrl":"https:\/\/www.guerini.it\/wp-content\/uploads\/2021\/03\/Logo-Guerini-OK_-e1615831292285.png","width":2805,"height":1870,"caption":"Guerini e Associati"},"image":{"@id":"https:\/\/www.guerini.it\/#\/schema\/logo\/image\/"}}]}},"_links":{"self":[{"href":"https:\/\/www.guerini.it\/index.php\/wp-json\/wp\/v2\/product\/16012","targetHints":{"allow":["GET"]}}],"collection":[{"href":"https:\/\/www.guerini.it\/index.php\/wp-json\/wp\/v2\/product"}],"about":[{"href":"https:\/\/www.guerini.it\/index.php\/wp-json\/wp\/v2\/types\/product"}],"wp:featuredmedia":[{"embeddable":true,"href":"https:\/\/www.guerini.it\/index.php\/wp-json\/wp\/v2\/media\/16011"}],"wp:attachment":[{"href":"https:\/\/www.guerini.it\/index.php\/wp-json\/wp\/v2\/media?parent=16012"}],"wp:term":[{"taxonomy":"product_brand","embeddable":true,"href":"https:\/\/www.guerini.it\/index.php\/wp-json\/wp\/v2\/product_brand?post=16012"},{"taxonomy":"product_cat","embeddable":true,"href":"https:\/\/www.guerini.it\/index.php\/wp-json\/wp\/v2\/product_cat?post=16012"},{"taxonomy":"product_tag","embeddable":true,"href":"https:\/\/www.guerini.it\/index.php\/wp-json\/wp\/v2\/product_tag?post=16012"}],"curies":[{"name":"wp","href":"https:\/\/api.w.org\/{rel}","templated":true}]}}

<p>Il concetto di metabolismo urbano, proposto da Wolman a metà degli anni Sessanta, è oggi al centro di un dibattito multidisciplinare. Da un lato esso invita a cogliere il carattere circolatorio, interconnesso, transcalare dei flussi di produzione e scambio di materia ed energia, dall’altro contribuisce a ragionare sugli effetti sociali di questa condizione e sulla rilevanza nell’organizzazione dello spazio urbano. Il volume, esito delle attività dell’unità di ricerca del Politecnico di Milano nell’ambito del progetto prin Postmetropoli, indaga alcuni degli epifenomeni della regionalizzazione dell’urbano nel contesto milanese: dispersione urbana, mobilità individuale esplosa, consumo di suolo, frammentazione istituzionale, volatilità politica &#8211; ma anche nuovi stili di vita e pratiche sociali &#8211; ai fini della produzione di un nuovo e più sostenibile metabolismo urbano.</p>

<!-- This site is optimized with the Yoast SEO plugin v25.4 - https://yoast.com/wordpress/plugins/seo/ -->
<title>Metabolismo e regionalizzazione dell&#039;urbano - Guerini e Associati</title>
<meta name="robots" content="index, follow, max-snippet:-1, max-image-preview:large, max-video-preview:-1" />
<link rel="canonical" href="https://www.guerini.it/index.php/prodotto/metabolismo-e-regionalizzazione-dell-urbano/" />
<meta property="og:locale" content="it_IT" />
<meta property="og:type" content="article" />
<meta property="og:title" content="Metabolismo e regionalizzazione dell&#039;urbano - Guerini e Associati" />
<meta property="og:description" content="Il concetto di metabolismo urbano, proposto da Wolman a metà degli anni Sessanta, è oggi al centro di un dibattito multidisciplinare. Da un lato esso invita a cogliere il carattere circolatorio, interconnesso, transcalare dei flussi di produzione e scambio di materia ed energia, dall’altro contribuisce a ragionare sugli effetti sociali di questa condizione e sulla rilevanza nell’organizzazione dello spazio urbano. Il volume, esito delle attività dell’unità di ricerca del Politecnico di Milano nell’ambito del progetto prin Postmetropoli, indaga alcuni degli epifenomeni della regionalizzazione dell’urbano nel contesto milanese: dispersione urbana, mobilità individuale esplosa, consumo di suolo, frammentazione istituzionale, volatilità politica - ma anche nuovi stili di vita e pratiche sociali - ai fini della produzione di un nuovo e più sostenibile metabolismo urbano." />
<meta property="og:url" content="https://www.guerini.it/index.php/prodotto/metabolismo-e-regionalizzazione-dell-urbano/" />
<meta property="og:site_name" content="Guerini e Associati" />
<meta property="article:modified_time" content="2024-06-12T12:41:08+00:00" />
<meta property="og:image" content="https://www.guerini.it/wp-content/uploads/2017/10/metabolismo_e_regionalizzazione_sito.jpg" />
	<meta property="og:image:width" content="235" />
	<meta property="og:image:height" content="353" />
	<meta property="og:image:type" content="image/jpeg" />
<meta name="twitter:card" content="summary_large_image" />
<meta name="twitter:label1" content="Tempo di lettura stimato" />
	<meta name="twitter:data1" content="1 minuto" />
<!-- / Yoast SEO plugin. -->

Il concetto di metabolismo urbano, proposto da Wolman a metà degli anni Sessanta, è oggi al centro di un dibattito multidisciplinare. Da un lato esso invita a cogliere il carattere circolatorio, interconnesso, transcalare dei flussi di produzione e scambio di materia ed energia, dall’altro contribuisce a ragionare sugli effetti sociali di questa condizione e sulla rilevanza nell’organizzazione dello spazio urbano. Il volume, esito delle attività dell’unità di ricerca del Politecnico di Milano nell’ambito del progetto prin Postmetropoli, indaga alcuni degli epifenomeni della regionalizzazione dell’urbano nel contesto milanese: dispersione urbana, mobilità individuale esplosa, consumo di suolo, frammentazione istituzionale, volatilità politica - ma anche nuovi stili di vita e pratiche sociali - ai fini della produzione di un nuovo e più sostenibile metabolismo urbano.

30 anni di libri, idee e libertà
