{"id":16035,"date":"2017-11-10T13:10:43","date_gmt":"2017-11-10T12:10:43","guid":{"rendered":"https:\/\/test.guerini.it\/?product=non-posso-non-farmi-vivo"},"modified":"2024-06-12T14:38:58","modified_gmt":"2024-06-12T12:38:58","slug":"non-posso-non-farmi-vivo","status":"publish","type":"product","link":"https:\/\/www.guerini.it\/index.php\/prodotto\/non-posso-non-farmi-vivo\/","title":{"rendered":"Non posso non farmi vivo"},"content":{"rendered":"<p style=\"text-align: justify;\">La formazione \u00e8 un\u2019attivit\u00e0 pi\u00f9 agita che nota. Il protagonista di questo racconto \u00e8 un formatore: il suo mestiere \u00e8 aiutare le persone e le organizzazioni a cambiare anche se, personalmente, rinuncia a cambiare se stesso rifuggendo dall\u2019amore e consegnandosi sempre pi\u00f9 al suo passato e ad una solitudine sempre meno sopportabile. Ricordi personali, frammisti di incontri, speranze e paure si intrecciano con gli eventi professionali dentro la cronaca di due giornate di ordinario lavoro di un formatore in una piccola e tranquilla citt\u00e0 del nord del nostro Paese.<\/p>\n<hr \/>\n<p style=\"text-align: justify;\"><strong>Giuseppe Varchetta<\/strong>, psicosocioanalista e past-President di Ariele, ha operato a lungo nell\u2019area della Formazione, dello Sviluppo Organizzativo e della Gestione e Sviluppo del Personale in un\u2019azienda multinazionale. Ha insegnato presso l\u2019Universit\u00e0 Bicocca di Milano e opera ora come Consulente Direzionale. \u00c8 autore di numerosi volumi sulle tematiche della Formazione e dello Sviluppo Organizzativo e collabora nella redazione della rivista semestrale <em>Educazione sentimentale<\/em>. Per le nostre edizioni ha recentemente pubblicato <a href=\"https:\/\/www.guerini.it\/index.php\/prodotto\/l-ambiguita-organizzativa\/\"><em>L\u2019ambiguit\u00e0 organizzativa<\/em><\/a> (2007) e <a href=\"https:\/\/www.guerini.it\/index.php\/prodotto\/trame-di-bellezza\/\"><em>Trame di bellezza<\/em><\/a> (2011). Con Dario Forti e Franco Natili ha scritto il volume <a href=\"https:\/\/www.guerini.it\/index.php\/prodotto\/il-soggetto-incompiuto\/\"><em>Il soggetto incompiuto. Psicosocioanalisi del presente di prossima uscita presso i nostri tipi<\/em><\/a>.<\/p>\n","protected":false},"excerpt":{"rendered":"<p>La formazione \u00e8 un\u2019attivit\u00e0 pi\u00f9 agita che nota. Il protagonista di questo racconto \u00e8 un formatore: il suo mestiere \u00e8 aiutare le persone e le organizzazioni a cambiare anche se, personalmente, rinuncia a cambiare se stesso rifuggendo dall\u2019amore e consegnandosi sempre pi\u00f9 al suo passato e ad una solitudine sempre meno sopportabile. Ricordi personali, frammisti di incontri, speranze e paure si intrecciano con gli eventi professionali dentro la cronaca di due giornate di ordinario lavoro di un formatore in una piccola e tranquilla citt\u00e0 del nord del nostro Paese.<\/p>\n","protected":false},"featured_media":23250,"template":"","meta":{"_editorskit_title_hidden":false,"_editorskit_reading_time":0,"_editorskit_is_block_options_detached":false,"_editorskit_block_options_position":"{}","_monsterinsights_skip_tracking":false,"_monsterinsights_sitenote_active":false,"_monsterinsights_sitenote_note":"","_monsterinsights_sitenote_category":0},"product_brand":[],"product_cat":[6805,6529,6665],"product_tag":[],"class_list":{"0":"post-16035","1":"product","2":"type-product","3":"status-publish","4":"has-post-thumbnail","6":"product_cat-guerini-next","7":"product_cat-economia-e-management","8":"product_cat-nf","9":"pa_guerini_amazon_link-https-www-amazon-it-posso-piccole-cronache-smarrite-formatore-dp-8868961687","10":"pa_guerini_feltrinelli_link-https-www-lafeltrinelli-it-non-posso-non-farmi-vivo-libro-giuseppe-varchetta-e-9788868961688","11":"pa_guerini_ibs_link-https-www-ibs-it-non-posso-non-farmi-vivo-libro-giuseppe-varchetta-e-9788868961688","12":"pa_guerini_libruniver_link-https-www-libreriauniversitaria-it-non-posso-non-farmi-vivo-libro-9788868961688","13":"pa_guerini_mondadori_link-https-www-mondadoristore-it-non-posso-non-farmi-vivo-giuseppe-varchetta-eai978886896168","15":"first","16":"instock","17":"sale","18":"shipping-taxable","19":"purchasable","20":"product-type-simple"},"yoast_head":"<!-- This site is optimized with the Yoast SEO plugin v25.4 - https:\/\/yoast.com\/wordpress\/plugins\/seo\/ -->\n<title>Non posso non farmi vivo - Guerini e Associati<\/title>\n<meta name=\"robots\" content=\"index, follow, max-snippet:-1, max-image-preview:large, max-video-preview:-1\" \/>\n<link rel=\"canonical\" href=\"https:\/\/www.guerini.it\/index.php\/prodotto\/non-posso-non-farmi-vivo\/\" \/>\n<meta property=\"og:locale\" content=\"it_IT\" \/>\n<meta property=\"og:type\" content=\"article\" \/>\n<meta property=\"og:title\" content=\"Non posso non farmi vivo - Guerini e Associati\" \/>\n<meta property=\"og:description\" content=\"La formazione \u00e8 un\u2019attivit\u00e0 pi\u00f9 agita che nota. Il protagonista di questo racconto \u00e8 un formatore: il suo mestiere \u00e8 aiutare le persone e le organizzazioni a cambiare anche se, personalmente, rinuncia a cambiare se stesso rifuggendo dall\u2019amore e consegnandosi sempre pi\u00f9 al suo passato e ad una solitudine sempre meno sopportabile. Ricordi personali, frammisti di incontri, speranze e paure si intrecciano con gli eventi professionali dentro la cronaca di due giornate di ordinario lavoro di un formatore in una piccola e tranquilla citt\u00e0 del nord del nostro Paese.\" \/>\n<meta property=\"og:url\" content=\"https:\/\/www.guerini.it\/index.php\/prodotto\/non-posso-non-farmi-vivo\/\" \/>\n<meta property=\"og:site_name\" content=\"Guerini e Associati\" \/>\n<meta property=\"article:modified_time\" content=\"2024-06-12T12:38:58+00:00\" \/>\n<meta property=\"og:image\" content=\"https:\/\/www.guerini.it\/wp-content\/uploads\/2017\/11\/Cop.-Varchetta-e1666164838204.jpg\" \/>\n\t<meta property=\"og:image:width\" content=\"253\" \/>\n\t<meta property=\"og:image:height\" content=\"350\" \/>\n\t<meta property=\"og:image:type\" content=\"image\/jpeg\" \/>\n<meta name=\"twitter:card\" content=\"summary_large_image\" \/>\n<meta name=\"twitter:label1\" content=\"Tempo di lettura stimato\" \/>\n\t<meta name=\"twitter:data1\" content=\"2 minuti\" \/>\n<!-- \/ Yoast SEO plugin. -->","yoast_head_json":{"title":"Non posso non farmi vivo - Guerini e Associati","robots":{"index":"index","follow":"follow","max-snippet":"max-snippet:-1","max-image-preview":"max-image-preview:large","max-video-preview":"max-video-preview:-1"},"canonical":"https:\/\/www.guerini.it\/index.php\/prodotto\/non-posso-non-farmi-vivo\/","og_locale":"it_IT","og_type":"article","og_title":"Non posso non farmi vivo - Guerini e Associati","og_description":"La formazione \u00e8 un\u2019attivit\u00e0 pi\u00f9 agita che nota. Il protagonista di questo racconto \u00e8 un formatore: il suo mestiere \u00e8 aiutare le persone e le organizzazioni a cambiare anche se, personalmente, rinuncia a cambiare se stesso rifuggendo dall\u2019amore e consegnandosi sempre pi\u00f9 al suo passato e ad una solitudine sempre meno sopportabile. Ricordi personali, frammisti di incontri, speranze e paure si intrecciano con gli eventi professionali dentro la cronaca di due giornate di ordinario lavoro di un formatore in una piccola e tranquilla citt\u00e0 del nord del nostro Paese.","og_url":"https:\/\/www.guerini.it\/index.php\/prodotto\/non-posso-non-farmi-vivo\/","og_site_name":"Guerini e Associati","article_modified_time":"2024-06-12T12:38:58+00:00","og_image":[{"width":253,"height":350,"url":"https:\/\/www.guerini.it\/wp-content\/uploads\/2017\/11\/Cop.-Varchetta-e1666164838204.jpg","type":"image\/jpeg"}],"twitter_card":"summary_large_image","twitter_misc":{"Tempo di lettura stimato":"2 minuti"},"schema":{"@context":"https:\/\/schema.org","@graph":[{"@type":"WebPage","@id":"https:\/\/www.guerini.it\/index.php\/prodotto\/non-posso-non-farmi-vivo\/","url":"https:\/\/www.guerini.it\/index.php\/prodotto\/non-posso-non-farmi-vivo\/","name":"Non posso non farmi vivo - Guerini e Associati","isPartOf":{"@id":"https:\/\/www.guerini.it\/#website"},"primaryImageOfPage":{"@id":"https:\/\/www.guerini.it\/index.php\/prodotto\/non-posso-non-farmi-vivo\/#primaryimage"},"image":{"@id":"https:\/\/www.guerini.it\/index.php\/prodotto\/non-posso-non-farmi-vivo\/#primaryimage"},"thumbnailUrl":"https:\/\/www.guerini.it\/wp-content\/uploads\/2017\/11\/Cop.-Varchetta-e1666164838204.jpg","datePublished":"2017-11-10T12:10:43+00:00","dateModified":"2024-06-12T12:38:58+00:00","breadcrumb":{"@id":"https:\/\/www.guerini.it\/index.php\/prodotto\/non-posso-non-farmi-vivo\/#breadcrumb"},"inLanguage":"it-IT","potentialAction":[{"@type":"ReadAction","target":["https:\/\/www.guerini.it\/index.php\/prodotto\/non-posso-non-farmi-vivo\/"]}]},{"@type":"ImageObject","inLanguage":"it-IT","@id":"https:\/\/www.guerini.it\/index.php\/prodotto\/non-posso-non-farmi-vivo\/#primaryimage","url":"https:\/\/www.guerini.it\/wp-content\/uploads\/2017\/11\/Cop.-Varchetta-e1666164838204.jpg","contentUrl":"https:\/\/www.guerini.it\/wp-content\/uploads\/2017\/11\/Cop.-Varchetta-e1666164838204.jpg","width":253,"height":350,"caption":"Copertina del volume Non posso non farmi vivo"},{"@type":"BreadcrumbList","@id":"https:\/\/www.guerini.it\/index.php\/prodotto\/non-posso-non-farmi-vivo\/#breadcrumb","itemListElement":[{"@type":"ListItem","position":1,"name":"Home","item":"https:\/\/www.guerini.it\/"},{"@type":"ListItem","position":2,"name":"Catalogo","item":"https:\/\/www.guerini.it\/index.php\/negozio\/"},{"@type":"ListItem","position":3,"name":"Non posso non farmi vivo"}]},{"@type":"WebSite","@id":"https:\/\/www.guerini.it\/#website","url":"https:\/\/www.guerini.it\/","name":"Guerini e Associati","description":"30 anni di libri, idee e libert\u00e0","publisher":{"@id":"https:\/\/www.guerini.it\/#organization"},"potentialAction":[{"@type":"SearchAction","target":{"@type":"EntryPoint","urlTemplate":"https:\/\/www.guerini.it\/?s={search_term_string}"},"query-input":{"@type":"PropertyValueSpecification","valueRequired":true,"valueName":"search_term_string"}}],"inLanguage":"it-IT"},{"@type":"Organization","@id":"https:\/\/www.guerini.it\/#organization","name":"Guerini e Associati","url":"https:\/\/www.guerini.it\/","logo":{"@type":"ImageObject","inLanguage":"it-IT","@id":"https:\/\/www.guerini.it\/#\/schema\/logo\/image\/","url":"https:\/\/www.guerini.it\/wp-content\/uploads\/2021\/03\/Logo-Guerini-OK_-e1615831292285.png","contentUrl":"https:\/\/www.guerini.it\/wp-content\/uploads\/2021\/03\/Logo-Guerini-OK_-e1615831292285.png","width":2805,"height":1870,"caption":"Guerini e Associati"},"image":{"@id":"https:\/\/www.guerini.it\/#\/schema\/logo\/image\/"}}]}},"_links":{"self":[{"href":"https:\/\/www.guerini.it\/index.php\/wp-json\/wp\/v2\/product\/16035","targetHints":{"allow":["GET"]}}],"collection":[{"href":"https:\/\/www.guerini.it\/index.php\/wp-json\/wp\/v2\/product"}],"about":[{"href":"https:\/\/www.guerini.it\/index.php\/wp-json\/wp\/v2\/types\/product"}],"wp:featuredmedia":[{"embeddable":true,"href":"https:\/\/www.guerini.it\/index.php\/wp-json\/wp\/v2\/media\/23250"}],"wp:attachment":[{"href":"https:\/\/www.guerini.it\/index.php\/wp-json\/wp\/v2\/media?parent=16035"}],"wp:term":[{"taxonomy":"product_brand","embeddable":true,"href":"https:\/\/www.guerini.it\/index.php\/wp-json\/wp\/v2\/product_brand?post=16035"},{"taxonomy":"product_cat","embeddable":true,"href":"https:\/\/www.guerini.it\/index.php\/wp-json\/wp\/v2\/product_cat?post=16035"},{"taxonomy":"product_tag","embeddable":true,"href":"https:\/\/www.guerini.it\/index.php\/wp-json\/wp\/v2\/product_tag?post=16035"}],"curies":[{"name":"wp","href":"https:\/\/api.w.org\/{rel}","templated":true}]}}

<p style="text-align: justify;">La formazione è un’attività più agita che nota. Il protagonista di questo racconto è un formatore: il suo mestiere è aiutare le persone e le organizzazioni a cambiare anche se, personalmente, rinuncia a cambiare se stesso rifuggendo dall’amore e consegnandosi sempre più al suo passato e ad una solitudine sempre meno sopportabile. Ricordi personali, frammisti di incontri, speranze e paure si intrecciano con gli eventi professionali dentro la cronaca di due giornate di ordinario lavoro di un formatore in una piccola e tranquilla città del nord del nostro Paese.</p>
<hr />
<p style="text-align: justify;"><strong>Giuseppe Varchetta</strong>, psicosocioanalista e past-President di Ariele, ha operato a lungo nell’area della Formazione, dello Sviluppo Organizzativo e della Gestione e Sviluppo del Personale in un’azienda multinazionale. Ha insegnato presso l’Università Bicocca di Milano e opera ora come Consulente Direzionale. È autore di numerosi volumi sulle tematiche della Formazione e dello Sviluppo Organizzativo e collabora nella redazione della rivista semestrale <em>Educazione sentimentale</em>. Per le nostre edizioni ha recentemente pubblicato <a href="https://www.guerini.it/index.php/prodotto/l-ambiguita-organizzativa/"><em>L’ambiguità organizzativa</em></a> (2007) e <a href="https://www.guerini.it/index.php/prodotto/trame-di-bellezza/"><em>Trame di bellezza</em></a> (2011). Con Dario Forti e Franco Natili ha scritto il volume <a href="https://www.guerini.it/index.php/prodotto/il-soggetto-incompiuto/"><em>Il soggetto incompiuto. Psicosocioanalisi del presente di prossima uscita presso i nostri tipi</em></a>.</p>

<p>La formazione è un’attività più agita che nota. Il protagonista di questo racconto è un formatore: il suo mestiere è aiutare le persone e le organizzazioni a cambiare anche se, personalmente, rinuncia a cambiare se stesso rifuggendo dall’amore e consegnandosi sempre più al suo passato e ad una solitudine sempre meno sopportabile. Ricordi personali, frammisti di incontri, speranze e paure si intrecciano con gli eventi professionali dentro la cronaca di due giornate di ordinario lavoro di un formatore in una piccola e tranquilla città del nord del nostro Paese.</p>

<!-- This site is optimized with the Yoast SEO plugin v25.4 - https://yoast.com/wordpress/plugins/seo/ -->
<title>Non posso non farmi vivo - Guerini e Associati</title>
<meta name="robots" content="index, follow, max-snippet:-1, max-image-preview:large, max-video-preview:-1" />
<link rel="canonical" href="https://www.guerini.it/index.php/prodotto/non-posso-non-farmi-vivo/" />
<meta property="og:locale" content="it_IT" />
<meta property="og:type" content="article" />
<meta property="og:title" content="Non posso non farmi vivo - Guerini e Associati" />
<meta property="og:description" content="La formazione è un’attività più agita che nota. Il protagonista di questo racconto è un formatore: il suo mestiere è aiutare le persone e le organizzazioni a cambiare anche se, personalmente, rinuncia a cambiare se stesso rifuggendo dall’amore e consegnandosi sempre più al suo passato e ad una solitudine sempre meno sopportabile. Ricordi personali, frammisti di incontri, speranze e paure si intrecciano con gli eventi professionali dentro la cronaca di due giornate di ordinario lavoro di un formatore in una piccola e tranquilla città del nord del nostro Paese." />
<meta property="og:url" content="https://www.guerini.it/index.php/prodotto/non-posso-non-farmi-vivo/" />
<meta property="og:site_name" content="Guerini e Associati" />
<meta property="article:modified_time" content="2024-06-12T12:38:58+00:00" />
<meta property="og:image" content="https://www.guerini.it/wp-content/uploads/2017/11/Cop.-Varchetta-e1666164838204.jpg" />
	<meta property="og:image:width" content="253" />
	<meta property="og:image:height" content="350" />
	<meta property="og:image:type" content="image/jpeg" />
<meta name="twitter:card" content="summary_large_image" />
<meta name="twitter:label1" content="Tempo di lettura stimato" />
	<meta name="twitter:data1" content="2 minuti" />
<!-- / Yoast SEO plugin. -->

La formazione è un’attività più agita che nota. Il protagonista di questo racconto è un formatore: il suo mestiere è aiutare le persone e le organizzazioni a cambiare anche se, personalmente, rinuncia a cambiare se stesso rifuggendo dall’amore e consegnandosi sempre più al suo passato e ad una solitudine sempre meno sopportabile. Ricordi personali, frammisti di incontri, speranze e paure si intrecciano con gli eventi professionali dentro la cronaca di due giornate di ordinario lavoro di un formatore in una piccola e tranquilla città del nord del nostro Paese.

30 anni di libri, idee e libertà
