{"id":16047,"date":"2017-11-27T09:45:57","date_gmt":"2017-11-27T08:45:57","guid":{"rendered":"https:\/\/test.guerini.it\/?product=amministrare-con-sapienza"},"modified":"2024-06-12T14:38:34","modified_gmt":"2024-06-12T12:38:34","slug":"amministrare-con-sapienza","status":"publish","type":"product","link":"https:\/\/www.guerini.it\/index.php\/prodotto\/amministrare-con-sapienza\/","title":{"rendered":"Amministrare con sapienza"},"content":{"rendered":"<p style=\"text-align: justify;\">Tre \u00absapienze\u00bb in dialogo: sono quelle messe a confronto in questa riflessione nata in un contesto formativo d\u2019eccezione. Presso il monastero benedettino di Montserrat, nei pressi di Barcellona, idee ed esperienze diverse sono confluite, nel corso degli anni, in una proposta comune, capace di sintetizzare i differenti ambiti del management e della <em>Regola<\/em>. L\u2019intuizione iniziale era radicata nella consapevolezza di quanto il confronto tra le diversit\u00e0 generi intelligenza e rafforzi, al tempo stesso, anche le capacit\u00e0 gestionali. E la diversit\u00e0 tra questi tre saperi \u00e8 notevole: una tradizione religiosa, quale quella ebraico cristiana trasmessa nei libri biblici, uno specifico <em>modus vivendi<\/em> che da pi\u00f9 di mille e cinquecento anni continuamente si riproduce nei monasteri che si fondano sulla <em>Regola <\/em>di San Benedetto, e un\u2019esperienza di lavoro, quella gestionale, certamente pi\u00f9 recente, ma dai contorni non meno complessi. Solo uno sguardo pienamente laico \u00e8 in grado di cogliere la distanza tra questi tre mondi, ma anche quanto li accomuna, perch\u00e9 condividono una spiccata attenzione verso la grammatica della vita e del lavoro, delle relazioni e delle gerarchie. Una sapienza che forse oggi i manager vivono molto distante da s\u00e9 e dalla propria esperienza quotidiana, ma che sarebbe necessario riscoprire perch\u00e9 le pulsioni, le motivazioni, gli intendimenti e i valori cambiano molto meno rapidamente dei contesti e delle tecnologie che li sostengono.<\/p>\n","protected":false},"excerpt":{"rendered":"<p>Tre \u00absapienze\u00bb in dialogo: sono quelle messe a confronto in questa riflessione nata in un contesto formativo d\u2019eccezione. Presso il monastero benedettino di Montserrat, nei pressi di Barcellona, idee ed esperienze diverse sono confluite, nel corso degli anni, in una proposta comune, capace di sintetizzare i differenti ambiti del management e della Regola. L\u2019intuizione iniziale era radicata nella consapevolezza di quanto il confronto tra le diversit\u00e0 generi intelligenza e rafforzi, al tempo stesso, anche le capacit\u00e0 gestionali. E la diversit\u00e0 tra questi tre saperi \u00e8 notevole: una tradizione religiosa, quale quella ebraico cristiana trasmessa nei libri biblici, uno specifico modus vivendi che da pi\u00f9 di mille e cinquecento anni continuamente si riproduce nei monasteri che si fondano sulla Regola di San Benedetto, e un\u2019esperienza di lavoro, quella gestionale, certamente pi\u00f9 recente, ma dai contorni non meno complessi. Solo uno sguardo pienamente laico \u00e8 in grado di cogliere la distanza tra questi tre mondi, ma anche quanto li accomuna, perch\u00e9 condividono una spiccata attenzione verso la grammatica della vita e del lavoro, delle relazioni e delle gerarchie. Una sapienza che forse oggi i manager vivono molto distante da s\u00e9 e dalla propria esperienza quotidiana, ma che sarebbe necessario riscoprire perch\u00e9 le pulsioni, le motivazioni, gli intendimenti e i valori cambiano molto meno rapidamente dei contesti e delle tecnologie che li sostengono.<\/p>\n","protected":false},"featured_media":16046,"template":"","meta":{"_editorskit_title_hidden":false,"_editorskit_reading_time":0,"_editorskit_is_block_options_detached":false,"_editorskit_block_options_position":"{}","_monsterinsights_skip_tracking":false,"_monsterinsights_sitenote_active":false,"_monsterinsights_sitenote_note":"","_monsterinsights_sitenote_category":0},"product_brand":[],"product_cat":[6805,6529,6705],"product_tag":[],"class_list":{"0":"post-16047","1":"product","2":"type-product","3":"status-publish","4":"has-post-thumbnail","6":"product_cat-guerini-next","7":"product_cat-economia-e-management","8":"product_cat-promo-natale","9":"pa_fulfillment-default","10":"pa_guerini_amazon_link-https-www-amazon-it-amministrare-sapienza-regola-benedetto-management-dp-886896158x","11":"pa_guerini_feltrinelli_link-https-www-lafeltrinelli-it-amministrare-con-sapienza-regola-di-libro-vari-e-9788868961589","12":"pa_guerini_ibs_link-https-www-ibs-it-amministrare-con-sapienza-regola-di-libro-vari-e-9788868961589","13":"pa_guerini_libruniver_link-https-www-libreriauniversitaria-it-amministrare-sapienza-regola-san-benedetto-libro-9788868961589","14":"pa_guerini_mondadori_link-https-www-mondadoristore-it-amministrare-sapienza-regola-na-eai978886896158","16":"first","17":"instock","18":"sale","19":"shipping-taxable","20":"purchasable","21":"product-type-simple"},"yoast_head":"<!-- This site is optimized with the Yoast SEO plugin v25.4 - https:\/\/yoast.com\/wordpress\/plugins\/seo\/ -->\n<title>Amministrare con sapienza - Guerini e Associati<\/title>\n<meta name=\"robots\" content=\"index, follow, max-snippet:-1, max-image-preview:large, max-video-preview:-1\" \/>\n<link rel=\"canonical\" href=\"https:\/\/www.guerini.it\/index.php\/prodotto\/amministrare-con-sapienza\/\" \/>\n<meta property=\"og:locale\" content=\"it_IT\" \/>\n<meta property=\"og:type\" content=\"article\" \/>\n<meta property=\"og:title\" content=\"Amministrare con sapienza - Guerini e Associati\" \/>\n<meta property=\"og:description\" content=\"Tre \u00absapienze\u00bb in dialogo: sono quelle messe a confronto in questa riflessione nata in un contesto formativo d\u2019eccezione. Presso il monastero benedettino di Montserrat, nei pressi di Barcellona, idee ed esperienze diverse sono confluite, nel corso degli anni, in una proposta comune, capace di sintetizzare i differenti ambiti del management e della Regola. L\u2019intuizione iniziale era radicata nella consapevolezza di quanto il confronto tra le diversit\u00e0 generi intelligenza e rafforzi, al tempo stesso, anche le capacit\u00e0 gestionali. E la diversit\u00e0 tra questi tre saperi \u00e8 notevole: una tradizione religiosa, quale quella ebraico cristiana trasmessa nei libri biblici, uno specifico modus vivendi che da pi\u00f9 di mille e cinquecento anni continuamente si riproduce nei monasteri che si fondano sulla Regola di San Benedetto, e un\u2019esperienza di lavoro, quella gestionale, certamente pi\u00f9 recente, ma dai contorni non meno complessi. Solo uno sguardo pienamente laico \u00e8 in grado di cogliere la distanza tra questi tre mondi, ma anche quanto li accomuna, perch\u00e9 condividono una spiccata attenzione verso la grammatica della vita e del lavoro, delle relazioni e delle gerarchie. Una sapienza che forse oggi i manager vivono molto distante da s\u00e9 e dalla propria esperienza quotidiana, ma che sarebbe necessario riscoprire perch\u00e9 le pulsioni, le motivazioni, gli intendimenti e i valori cambiano molto meno rapidamente dei contesti e delle tecnologie che li sostengono.\" \/>\n<meta property=\"og:url\" content=\"https:\/\/www.guerini.it\/index.php\/prodotto\/amministrare-con-sapienza\/\" \/>\n<meta property=\"og:site_name\" content=\"Guerini e Associati\" \/>\n<meta property=\"article:modified_time\" content=\"2024-06-12T12:38:34+00:00\" \/>\n<meta property=\"og:image\" content=\"https:\/\/www.guerini.it\/wp-content\/uploads\/2017\/11\/amministrare_con_sapienza_sito_1.jpg\" \/>\n\t<meta property=\"og:image:width\" content=\"235\" \/>\n\t<meta property=\"og:image:height\" content=\"353\" \/>\n\t<meta property=\"og:image:type\" content=\"image\/jpeg\" \/>\n<meta name=\"twitter:card\" content=\"summary_large_image\" \/>\n<meta name=\"twitter:label1\" content=\"Tempo di lettura stimato\" \/>\n\t<meta name=\"twitter:data1\" content=\"2 minuti\" \/>\n<!-- \/ Yoast SEO plugin. -->","yoast_head_json":{"title":"Amministrare con sapienza - Guerini e Associati","robots":{"index":"index","follow":"follow","max-snippet":"max-snippet:-1","max-image-preview":"max-image-preview:large","max-video-preview":"max-video-preview:-1"},"canonical":"https:\/\/www.guerini.it\/index.php\/prodotto\/amministrare-con-sapienza\/","og_locale":"it_IT","og_type":"article","og_title":"Amministrare con sapienza - Guerini e Associati","og_description":"Tre \u00absapienze\u00bb in dialogo: sono quelle messe a confronto in questa riflessione nata in un contesto formativo d\u2019eccezione. Presso il monastero benedettino di Montserrat, nei pressi di Barcellona, idee ed esperienze diverse sono confluite, nel corso degli anni, in una proposta comune, capace di sintetizzare i differenti ambiti del management e della Regola. L\u2019intuizione iniziale era radicata nella consapevolezza di quanto il confronto tra le diversit\u00e0 generi intelligenza e rafforzi, al tempo stesso, anche le capacit\u00e0 gestionali. E la diversit\u00e0 tra questi tre saperi \u00e8 notevole: una tradizione religiosa, quale quella ebraico cristiana trasmessa nei libri biblici, uno specifico modus vivendi che da pi\u00f9 di mille e cinquecento anni continuamente si riproduce nei monasteri che si fondano sulla Regola di San Benedetto, e un\u2019esperienza di lavoro, quella gestionale, certamente pi\u00f9 recente, ma dai contorni non meno complessi. Solo uno sguardo pienamente laico \u00e8 in grado di cogliere la distanza tra questi tre mondi, ma anche quanto li accomuna, perch\u00e9 condividono una spiccata attenzione verso la grammatica della vita e del lavoro, delle relazioni e delle gerarchie. Una sapienza che forse oggi i manager vivono molto distante da s\u00e9 e dalla propria esperienza quotidiana, ma che sarebbe necessario riscoprire perch\u00e9 le pulsioni, le motivazioni, gli intendimenti e i valori cambiano molto meno rapidamente dei contesti e delle tecnologie che li sostengono.","og_url":"https:\/\/www.guerini.it\/index.php\/prodotto\/amministrare-con-sapienza\/","og_site_name":"Guerini e Associati","article_modified_time":"2024-06-12T12:38:34+00:00","og_image":[{"width":235,"height":353,"url":"https:\/\/www.guerini.it\/wp-content\/uploads\/2017\/11\/amministrare_con_sapienza_sito_1.jpg","type":"image\/jpeg"}],"twitter_card":"summary_large_image","twitter_misc":{"Tempo di lettura stimato":"2 minuti"},"schema":{"@context":"https:\/\/schema.org","@graph":[{"@type":"WebPage","@id":"https:\/\/www.guerini.it\/index.php\/prodotto\/amministrare-con-sapienza\/","url":"https:\/\/www.guerini.it\/index.php\/prodotto\/amministrare-con-sapienza\/","name":"Amministrare con sapienza - Guerini e Associati","isPartOf":{"@id":"https:\/\/www.guerini.it\/#website"},"primaryImageOfPage":{"@id":"https:\/\/www.guerini.it\/index.php\/prodotto\/amministrare-con-sapienza\/#primaryimage"},"image":{"@id":"https:\/\/www.guerini.it\/index.php\/prodotto\/amministrare-con-sapienza\/#primaryimage"},"thumbnailUrl":"https:\/\/www.guerini.it\/wp-content\/uploads\/2017\/11\/amministrare_con_sapienza_sito_1.jpg","datePublished":"2017-11-27T08:45:57+00:00","dateModified":"2024-06-12T12:38:34+00:00","breadcrumb":{"@id":"https:\/\/www.guerini.it\/index.php\/prodotto\/amministrare-con-sapienza\/#breadcrumb"},"inLanguage":"it-IT","potentialAction":[{"@type":"ReadAction","target":["https:\/\/www.guerini.it\/index.php\/prodotto\/amministrare-con-sapienza\/"]}]},{"@type":"ImageObject","inLanguage":"it-IT","@id":"https:\/\/www.guerini.it\/index.php\/prodotto\/amministrare-con-sapienza\/#primaryimage","url":"https:\/\/www.guerini.it\/wp-content\/uploads\/2017\/11\/amministrare_con_sapienza_sito_1.jpg","contentUrl":"https:\/\/www.guerini.it\/wp-content\/uploads\/2017\/11\/amministrare_con_sapienza_sito_1.jpg","width":235,"height":353,"caption":"Amministrare con sapienza"},{"@type":"BreadcrumbList","@id":"https:\/\/www.guerini.it\/index.php\/prodotto\/amministrare-con-sapienza\/#breadcrumb","itemListElement":[{"@type":"ListItem","position":1,"name":"Home","item":"https:\/\/www.guerini.it\/"},{"@type":"ListItem","position":2,"name":"Catalogo","item":"https:\/\/www.guerini.it\/index.php\/negozio\/"},{"@type":"ListItem","position":3,"name":"Amministrare con sapienza"}]},{"@type":"WebSite","@id":"https:\/\/www.guerini.it\/#website","url":"https:\/\/www.guerini.it\/","name":"Guerini e Associati","description":"30 anni di libri, idee e libert\u00e0","publisher":{"@id":"https:\/\/www.guerini.it\/#organization"},"potentialAction":[{"@type":"SearchAction","target":{"@type":"EntryPoint","urlTemplate":"https:\/\/www.guerini.it\/?s={search_term_string}"},"query-input":{"@type":"PropertyValueSpecification","valueRequired":true,"valueName":"search_term_string"}}],"inLanguage":"it-IT"},{"@type":"Organization","@id":"https:\/\/www.guerini.it\/#organization","name":"Guerini e Associati","url":"https:\/\/www.guerini.it\/","logo":{"@type":"ImageObject","inLanguage":"it-IT","@id":"https:\/\/www.guerini.it\/#\/schema\/logo\/image\/","url":"https:\/\/www.guerini.it\/wp-content\/uploads\/2021\/03\/Logo-Guerini-OK_-e1615831292285.png","contentUrl":"https:\/\/www.guerini.it\/wp-content\/uploads\/2021\/03\/Logo-Guerini-OK_-e1615831292285.png","width":2805,"height":1870,"caption":"Guerini e Associati"},"image":{"@id":"https:\/\/www.guerini.it\/#\/schema\/logo\/image\/"}}]}},"_links":{"self":[{"href":"https:\/\/www.guerini.it\/index.php\/wp-json\/wp\/v2\/product\/16047","targetHints":{"allow":["GET"]}}],"collection":[{"href":"https:\/\/www.guerini.it\/index.php\/wp-json\/wp\/v2\/product"}],"about":[{"href":"https:\/\/www.guerini.it\/index.php\/wp-json\/wp\/v2\/types\/product"}],"wp:featuredmedia":[{"embeddable":true,"href":"https:\/\/www.guerini.it\/index.php\/wp-json\/wp\/v2\/media\/16046"}],"wp:attachment":[{"href":"https:\/\/www.guerini.it\/index.php\/wp-json\/wp\/v2\/media?parent=16047"}],"wp:term":[{"taxonomy":"product_brand","embeddable":true,"href":"https:\/\/www.guerini.it\/index.php\/wp-json\/wp\/v2\/product_brand?post=16047"},{"taxonomy":"product_cat","embeddable":true,"href":"https:\/\/www.guerini.it\/index.php\/wp-json\/wp\/v2\/product_cat?post=16047"},{"taxonomy":"product_tag","embeddable":true,"href":"https:\/\/www.guerini.it\/index.php\/wp-json\/wp\/v2\/product_tag?post=16047"}],"curies":[{"name":"wp","href":"https:\/\/api.w.org\/{rel}","templated":true}]}}

<p style="text-align: justify;">Tre «sapienze» in dialogo: sono quelle messe a confronto in questa riflessione nata in un contesto formativo d’eccezione. Presso il monastero benedettino di Montserrat, nei pressi di Barcellona, idee ed esperienze diverse sono confluite, nel corso degli anni, in una proposta comune, capace di sintetizzare i differenti ambiti del management e della <em>Regola</em>. L’intuizione iniziale era radicata nella consapevolezza di quanto il confronto tra le diversità generi intelligenza e rafforzi, al tempo stesso, anche le capacità gestionali. E la diversità tra questi tre saperi è notevole: una tradizione religiosa, quale quella ebraico cristiana trasmessa nei libri biblici, uno specifico <em>modus vivendi</em> che da più di mille e cinquecento anni continuamente si riproduce nei monasteri che si fondano sulla <em>Regola </em>di San Benedetto, e un’esperienza di lavoro, quella gestionale, certamente più recente, ma dai contorni non meno complessi. Solo uno sguardo pienamente laico è in grado di cogliere la distanza tra questi tre mondi, ma anche quanto li accomuna, perché condividono una spiccata attenzione verso la grammatica della vita e del lavoro, delle relazioni e delle gerarchie. Una sapienza che forse oggi i manager vivono molto distante da sé e dalla propria esperienza quotidiana, ma che sarebbe necessario riscoprire perché le pulsioni, le motivazioni, gli intendimenti e i valori cambiano molto meno rapidamente dei contesti e delle tecnologie che li sostengono.</p>

<p>Tre «sapienze» in dialogo: sono quelle messe a confronto in questa riflessione nata in un contesto formativo d’eccezione. Presso il monastero benedettino di Montserrat, nei pressi di Barcellona, idee ed esperienze diverse sono confluite, nel corso degli anni, in una proposta comune, capace di sintetizzare i differenti ambiti del management e della Regola. L’intuizione iniziale era radicata nella consapevolezza di quanto il confronto tra le diversità generi intelligenza e rafforzi, al tempo stesso, anche le capacità gestionali. E la diversità tra questi tre saperi è notevole: una tradizione religiosa, quale quella ebraico cristiana trasmessa nei libri biblici, uno specifico modus vivendi che da più di mille e cinquecento anni continuamente si riproduce nei monasteri che si fondano sulla Regola di San Benedetto, e un’esperienza di lavoro, quella gestionale, certamente più recente, ma dai contorni non meno complessi. Solo uno sguardo pienamente laico è in grado di cogliere la distanza tra questi tre mondi, ma anche quanto li accomuna, perché condividono una spiccata attenzione verso la grammatica della vita e del lavoro, delle relazioni e delle gerarchie. Una sapienza che forse oggi i manager vivono molto distante da sé e dalla propria esperienza quotidiana, ma che sarebbe necessario riscoprire perché le pulsioni, le motivazioni, gli intendimenti e i valori cambiano molto meno rapidamente dei contesti e delle tecnologie che li sostengono.</p>

<!-- This site is optimized with the Yoast SEO plugin v25.4 - https://yoast.com/wordpress/plugins/seo/ -->
<title>Amministrare con sapienza - Guerini e Associati</title>
<meta name="robots" content="index, follow, max-snippet:-1, max-image-preview:large, max-video-preview:-1" />
<link rel="canonical" href="https://www.guerini.it/index.php/prodotto/amministrare-con-sapienza/" />
<meta property="og:locale" content="it_IT" />
<meta property="og:type" content="article" />
<meta property="og:title" content="Amministrare con sapienza - Guerini e Associati" />
<meta property="og:description" content="Tre «sapienze» in dialogo: sono quelle messe a confronto in questa riflessione nata in un contesto formativo d’eccezione. Presso il monastero benedettino di Montserrat, nei pressi di Barcellona, idee ed esperienze diverse sono confluite, nel corso degli anni, in una proposta comune, capace di sintetizzare i differenti ambiti del management e della Regola. L’intuizione iniziale era radicata nella consapevolezza di quanto il confronto tra le diversità generi intelligenza e rafforzi, al tempo stesso, anche le capacità gestionali. E la diversità tra questi tre saperi è notevole: una tradizione religiosa, quale quella ebraico cristiana trasmessa nei libri biblici, uno specifico modus vivendi che da più di mille e cinquecento anni continuamente si riproduce nei monasteri che si fondano sulla Regola di San Benedetto, e un’esperienza di lavoro, quella gestionale, certamente più recente, ma dai contorni non meno complessi. Solo uno sguardo pienamente laico è in grado di cogliere la distanza tra questi tre mondi, ma anche quanto li accomuna, perché condividono una spiccata attenzione verso la grammatica della vita e del lavoro, delle relazioni e delle gerarchie. Una sapienza che forse oggi i manager vivono molto distante da sé e dalla propria esperienza quotidiana, ma che sarebbe necessario riscoprire perché le pulsioni, le motivazioni, gli intendimenti e i valori cambiano molto meno rapidamente dei contesti e delle tecnologie che li sostengono." />
<meta property="og:url" content="https://www.guerini.it/index.php/prodotto/amministrare-con-sapienza/" />
<meta property="og:site_name" content="Guerini e Associati" />
<meta property="article:modified_time" content="2024-06-12T12:38:34+00:00" />
<meta property="og:image" content="https://www.guerini.it/wp-content/uploads/2017/11/amministrare_con_sapienza_sito_1.jpg" />
	<meta property="og:image:width" content="235" />
	<meta property="og:image:height" content="353" />
	<meta property="og:image:type" content="image/jpeg" />
<meta name="twitter:card" content="summary_large_image" />
<meta name="twitter:label1" content="Tempo di lettura stimato" />
	<meta name="twitter:data1" content="2 minuti" />
<!-- / Yoast SEO plugin. -->

Tre «sapienze» in dialogo: sono quelle messe a confronto in questa riflessione nata in un contesto formativo d’eccezione. Presso il monastero benedettino di Montserrat, nei pressi di Barcellona, idee ed esperienze diverse sono confluite, nel corso degli anni, in una proposta comune, capace di sintetizzare i differenti ambiti del management e della Regola. L’intuizione iniziale era radicata nella consapevolezza di quanto il confronto tra le diversità generi intelligenza e rafforzi, al tempo stesso, anche le capacità gestionali. E la diversità tra questi tre saperi è notevole: una tradizione religiosa, quale quella ebraico cristiana trasmessa nei libri biblici, uno specifico modus vivendi che da più di mille e cinquecento anni continuamente si riproduce nei monasteri che si fondano sulla Regola di San Benedetto, e un’esperienza di lavoro, quella gestionale, certamente più recente, ma dai contorni non meno complessi. Solo uno sguardo pienamente laico è in grado di cogliere la distanza tra questi tre mondi, ma anche quanto li accomuna, perché condividono una spiccata attenzione verso la grammatica della vita e del lavoro, delle relazioni e delle gerarchie. Una sapienza che forse oggi i manager vivono molto distante da sé e dalla propria esperienza quotidiana, ma che sarebbe necessario riscoprire perché le pulsioni, le motivazioni, gli intendimenti e i valori cambiano molto meno rapidamente dei contesti e delle tecnologie che li sostengono.

30 anni di libri, idee e libertà
