{"id":16066,"date":"2017-12-12T12:01:55","date_gmt":"2017-12-12T11:01:55","guid":{"rendered":"https:\/\/test.guerini.it\/?product=fenomenologia-dei-social-network"},"modified":"2024-06-12T14:35:05","modified_gmt":"2024-06-12T12:35:05","slug":"fenomenologia-dei-social-network","status":"publish","type":"product","link":"https:\/\/www.guerini.it\/index.php\/prodotto\/fenomenologia-dei-social-network\/","title":{"rendered":"Fenomenologia dei social network"},"content":{"rendered":"<p style=\"text-align: justify;\">Cosa spinge ogni giorno milioni di persone a utilizzare i social network e a considerarli uno spazio oramai dato per scontato della propria vita quotidiana? Perch\u00e9 molti temi caldi del recente dibattito pubblico ruotano attorno alla vita online \u2013 dal narcisismo digitale alla perdita della privacy \u2013 e al suo rapporto di continuit\u00e0 con quella offline?<br \/>\nNel rispondere a queste domande, il libro si spinge alle radici della realt\u00e0 dei social network, per interrogare condizioni di possibilit\u00e0 e pratiche sociali che hanno permesso ad ambienti comunicativi come Facebook di diventare un orizzonte diffuso di senso individuale e collettivo e un luogo di osservazione privilegiato dell\u2019importanza che i media e il Web hanno nella nostra vita. Attraverso i racconti degli utenti raccolti nell\u2019ambito di un progetto di ricerca nazionale, il lavoro indaga in che modo Facebook sia diventato una palestra sociale in cui gli intrecci tra pratiche d\u2019uso, forme di consumo e affordance della piattaforma mettono in luce sia le dinamiche di socializzazione all\u2019inclusione comunicativa, sia la costante ricerca di senso della e nella connessione.<\/p>\n","protected":false},"excerpt":{"rendered":"<p>Cosa spinge ogni giorno milioni di persone a utilizzare i social network e a considerarli uno spazio oramai dato per scontato della propria vita quotidiana? Perch\u00e9 molti temi caldi del recente dibattito pubblico ruotano attorno alla vita online \u2013 dal narcisismo digitale alla perdita della privacy \u2013 e al suo rapporto di continuit\u00e0 con quella offline?<br \/>\nNel rispondere a queste domande, il libro si spinge alle radici della realt\u00e0 dei social network, per interrogare condizioni di possibilit\u00e0 e pratiche sociali che hanno permesso ad ambienti comunicativi come Facebook di diventare un orizzonte diffuso di senso individuale e collettivo e un luogo di osservazione privilegiato dell\u2019importanza che i media e il Web hanno nella nostra vita. Attraverso i racconti degli utenti raccolti nell\u2019ambito di un progetto di ricerca nazionale, il lavoro indaga in che modo Facebook sia diventato una palestra sociale in cui gli intrecci tra pratiche d\u2019uso, forme di consumo e affordance della piattaforma mettono in luce sia le dinamiche di socializzazione all\u2019inclusione comunicativa, sia la costante ricerca di senso della e nella connessione.<\/p>\n","protected":false},"featured_media":16065,"template":"","meta":{"_editorskit_title_hidden":false,"_editorskit_reading_time":0,"_editorskit_is_block_options_detached":false,"_editorskit_block_options_position":"{}","_monsterinsights_skip_tracking":false,"_monsterinsights_sitenote_active":false,"_monsterinsights_sitenote_note":"","_monsterinsights_sitenote_category":0},"product_brand":[],"product_cat":[6582,6528],"product_tag":[],"class_list":{"0":"post-16066","1":"product","2":"type-product","3":"status-publish","4":"has-post-thumbnail","6":"product_cat-cn","7":"product_cat-comunicazione","8":"pa_fulfillment-default","9":"pa_guerini_amazon_link-https-www-amazon-it-fenomenologia-network-presenza-relazioni-italiani-dp-8881074087","10":"pa_guerini_ibs_link-https-tidd-ly-3tq4uvy","11":"pa_guerini_link_amazon-https-www-amazon-it-fenomenologia-network-presenza-relazioni-italiani-ebook-dp-b079nsq849","12":"pa_guerini_link_ediermes-8b-httpsstoredigibook24comiti","13":"pa_guerini_link_ibs-https-tidd-ly-33sfkl3","15":"first","16":"instock","17":"sale","18":"shipping-taxable","19":"purchasable","20":"product-type-simple"},"yoast_head":"<!-- This site is optimized with the Yoast SEO plugin v25.4 - https:\/\/yoast.com\/wordpress\/plugins\/seo\/ -->\n<title>Fenomenologia dei social network - Guerini e Associati<\/title>\n<meta name=\"robots\" content=\"index, follow, max-snippet:-1, max-image-preview:large, max-video-preview:-1\" \/>\n<link rel=\"canonical\" href=\"https:\/\/www.guerini.it\/index.php\/prodotto\/fenomenologia-dei-social-network\/\" \/>\n<meta property=\"og:locale\" content=\"it_IT\" \/>\n<meta property=\"og:type\" content=\"article\" \/>\n<meta property=\"og:title\" content=\"Fenomenologia dei social network - Guerini e Associati\" \/>\n<meta property=\"og:description\" content=\"Cosa spinge ogni giorno milioni di persone a utilizzare i social network e a considerarli uno spazio oramai dato per scontato della propria vita quotidiana? Perch\u00e9 molti temi caldi del recente dibattito pubblico ruotano attorno alla vita online \u2013 dal narcisismo digitale alla perdita della privacy \u2013 e al suo rapporto di continuit\u00e0 con quella offline? Nel rispondere a queste domande, il libro si spinge alle radici della realt\u00e0 dei social network, per interrogare condizioni di possibilit\u00e0 e pratiche sociali che hanno permesso ad ambienti comunicativi come Facebook di diventare un orizzonte diffuso di senso individuale e collettivo e un luogo di osservazione privilegiato dell\u2019importanza che i media e il Web hanno nella nostra vita. Attraverso i racconti degli utenti raccolti nell\u2019ambito di un progetto di ricerca nazionale, il lavoro indaga in che modo Facebook sia diventato una palestra sociale in cui gli intrecci tra pratiche d\u2019uso, forme di consumo e affordance della piattaforma mettono in luce sia le dinamiche di socializzazione all\u2019inclusione comunicativa, sia la costante ricerca di senso della e nella connessione.\" \/>\n<meta property=\"og:url\" content=\"https:\/\/www.guerini.it\/index.php\/prodotto\/fenomenologia-dei-social-network\/\" \/>\n<meta property=\"og:site_name\" content=\"Guerini e Associati\" \/>\n<meta property=\"article:modified_time\" content=\"2024-06-12T12:35:05+00:00\" \/>\n<meta property=\"og:image\" content=\"https:\/\/www.guerini.it\/wp-content\/uploads\/2017\/12\/fenomenologia_dei_social_network_sito.jpg\" \/>\n\t<meta property=\"og:image:width\" content=\"236\" \/>\n\t<meta property=\"og:image:height\" content=\"353\" \/>\n\t<meta property=\"og:image:type\" content=\"image\/jpeg\" \/>\n<meta name=\"twitter:card\" content=\"summary_large_image\" \/>\n<meta name=\"twitter:label1\" content=\"Tempo di lettura stimato\" \/>\n\t<meta name=\"twitter:data1\" content=\"1 minuto\" \/>\n<!-- \/ Yoast SEO plugin. -->","yoast_head_json":{"title":"Fenomenologia dei social network - Guerini e Associati","robots":{"index":"index","follow":"follow","max-snippet":"max-snippet:-1","max-image-preview":"max-image-preview:large","max-video-preview":"max-video-preview:-1"},"canonical":"https:\/\/www.guerini.it\/index.php\/prodotto\/fenomenologia-dei-social-network\/","og_locale":"it_IT","og_type":"article","og_title":"Fenomenologia dei social network - Guerini e Associati","og_description":"Cosa spinge ogni giorno milioni di persone a utilizzare i social network e a considerarli uno spazio oramai dato per scontato della propria vita quotidiana? Perch\u00e9 molti temi caldi del recente dibattito pubblico ruotano attorno alla vita online \u2013 dal narcisismo digitale alla perdita della privacy \u2013 e al suo rapporto di continuit\u00e0 con quella offline? Nel rispondere a queste domande, il libro si spinge alle radici della realt\u00e0 dei social network, per interrogare condizioni di possibilit\u00e0 e pratiche sociali che hanno permesso ad ambienti comunicativi come Facebook di diventare un orizzonte diffuso di senso individuale e collettivo e un luogo di osservazione privilegiato dell\u2019importanza che i media e il Web hanno nella nostra vita. Attraverso i racconti degli utenti raccolti nell\u2019ambito di un progetto di ricerca nazionale, il lavoro indaga in che modo Facebook sia diventato una palestra sociale in cui gli intrecci tra pratiche d\u2019uso, forme di consumo e affordance della piattaforma mettono in luce sia le dinamiche di socializzazione all\u2019inclusione comunicativa, sia la costante ricerca di senso della e nella connessione.","og_url":"https:\/\/www.guerini.it\/index.php\/prodotto\/fenomenologia-dei-social-network\/","og_site_name":"Guerini e Associati","article_modified_time":"2024-06-12T12:35:05+00:00","og_image":[{"width":236,"height":353,"url":"https:\/\/www.guerini.it\/wp-content\/uploads\/2017\/12\/fenomenologia_dei_social_network_sito.jpg","type":"image\/jpeg"}],"twitter_card":"summary_large_image","twitter_misc":{"Tempo di lettura stimato":"1 minuto"},"schema":{"@context":"https:\/\/schema.org","@graph":[{"@type":"WebPage","@id":"https:\/\/www.guerini.it\/index.php\/prodotto\/fenomenologia-dei-social-network\/","url":"https:\/\/www.guerini.it\/index.php\/prodotto\/fenomenologia-dei-social-network\/","name":"Fenomenologia dei social network - Guerini e Associati","isPartOf":{"@id":"https:\/\/www.guerini.it\/#website"},"primaryImageOfPage":{"@id":"https:\/\/www.guerini.it\/index.php\/prodotto\/fenomenologia-dei-social-network\/#primaryimage"},"image":{"@id":"https:\/\/www.guerini.it\/index.php\/prodotto\/fenomenologia-dei-social-network\/#primaryimage"},"thumbnailUrl":"https:\/\/www.guerini.it\/wp-content\/uploads\/2017\/12\/fenomenologia_dei_social_network_sito.jpg","datePublished":"2017-12-12T11:01:55+00:00","dateModified":"2024-06-12T12:35:05+00:00","breadcrumb":{"@id":"https:\/\/www.guerini.it\/index.php\/prodotto\/fenomenologia-dei-social-network\/#breadcrumb"},"inLanguage":"it-IT","potentialAction":[{"@type":"ReadAction","target":["https:\/\/www.guerini.it\/index.php\/prodotto\/fenomenologia-dei-social-network\/"]}]},{"@type":"ImageObject","inLanguage":"it-IT","@id":"https:\/\/www.guerini.it\/index.php\/prodotto\/fenomenologia-dei-social-network\/#primaryimage","url":"https:\/\/www.guerini.it\/wp-content\/uploads\/2017\/12\/fenomenologia_dei_social_network_sito.jpg","contentUrl":"https:\/\/www.guerini.it\/wp-content\/uploads\/2017\/12\/fenomenologia_dei_social_network_sito.jpg","width":236,"height":353,"caption":"Fenomenologia dei social network"},{"@type":"BreadcrumbList","@id":"https:\/\/www.guerini.it\/index.php\/prodotto\/fenomenologia-dei-social-network\/#breadcrumb","itemListElement":[{"@type":"ListItem","position":1,"name":"Home","item":"https:\/\/www.guerini.it\/"},{"@type":"ListItem","position":2,"name":"Catalogo","item":"https:\/\/www.guerini.it\/index.php\/negozio\/"},{"@type":"ListItem","position":3,"name":"Fenomenologia dei social network"}]},{"@type":"WebSite","@id":"https:\/\/www.guerini.it\/#website","url":"https:\/\/www.guerini.it\/","name":"Guerini e Associati","description":"30 anni di libri, idee e libert\u00e0","publisher":{"@id":"https:\/\/www.guerini.it\/#organization"},"potentialAction":[{"@type":"SearchAction","target":{"@type":"EntryPoint","urlTemplate":"https:\/\/www.guerini.it\/?s={search_term_string}"},"query-input":{"@type":"PropertyValueSpecification","valueRequired":true,"valueName":"search_term_string"}}],"inLanguage":"it-IT"},{"@type":"Organization","@id":"https:\/\/www.guerini.it\/#organization","name":"Guerini e Associati","url":"https:\/\/www.guerini.it\/","logo":{"@type":"ImageObject","inLanguage":"it-IT","@id":"https:\/\/www.guerini.it\/#\/schema\/logo\/image\/","url":"https:\/\/www.guerini.it\/wp-content\/uploads\/2021\/03\/Logo-Guerini-OK_-e1615831292285.png","contentUrl":"https:\/\/www.guerini.it\/wp-content\/uploads\/2021\/03\/Logo-Guerini-OK_-e1615831292285.png","width":2805,"height":1870,"caption":"Guerini e Associati"},"image":{"@id":"https:\/\/www.guerini.it\/#\/schema\/logo\/image\/"}}]}},"_links":{"self":[{"href":"https:\/\/www.guerini.it\/index.php\/wp-json\/wp\/v2\/product\/16066","targetHints":{"allow":["GET"]}}],"collection":[{"href":"https:\/\/www.guerini.it\/index.php\/wp-json\/wp\/v2\/product"}],"about":[{"href":"https:\/\/www.guerini.it\/index.php\/wp-json\/wp\/v2\/types\/product"}],"wp:featuredmedia":[{"embeddable":true,"href":"https:\/\/www.guerini.it\/index.php\/wp-json\/wp\/v2\/media\/16065"}],"wp:attachment":[{"href":"https:\/\/www.guerini.it\/index.php\/wp-json\/wp\/v2\/media?parent=16066"}],"wp:term":[{"taxonomy":"product_brand","embeddable":true,"href":"https:\/\/www.guerini.it\/index.php\/wp-json\/wp\/v2\/product_brand?post=16066"},{"taxonomy":"product_cat","embeddable":true,"href":"https:\/\/www.guerini.it\/index.php\/wp-json\/wp\/v2\/product_cat?post=16066"},{"taxonomy":"product_tag","embeddable":true,"href":"https:\/\/www.guerini.it\/index.php\/wp-json\/wp\/v2\/product_tag?post=16066"}],"curies":[{"name":"wp","href":"https:\/\/api.w.org\/{rel}","templated":true}]}}

<p style="text-align: justify;">Cosa spinge ogni giorno milioni di persone a utilizzare i social network e a considerarli uno spazio oramai dato per scontato della propria vita quotidiana? Perché molti temi caldi del recente dibattito pubblico ruotano attorno alla vita online – dal narcisismo digitale alla perdita della privacy – e al suo rapporto di continuità con quella offline?<br />
Nel rispondere a queste domande, il libro si spinge alle radici della realtà dei social network, per interrogare condizioni di possibilità e pratiche sociali che hanno permesso ad ambienti comunicativi come Facebook di diventare un orizzonte diffuso di senso individuale e collettivo e un luogo di osservazione privilegiato dell’importanza che i media e il Web hanno nella nostra vita. Attraverso i racconti degli utenti raccolti nell’ambito di un progetto di ricerca nazionale, il lavoro indaga in che modo Facebook sia diventato una palestra sociale in cui gli intrecci tra pratiche d’uso, forme di consumo e affordance della piattaforma mettono in luce sia le dinamiche di socializzazione all’inclusione comunicativa, sia la costante ricerca di senso della e nella connessione.</p>

<p>Cosa spinge ogni giorno milioni di persone a utilizzare i social network e a considerarli uno spazio oramai dato per scontato della propria vita quotidiana? Perché molti temi caldi del recente dibattito pubblico ruotano attorno alla vita online – dal narcisismo digitale alla perdita della privacy – e al suo rapporto di continuità con quella offline?<br />
Nel rispondere a queste domande, il libro si spinge alle radici della realtà dei social network, per interrogare condizioni di possibilità e pratiche sociali che hanno permesso ad ambienti comunicativi come Facebook di diventare un orizzonte diffuso di senso individuale e collettivo e un luogo di osservazione privilegiato dell’importanza che i media e il Web hanno nella nostra vita. Attraverso i racconti degli utenti raccolti nell’ambito di un progetto di ricerca nazionale, il lavoro indaga in che modo Facebook sia diventato una palestra sociale in cui gli intrecci tra pratiche d’uso, forme di consumo e affordance della piattaforma mettono in luce sia le dinamiche di socializzazione all’inclusione comunicativa, sia la costante ricerca di senso della e nella connessione.</p>

<!-- This site is optimized with the Yoast SEO plugin v25.4 - https://yoast.com/wordpress/plugins/seo/ -->
<title>Fenomenologia dei social network - Guerini e Associati</title>
<meta name="robots" content="index, follow, max-snippet:-1, max-image-preview:large, max-video-preview:-1" />
<link rel="canonical" href="https://www.guerini.it/index.php/prodotto/fenomenologia-dei-social-network/" />
<meta property="og:locale" content="it_IT" />
<meta property="og:type" content="article" />
<meta property="og:title" content="Fenomenologia dei social network - Guerini e Associati" />
<meta property="og:description" content="Cosa spinge ogni giorno milioni di persone a utilizzare i social network e a considerarli uno spazio oramai dato per scontato della propria vita quotidiana? Perché molti temi caldi del recente dibattito pubblico ruotano attorno alla vita online – dal narcisismo digitale alla perdita della privacy – e al suo rapporto di continuità con quella offline? Nel rispondere a queste domande, il libro si spinge alle radici della realtà dei social network, per interrogare condizioni di possibilità e pratiche sociali che hanno permesso ad ambienti comunicativi come Facebook di diventare un orizzonte diffuso di senso individuale e collettivo e un luogo di osservazione privilegiato dell’importanza che i media e il Web hanno nella nostra vita. Attraverso i racconti degli utenti raccolti nell’ambito di un progetto di ricerca nazionale, il lavoro indaga in che modo Facebook sia diventato una palestra sociale in cui gli intrecci tra pratiche d’uso, forme di consumo e affordance della piattaforma mettono in luce sia le dinamiche di socializzazione all’inclusione comunicativa, sia la costante ricerca di senso della e nella connessione." />
<meta property="og:url" content="https://www.guerini.it/index.php/prodotto/fenomenologia-dei-social-network/" />
<meta property="og:site_name" content="Guerini e Associati" />
<meta property="article:modified_time" content="2024-06-12T12:35:05+00:00" />
<meta property="og:image" content="https://www.guerini.it/wp-content/uploads/2017/12/fenomenologia_dei_social_network_sito.jpg" />
	<meta property="og:image:width" content="236" />
	<meta property="og:image:height" content="353" />
	<meta property="og:image:type" content="image/jpeg" />
<meta name="twitter:card" content="summary_large_image" />
<meta name="twitter:label1" content="Tempo di lettura stimato" />
	<meta name="twitter:data1" content="1 minuto" />
<!-- / Yoast SEO plugin. -->

Cosa spinge ogni giorno milioni di persone a utilizzare i social network e a considerarli uno spazio oramai dato per scontato della propria vita quotidiana? Perché molti temi caldi del recente dibattito pubblico ruotano attorno alla vita online – dal narcisismo digitale alla perdita della privacy – e al suo rapporto di continuità con quella offline? Nel rispondere a queste domande, il libro si spinge alle radici della realtà dei social network, per interrogare condizioni di possibilità e pratiche sociali che hanno permesso ad ambienti comunicativi come Facebook di diventare un orizzonte diffuso di senso individuale e collettivo e un luogo di osservazione privilegiato dell’importanza che i media e il Web hanno nella nostra vita. Attraverso i racconti degli utenti raccolti nell’ambito di un progetto di ricerca nazionale, il lavoro indaga in che modo Facebook sia diventato una palestra sociale in cui gli intrecci tra pratiche d’uso, forme di consumo e affordance della piattaforma mettono in luce sia le dinamiche di socializzazione all’inclusione comunicativa, sia la costante ricerca di senso della e nella connessione.

30 anni di libri, idee e libertà
