{"id":16072,"date":"2018-01-11T11:03:02","date_gmt":"2018-01-11T10:03:02","guid":{"rendered":"https:\/\/test.guerini.it\/?product=induismo"},"modified":"2024-06-12T14:41:06","modified_gmt":"2024-06-12T12:41:06","slug":"induismo","status":"publish","type":"product","link":"https:\/\/www.guerini.it\/index.php\/prodotto\/induismo\/","title":{"rendered":"Induismo"},"content":{"rendered":"<p style=\"text-align: justify;\">Religione, filosofie, letteratura: la civilt&agrave; dell&rsquo;India &egrave; un insieme indivisibile e per accostarla occorre passare in rassegna, contestualmente, tutti e tre gli aspetti. <br \/>I maestri &ndash; <em>guru <\/em>&ndash; dell&rsquo;India antica e classica, infatti, espongono teorie raffinatissime, ma si occupano anche dei doveri dei governanti, di come fare una buona carriera e di sesso; teatro e novelle mostrano santoni e donne irreprensibili, ma pure farabutti, adultere, streghe e gli d&egrave;i, cui piace interagire con le vicende terrene (per misericordia o per semplice diletto); le epiche mantengono il proprio smalto e sono oggi tradotte anche in film e <em>serial <\/em>televisivi; l&rsquo;India delle caste &egrave; la stessa che, nella vasta produzione poetica, sbeffeggia le gerarchie, perch&eacute; l&rsquo;importante &egrave; vivere di passione e d&rsquo;amore; pratiche di severo auto-aggiogamento (<em>yoga<\/em>) convivono con tecniche spregiudicate (tantrismo) e con dottrine i cui seguaci perseguono la pace spirituale abbandonando per sempre &ndash; soli &ndash; il mondo civilizzato (ascesi). <br \/>Una sola &egrave; la certezza: non appena il suo spirito ha lasciato il corpo, ogni <em>hindu <\/em>&egrave; convinto di avviarsi verso la rinascita successiva, determinata non dal volere di un dio, ma soltanto dalle azioni da lui compiute nell&rsquo;esistenza da poco finita. E una sola &egrave; l&rsquo;ambizione di tutti, dal disprezzato intoccabile al pi&ugrave; insigne religioso, pensatore o letterato: penetrare nel <em>nirvana <\/em>e non rinascere pi&ugrave;. Con il supporto degli studi pi&ugrave; aggiornati, questo volume conduce il lettore attraverso la plurimillenaria vita dell&rsquo;induismo nei suoi versanti sacro e profano, e offre altres&igrave;, in traduzione, ampi stralci delle opere che ne formano l&rsquo;ossatura; la chiara suddivisione in capitoli e l&rsquo;ampia bibliografia favoriscono la consultazione e suggeriscono stimolanti spunti di approfondimento.<\/p>\n<p style=\"text-align: justify;\"><strong>Permalink:&nbsp;<a href=\"http:\/\/digital.casalini.it\/9788881952786\" target=\"_blank\" rel=\"noopener\">http:\/\/digital.casalini.it\/9788881952786<\/a><\/strong><\/p>\n","protected":false},"excerpt":{"rendered":"<p>Religione, filosofie, letteratura: la civilt\u00e0 dell\u2019India \u00e8 un insieme indivisibile e per accostarla occorre passare in rassegna, contestualmente, tutti e tre gli aspetti.<br \/>\nI maestri \u2013 guru \u2013 dell\u2019India antica e classica, infatti, espongono teorie raffinatissime, ma si occupano anche dei doveri dei governanti, di come fare una buona carriera e di sesso; teatro e novelle mostrano santoni e donne irreprensibili, ma pure farabutti, adultere, streghe e gli d\u00e8i, cui piace interagire con le vicende terrene (per misericordia o per semplice diletto); le epiche mantengono il proprio smalto e sono oggi tradotte anche in film e serial televisivi; l\u2019India delle caste \u00e8 la stessa che, nella vasta produzione poetica, sbeffeggia le gerarchie, perch\u00e9 l\u2019importante \u00e8 vivere di passione e d\u2019amore; pratiche di severo auto-aggiogamento (yoga) convivono con tecniche spregiudicate (tantrismo) e con dottrine i cui seguaci perseguono la pace spirituale abbandonando per sempre \u2013 soli \u2013 il mondo civilizzato (ascesi).<br \/>\nUna sola \u00e8 la certezza: non appena il suo spirito ha lasciato il corpo, ogni hindu \u00e8 convinto di avviarsi verso la rinascita successiva, determinata non dal volere di un dio, ma soltanto dalle azioni da lui compiute nell\u2019esistenza da poco finita. E una sola \u00e8 l\u2019ambizione di tutti, dal disprezzato intoccabile al pi\u00f9 insigne religioso, pensatore o letterato: penetrare nel nirvana e non rinascere pi\u00f9. Con il supporto degli studi pi\u00f9 aggiornati, questo volume conduce il lettore attraverso la plurimillenaria vita dell\u2019induismo nei suoi versanti sacro e profano, e offre altres\u00ec, in traduzione, ampi stralci delle opere che ne formano l\u2019ossatura; la chiara suddivisione in capitoli e l\u2019ampia bibliografia favoriscono la consultazione e suggeriscono stimolanti spunti di approfondimento.<\/p>\n","protected":false},"featured_media":16071,"template":"","meta":{"_editorskit_title_hidden":false,"_editorskit_reading_time":0,"_editorskit_is_block_options_detached":false,"_editorskit_block_options_position":"{}","_monsterinsights_skip_tracking":false,"_monsterinsights_sitenote_active":false,"_monsterinsights_sitenote_note":"","_monsterinsights_sitenote_category":0},"product_brand":[],"product_cat":[6530,6539],"product_tag":[],"class_list":{"0":"post-16072","1":"product","2":"type-product","3":"status-publish","4":"has-post-thumbnail","6":"product_cat-filosofia","7":"product_cat-storia-e-geografia","8":"pa_fulfillment-default","10":"first","11":"instock","12":"sale","13":"shipping-taxable","14":"purchasable","15":"product-type-simple"},"yoast_head":"<!-- This site is optimized with the Yoast SEO plugin v25.4 - https:\/\/yoast.com\/wordpress\/plugins\/seo\/ -->\n<title>Induismo - Guerini e Associati<\/title>\n<meta name=\"robots\" content=\"index, follow, max-snippet:-1, max-image-preview:large, max-video-preview:-1\" \/>\n<link rel=\"canonical\" href=\"https:\/\/www.guerini.it\/index.php\/prodotto\/induismo\/\" \/>\n<meta property=\"og:locale\" content=\"it_IT\" \/>\n<meta property=\"og:type\" content=\"article\" \/>\n<meta property=\"og:title\" content=\"Induismo - Guerini e Associati\" \/>\n<meta property=\"og:description\" content=\"Religione, filosofie, letteratura: la civilt\u00e0 dell\u2019India \u00e8 un insieme indivisibile e per accostarla occorre passare in rassegna, contestualmente, tutti e tre gli aspetti.  I maestri \u2013 guru \u2013 dell\u2019India antica e classica, infatti, espongono teorie raffinatissime, ma si occupano anche dei doveri dei governanti, di come fare una buona carriera e di sesso; teatro e novelle mostrano santoni e donne irreprensibili, ma pure farabutti, adultere, streghe e gli d\u00e8i, cui piace interagire con le vicende terrene (per misericordia o per semplice diletto); le epiche mantengono il proprio smalto e sono oggi tradotte anche in film e serial televisivi; l\u2019India delle caste \u00e8 la stessa che, nella vasta produzione poetica, sbeffeggia le gerarchie, perch\u00e9 l\u2019importante \u00e8 vivere di passione e d\u2019amore; pratiche di severo auto-aggiogamento (yoga) convivono con tecniche spregiudicate (tantrismo) e con dottrine i cui seguaci perseguono la pace spirituale abbandonando per sempre \u2013 soli \u2013 il mondo civilizzato (ascesi).  Una sola \u00e8 la certezza: non appena il suo spirito ha lasciato il corpo, ogni hindu \u00e8 convinto di avviarsi verso la rinascita successiva, determinata non dal volere di un dio, ma soltanto dalle azioni da lui compiute nell\u2019esistenza da poco finita. E una sola \u00e8 l\u2019ambizione di tutti, dal disprezzato intoccabile al pi\u00f9 insigne religioso, pensatore o letterato: penetrare nel nirvana e non rinascere pi\u00f9. Con il supporto degli studi pi\u00f9 aggiornati, questo volume conduce il lettore attraverso la plurimillenaria vita dell\u2019induismo nei suoi versanti sacro e profano, e offre altres\u00ec, in traduzione, ampi stralci delle opere che ne formano l\u2019ossatura; la chiara suddivisione in capitoli e l\u2019ampia bibliografia favoriscono la consultazione e suggeriscono stimolanti spunti di approfondimento.\" \/>\n<meta property=\"og:url\" content=\"https:\/\/www.guerini.it\/index.php\/prodotto\/induismo\/\" \/>\n<meta property=\"og:site_name\" content=\"Guerini e Associati\" \/>\n<meta property=\"article:modified_time\" content=\"2024-06-12T12:41:06+00:00\" \/>\n<meta property=\"og:image\" content=\"https:\/\/www.guerini.it\/wp-content\/uploads\/2018\/01\/induismo_sito.png\" \/>\n\t<meta property=\"og:image:width\" content=\"250\" \/>\n\t<meta property=\"og:image:height\" content=\"353\" \/>\n\t<meta property=\"og:image:type\" content=\"image\/png\" \/>\n<meta name=\"twitter:card\" content=\"summary_large_image\" \/>\n<meta name=\"twitter:label1\" content=\"Tempo di lettura stimato\" \/>\n\t<meta name=\"twitter:data1\" content=\"2 minuti\" \/>\n<!-- \/ Yoast SEO plugin. -->","yoast_head_json":{"title":"Induismo - Guerini e Associati","robots":{"index":"index","follow":"follow","max-snippet":"max-snippet:-1","max-image-preview":"max-image-preview:large","max-video-preview":"max-video-preview:-1"},"canonical":"https:\/\/www.guerini.it\/index.php\/prodotto\/induismo\/","og_locale":"it_IT","og_type":"article","og_title":"Induismo - Guerini e Associati","og_description":"Religione, filosofie, letteratura: la civilt\u00e0 dell\u2019India \u00e8 un insieme indivisibile e per accostarla occorre passare in rassegna, contestualmente, tutti e tre gli aspetti.  I maestri \u2013 guru \u2013 dell\u2019India antica e classica, infatti, espongono teorie raffinatissime, ma si occupano anche dei doveri dei governanti, di come fare una buona carriera e di sesso; teatro e novelle mostrano santoni e donne irreprensibili, ma pure farabutti, adultere, streghe e gli d\u00e8i, cui piace interagire con le vicende terrene (per misericordia o per semplice diletto); le epiche mantengono il proprio smalto e sono oggi tradotte anche in film e serial televisivi; l\u2019India delle caste \u00e8 la stessa che, nella vasta produzione poetica, sbeffeggia le gerarchie, perch\u00e9 l\u2019importante \u00e8 vivere di passione e d\u2019amore; pratiche di severo auto-aggiogamento (yoga) convivono con tecniche spregiudicate (tantrismo) e con dottrine i cui seguaci perseguono la pace spirituale abbandonando per sempre \u2013 soli \u2013 il mondo civilizzato (ascesi).  Una sola \u00e8 la certezza: non appena il suo spirito ha lasciato il corpo, ogni hindu \u00e8 convinto di avviarsi verso la rinascita successiva, determinata non dal volere di un dio, ma soltanto dalle azioni da lui compiute nell\u2019esistenza da poco finita. E una sola \u00e8 l\u2019ambizione di tutti, dal disprezzato intoccabile al pi\u00f9 insigne religioso, pensatore o letterato: penetrare nel nirvana e non rinascere pi\u00f9. Con il supporto degli studi pi\u00f9 aggiornati, questo volume conduce il lettore attraverso la plurimillenaria vita dell\u2019induismo nei suoi versanti sacro e profano, e offre altres\u00ec, in traduzione, ampi stralci delle opere che ne formano l\u2019ossatura; la chiara suddivisione in capitoli e l\u2019ampia bibliografia favoriscono la consultazione e suggeriscono stimolanti spunti di approfondimento.","og_url":"https:\/\/www.guerini.it\/index.php\/prodotto\/induismo\/","og_site_name":"Guerini e Associati","article_modified_time":"2024-06-12T12:41:06+00:00","og_image":[{"width":250,"height":353,"url":"https:\/\/www.guerini.it\/wp-content\/uploads\/2018\/01\/induismo_sito.png","type":"image\/png"}],"twitter_card":"summary_large_image","twitter_misc":{"Tempo di lettura stimato":"2 minuti"},"schema":{"@context":"https:\/\/schema.org","@graph":[{"@type":"WebPage","@id":"https:\/\/www.guerini.it\/index.php\/prodotto\/induismo\/","url":"https:\/\/www.guerini.it\/index.php\/prodotto\/induismo\/","name":"Induismo - Guerini e Associati","isPartOf":{"@id":"https:\/\/www.guerini.it\/#website"},"primaryImageOfPage":{"@id":"https:\/\/www.guerini.it\/index.php\/prodotto\/induismo\/#primaryimage"},"image":{"@id":"https:\/\/www.guerini.it\/index.php\/prodotto\/induismo\/#primaryimage"},"thumbnailUrl":"https:\/\/www.guerini.it\/wp-content\/uploads\/2018\/01\/induismo_sito.png","datePublished":"2018-01-11T10:03:02+00:00","dateModified":"2024-06-12T12:41:06+00:00","breadcrumb":{"@id":"https:\/\/www.guerini.it\/index.php\/prodotto\/induismo\/#breadcrumb"},"inLanguage":"it-IT","potentialAction":[{"@type":"ReadAction","target":["https:\/\/www.guerini.it\/index.php\/prodotto\/induismo\/"]}]},{"@type":"ImageObject","inLanguage":"it-IT","@id":"https:\/\/www.guerini.it\/index.php\/prodotto\/induismo\/#primaryimage","url":"https:\/\/www.guerini.it\/wp-content\/uploads\/2018\/01\/induismo_sito.png","contentUrl":"https:\/\/www.guerini.it\/wp-content\/uploads\/2018\/01\/induismo_sito.png","width":250,"height":353,"caption":"Induismo"},{"@type":"BreadcrumbList","@id":"https:\/\/www.guerini.it\/index.php\/prodotto\/induismo\/#breadcrumb","itemListElement":[{"@type":"ListItem","position":1,"name":"Home","item":"https:\/\/www.guerini.it\/"},{"@type":"ListItem","position":2,"name":"Catalogo","item":"https:\/\/www.guerini.it\/index.php\/negozio\/"},{"@type":"ListItem","position":3,"name":"Induismo"}]},{"@type":"WebSite","@id":"https:\/\/www.guerini.it\/#website","url":"https:\/\/www.guerini.it\/","name":"Guerini e Associati","description":"30 anni di libri, idee e libert\u00e0","publisher":{"@id":"https:\/\/www.guerini.it\/#organization"},"potentialAction":[{"@type":"SearchAction","target":{"@type":"EntryPoint","urlTemplate":"https:\/\/www.guerini.it\/?s={search_term_string}"},"query-input":{"@type":"PropertyValueSpecification","valueRequired":true,"valueName":"search_term_string"}}],"inLanguage":"it-IT"},{"@type":"Organization","@id":"https:\/\/www.guerini.it\/#organization","name":"Guerini e Associati","url":"https:\/\/www.guerini.it\/","logo":{"@type":"ImageObject","inLanguage":"it-IT","@id":"https:\/\/www.guerini.it\/#\/schema\/logo\/image\/","url":"https:\/\/www.guerini.it\/wp-content\/uploads\/2021\/03\/Logo-Guerini-OK_-e1615831292285.png","contentUrl":"https:\/\/www.guerini.it\/wp-content\/uploads\/2021\/03\/Logo-Guerini-OK_-e1615831292285.png","width":2805,"height":1870,"caption":"Guerini e Associati"},"image":{"@id":"https:\/\/www.guerini.it\/#\/schema\/logo\/image\/"}}]}},"_links":{"self":[{"href":"https:\/\/www.guerini.it\/index.php\/wp-json\/wp\/v2\/product\/16072","targetHints":{"allow":["GET"]}}],"collection":[{"href":"https:\/\/www.guerini.it\/index.php\/wp-json\/wp\/v2\/product"}],"about":[{"href":"https:\/\/www.guerini.it\/index.php\/wp-json\/wp\/v2\/types\/product"}],"wp:featuredmedia":[{"embeddable":true,"href":"https:\/\/www.guerini.it\/index.php\/wp-json\/wp\/v2\/media\/16071"}],"wp:attachment":[{"href":"https:\/\/www.guerini.it\/index.php\/wp-json\/wp\/v2\/media?parent=16072"}],"wp:term":[{"taxonomy":"product_brand","embeddable":true,"href":"https:\/\/www.guerini.it\/index.php\/wp-json\/wp\/v2\/product_brand?post=16072"},{"taxonomy":"product_cat","embeddable":true,"href":"https:\/\/www.guerini.it\/index.php\/wp-json\/wp\/v2\/product_cat?post=16072"},{"taxonomy":"product_tag","embeddable":true,"href":"https:\/\/www.guerini.it\/index.php\/wp-json\/wp\/v2\/product_tag?post=16072"}],"curies":[{"name":"wp","href":"https:\/\/api.w.org\/{rel}","templated":true}]}}