{"id":16074,"date":"2018-01-11T11:08:13","date_gmt":"2018-01-11T10:08:13","guid":{"rendered":"https:\/\/test.guerini.it\/?product=in-modo-diverso"},"modified":"2024-06-12T14:41:04","modified_gmt":"2024-06-12T12:41:04","slug":"in-modo-diverso","status":"publish","type":"product","link":"https:\/\/www.guerini.it\/index.php\/prodotto\/in-modo-diverso\/","title":{"rendered":"In modo diverso"},"content":{"rendered":"<p style=\"text-align: justify;\">L\u2019Italia \u00e8 nel bel mezzo di un interregno, tra ieri e domani, tra non pi\u00f9 e non ancora. \u00c8 nel cuore di un meticciamento di valori e di opinioni, in cui convivono pulsioni differenti e antitetiche. Un amalgama scivoloso in cui gli elementi del passato si sovrappongono, senza affermarsi nettamente, ma mescolandosi o meglio impastandosi, con le nuove spinte trasformative della contemporaneit\u00e0. Nuovo e vecchio non si colorano, per\u00f2, lungo le vie usuali, in cui il nuovo \u00e8 rappresentato dalle spinte innovative e di apertura e il vecchio da quelle conservative e tradizionali: siamo di fronte a un\u2019ibridazione dalle polarit\u00e0 molteplici e fluide, in cui il nuovo assume anche i contorni di inversioni di rotta, di chiusure protezionistiche e il vecchio, specie nell\u2019ambito dei diritti sociali, appare pi\u00f9 avanti e aperturista rispetto alle dinamiche retrocessive degli ultimi anni.<br \/>\nCome \u00e8 cambiato il nostro paese dal 1997 al 2017? Venti anni di mutamenti e trasfigurazioni. Venti anni della nostra storia e della nostra societ\u00e0 letti attraverso la lente attenta e approfondita dell\u2019Osservatorio sui mutamenti valoriali e sociali di SWG.<\/p>\n<hr \/>\n<p style=\"text-align: justify;\"><strong>Enzo Risso<\/strong> \u00e8 direttore scientifico di SWG e docente di sociologia dei processi culturali e comunicativi. Spin doctor, storyteller e giornalista professionista, \u00e8 esperto in analisi sociali, politiche, economiche, valoriali e di marketing comunicativo. Analista-editorialista per Il Messaggero, \u00e8 autore di un\u2019amplia bibliografia di studi e ricerche. Per le nostre edizioni ha pubblicato, nel 2016, <a href=\"https:\/\/www.guerini.it\/index.php\/prodotto\/con-rabbia-e-speranza\/\"><em>Con rabbia e speranza. Il nuovo volto dell\u2019Italia in cerca di riscatto<\/em><\/a>.<\/p>\n<p style=\"text-align: justify;\"><strong>Maurizio Pessato<\/strong> \u00e8 presidente di SWG. Nel corso degli anni ha seguito il settore di ricerca sugli atteggiamenti dell\u2019opinione pubblica curando, in particolare, la realizzazione dell\u2019Osservatorio sui valori sociali, culturali e politici degli italiani. \u00c8 stato vicepresidente e consigliere dell\u2019ASSIRM, lavorando su varie tematiche del settore delle ricerche di mercato e di opinione.<\/p>\n","protected":false},"excerpt":{"rendered":"<p>L\u2019Italia \u00e8 nel bel mezzo di un interregno, tra ieri e domani, tra non pi\u00f9 e non ancora. \u00c8 nel cuore di un meticciamento di valori e di opinioni, in cui convivono pulsioni differenti e antitetiche. Un amalgama scivoloso in cui gli elementi del passato si sovrappongono, senza affermarsi nettamente, ma mescolandosi o meglio impastandosi, con le nuove spinte trasformative della contemporaneit\u00e0. Nuovo e vecchio non si colorano, per\u00f2, lungo le vie usuali, in cui il nuovo \u00e8 rappresentato dalle spinte innovative e di apertura e il vecchio da quelle conservative e tradizionali: siamo di fronte a un\u2019ibridazione dalle polarit\u00e0 molteplici e fluide, in cui il nuovo assume anche i contorni di inversioni di rotta, di chiusure protezionistiche e il vecchio, specie nell\u2019ambito dei diritti sociali, appare pi\u00f9 avanti e aperturista rispetto alle dinamiche retrocessive degli ultimi anni.<br \/>\nCome \u00e8 cambiato il nostro paese dal 1997 al 2017? Venti anni di mutamenti e trasfigurazioni. Venti anni della nostra storia e della nostra societ\u00e0 letti attraverso la lente attenta e approfondita dell\u2019Osservatorio sui mutamenti valoriali e sociali di SWG.<\/p>\n","protected":false},"featured_media":23649,"template":"","meta":{"_editorskit_title_hidden":false,"_editorskit_reading_time":0,"_editorskit_is_block_options_detached":false,"_editorskit_block_options_position":"{}","_monsterinsights_skip_tracking":false,"_monsterinsights_sitenote_active":false,"_monsterinsights_sitenote_note":"","_monsterinsights_sitenote_category":0},"product_brand":[],"product_cat":[6585,6527],"product_tag":[],"class_list":{"0":"post-16074","1":"product","2":"type-product","3":"status-publish","4":"has-post-thumbnail","6":"product_cat-sma","7":"product_cat-attualita","8":"pa_guerini_amazon_link-https-www-amazon-it-modo-diverso-1997-2017-cambiata-lopinione-dp-8862506759","9":"pa_guerini_feltrinelli_link-https-www-lafeltrinelli-it-in-modo-diverso-1997-2017-libro-vari-e-9788862506755","10":"pa_guerini_ibs_link-https-www-ibs-it-in-modo-diverso-1997-2017-libro-vari-e-9788862506755","11":"pa_guerini_libruniver_link-https-www-libreriauniversitaria-it-modo-diverso-1997-2017-cambiata-libro-9788862506755","12":"pa_guerini_mondadori_link-https-www-mondadoristore-it-modo-diverso-1997-2017-come-na-eai978886250675","14":"first","15":"instock","16":"sale","17":"shipping-taxable","18":"purchasable","19":"product-type-simple"},"yoast_head":"<!-- This site is optimized with the Yoast SEO plugin v25.4 - https:\/\/yoast.com\/wordpress\/plugins\/seo\/ -->\n<title>In modo diverso - Guerini e Associati<\/title>\n<meta name=\"robots\" content=\"index, follow, max-snippet:-1, max-image-preview:large, max-video-preview:-1\" \/>\n<link rel=\"canonical\" href=\"https:\/\/www.guerini.it\/index.php\/prodotto\/in-modo-diverso\/\" \/>\n<meta property=\"og:locale\" content=\"it_IT\" \/>\n<meta property=\"og:type\" content=\"article\" \/>\n<meta property=\"og:title\" content=\"In modo diverso - Guerini e Associati\" \/>\n<meta property=\"og:description\" content=\"L\u2019Italia \u00e8 nel bel mezzo di un interregno, tra ieri e domani, tra non pi\u00f9 e non ancora. \u00c8 nel cuore di un meticciamento di valori e di opinioni, in cui convivono pulsioni differenti e antitetiche. Un amalgama scivoloso in cui gli elementi del passato si sovrappongono, senza affermarsi nettamente, ma mescolandosi o meglio impastandosi, con le nuove spinte trasformative della contemporaneit\u00e0. Nuovo e vecchio non si colorano, per\u00f2, lungo le vie usuali, in cui il nuovo \u00e8 rappresentato dalle spinte innovative e di apertura e il vecchio da quelle conservative e tradizionali: siamo di fronte a un\u2019ibridazione dalle polarit\u00e0 molteplici e fluide, in cui il nuovo assume anche i contorni di inversioni di rotta, di chiusure protezionistiche e il vecchio, specie nell\u2019ambito dei diritti sociali, appare pi\u00f9 avanti e aperturista rispetto alle dinamiche retrocessive degli ultimi anni. Come \u00e8 cambiato il nostro paese dal 1997 al 2017? Venti anni di mutamenti e trasfigurazioni. Venti anni della nostra storia e della nostra societ\u00e0 letti attraverso la lente attenta e approfondita dell\u2019Osservatorio sui mutamenti valoriali e sociali di SWG.\" \/>\n<meta property=\"og:url\" content=\"https:\/\/www.guerini.it\/index.php\/prodotto\/in-modo-diverso\/\" \/>\n<meta property=\"og:site_name\" content=\"Guerini e Associati\" \/>\n<meta property=\"article:modified_time\" content=\"2024-06-12T12:41:04+00:00\" \/>\n<meta property=\"og:image\" content=\"https:\/\/www.guerini.it\/wp-content\/uploads\/2018\/01\/In-modo-diverso.webp\" \/>\n\t<meta property=\"og:image:width\" content=\"643\" \/>\n\t<meta property=\"og:image:height\" content=\"1000\" \/>\n\t<meta property=\"og:image:type\" content=\"image\/webp\" \/>\n<meta name=\"twitter:card\" content=\"summary_large_image\" \/>\n<meta name=\"twitter:label1\" content=\"Tempo di lettura stimato\" \/>\n\t<meta name=\"twitter:data1\" content=\"2 minuti\" \/>\n<!-- \/ Yoast SEO plugin. -->","yoast_head_json":{"title":"In modo diverso - Guerini e Associati","robots":{"index":"index","follow":"follow","max-snippet":"max-snippet:-1","max-image-preview":"max-image-preview:large","max-video-preview":"max-video-preview:-1"},"canonical":"https:\/\/www.guerini.it\/index.php\/prodotto\/in-modo-diverso\/","og_locale":"it_IT","og_type":"article","og_title":"In modo diverso - Guerini e Associati","og_description":"L\u2019Italia \u00e8 nel bel mezzo di un interregno, tra ieri e domani, tra non pi\u00f9 e non ancora. \u00c8 nel cuore di un meticciamento di valori e di opinioni, in cui convivono pulsioni differenti e antitetiche. Un amalgama scivoloso in cui gli elementi del passato si sovrappongono, senza affermarsi nettamente, ma mescolandosi o meglio impastandosi, con le nuove spinte trasformative della contemporaneit\u00e0. Nuovo e vecchio non si colorano, per\u00f2, lungo le vie usuali, in cui il nuovo \u00e8 rappresentato dalle spinte innovative e di apertura e il vecchio da quelle conservative e tradizionali: siamo di fronte a un\u2019ibridazione dalle polarit\u00e0 molteplici e fluide, in cui il nuovo assume anche i contorni di inversioni di rotta, di chiusure protezionistiche e il vecchio, specie nell\u2019ambito dei diritti sociali, appare pi\u00f9 avanti e aperturista rispetto alle dinamiche retrocessive degli ultimi anni. Come \u00e8 cambiato il nostro paese dal 1997 al 2017? Venti anni di mutamenti e trasfigurazioni. Venti anni della nostra storia e della nostra societ\u00e0 letti attraverso la lente attenta e approfondita dell\u2019Osservatorio sui mutamenti valoriali e sociali di SWG.","og_url":"https:\/\/www.guerini.it\/index.php\/prodotto\/in-modo-diverso\/","og_site_name":"Guerini e Associati","article_modified_time":"2024-06-12T12:41:04+00:00","og_image":[{"width":643,"height":1000,"url":"https:\/\/www.guerini.it\/wp-content\/uploads\/2018\/01\/In-modo-diverso.webp","type":"image\/webp"}],"twitter_card":"summary_large_image","twitter_misc":{"Tempo di lettura stimato":"2 minuti"},"schema":{"@context":"https:\/\/schema.org","@graph":[{"@type":"WebPage","@id":"https:\/\/www.guerini.it\/index.php\/prodotto\/in-modo-diverso\/","url":"https:\/\/www.guerini.it\/index.php\/prodotto\/in-modo-diverso\/","name":"In modo diverso - Guerini e Associati","isPartOf":{"@id":"https:\/\/www.guerini.it\/#website"},"primaryImageOfPage":{"@id":"https:\/\/www.guerini.it\/index.php\/prodotto\/in-modo-diverso\/#primaryimage"},"image":{"@id":"https:\/\/www.guerini.it\/index.php\/prodotto\/in-modo-diverso\/#primaryimage"},"thumbnailUrl":"https:\/\/www.guerini.it\/wp-content\/uploads\/2018\/01\/In-modo-diverso.webp","datePublished":"2018-01-11T10:08:13+00:00","dateModified":"2024-06-12T12:41:04+00:00","breadcrumb":{"@id":"https:\/\/www.guerini.it\/index.php\/prodotto\/in-modo-diverso\/#breadcrumb"},"inLanguage":"it-IT","potentialAction":[{"@type":"ReadAction","target":["https:\/\/www.guerini.it\/index.php\/prodotto\/in-modo-diverso\/"]}]},{"@type":"ImageObject","inLanguage":"it-IT","@id":"https:\/\/www.guerini.it\/index.php\/prodotto\/in-modo-diverso\/#primaryimage","url":"https:\/\/www.guerini.it\/wp-content\/uploads\/2018\/01\/In-modo-diverso.webp","contentUrl":"https:\/\/www.guerini.it\/wp-content\/uploads\/2018\/01\/In-modo-diverso.webp","width":643,"height":1000,"caption":"Copertina del volume In modo diverso, Guerini e Associati, 2018"},{"@type":"BreadcrumbList","@id":"https:\/\/www.guerini.it\/index.php\/prodotto\/in-modo-diverso\/#breadcrumb","itemListElement":[{"@type":"ListItem","position":1,"name":"Home","item":"https:\/\/www.guerini.it\/"},{"@type":"ListItem","position":2,"name":"Catalogo","item":"https:\/\/www.guerini.it\/index.php\/negozio\/"},{"@type":"ListItem","position":3,"name":"In modo diverso"}]},{"@type":"WebSite","@id":"https:\/\/www.guerini.it\/#website","url":"https:\/\/www.guerini.it\/","name":"Guerini e Associati","description":"30 anni di libri, idee e libert\u00e0","publisher":{"@id":"https:\/\/www.guerini.it\/#organization"},"potentialAction":[{"@type":"SearchAction","target":{"@type":"EntryPoint","urlTemplate":"https:\/\/www.guerini.it\/?s={search_term_string}"},"query-input":{"@type":"PropertyValueSpecification","valueRequired":true,"valueName":"search_term_string"}}],"inLanguage":"it-IT"},{"@type":"Organization","@id":"https:\/\/www.guerini.it\/#organization","name":"Guerini e Associati","url":"https:\/\/www.guerini.it\/","logo":{"@type":"ImageObject","inLanguage":"it-IT","@id":"https:\/\/www.guerini.it\/#\/schema\/logo\/image\/","url":"https:\/\/www.guerini.it\/wp-content\/uploads\/2021\/03\/Logo-Guerini-OK_-e1615831292285.png","contentUrl":"https:\/\/www.guerini.it\/wp-content\/uploads\/2021\/03\/Logo-Guerini-OK_-e1615831292285.png","width":2805,"height":1870,"caption":"Guerini e Associati"},"image":{"@id":"https:\/\/www.guerini.it\/#\/schema\/logo\/image\/"}}]}},"_links":{"self":[{"href":"https:\/\/www.guerini.it\/index.php\/wp-json\/wp\/v2\/product\/16074","targetHints":{"allow":["GET"]}}],"collection":[{"href":"https:\/\/www.guerini.it\/index.php\/wp-json\/wp\/v2\/product"}],"about":[{"href":"https:\/\/www.guerini.it\/index.php\/wp-json\/wp\/v2\/types\/product"}],"wp:featuredmedia":[{"embeddable":true,"href":"https:\/\/www.guerini.it\/index.php\/wp-json\/wp\/v2\/media\/23649"}],"wp:attachment":[{"href":"https:\/\/www.guerini.it\/index.php\/wp-json\/wp\/v2\/media?parent=16074"}],"wp:term":[{"taxonomy":"product_brand","embeddable":true,"href":"https:\/\/www.guerini.it\/index.php\/wp-json\/wp\/v2\/product_brand?post=16074"},{"taxonomy":"product_cat","embeddable":true,"href":"https:\/\/www.guerini.it\/index.php\/wp-json\/wp\/v2\/product_cat?post=16074"},{"taxonomy":"product_tag","embeddable":true,"href":"https:\/\/www.guerini.it\/index.php\/wp-json\/wp\/v2\/product_tag?post=16074"}],"curies":[{"name":"wp","href":"https:\/\/api.w.org\/{rel}","templated":true}]}}

<p style="text-align: justify;">L’Italia è nel bel mezzo di un interregno, tra ieri e domani, tra non più e non ancora. È nel cuore di un meticciamento di valori e di opinioni, in cui convivono pulsioni differenti e antitetiche. Un amalgama scivoloso in cui gli elementi del passato si sovrappongono, senza affermarsi nettamente, ma mescolandosi o meglio impastandosi, con le nuove spinte trasformative della contemporaneità. Nuovo e vecchio non si colorano, però, lungo le vie usuali, in cui il nuovo è rappresentato dalle spinte innovative e di apertura e il vecchio da quelle conservative e tradizionali: siamo di fronte a un’ibridazione dalle polarità molteplici e fluide, in cui il nuovo assume anche i contorni di inversioni di rotta, di chiusure protezionistiche e il vecchio, specie nell’ambito dei diritti sociali, appare più avanti e aperturista rispetto alle dinamiche retrocessive degli ultimi anni.<br />
Come è cambiato il nostro paese dal 1997 al 2017? Venti anni di mutamenti e trasfigurazioni. Venti anni della nostra storia e della nostra società letti attraverso la lente attenta e approfondita dell’Osservatorio sui mutamenti valoriali e sociali di SWG.</p>
<hr />
<p style="text-align: justify;"><strong>Enzo Risso</strong> è direttore scientifico di SWG e docente di sociologia dei processi culturali e comunicativi. Spin doctor, storyteller e giornalista professionista, è esperto in analisi sociali, politiche, economiche, valoriali e di marketing comunicativo. Analista-editorialista per Il Messaggero, è autore di un’amplia bibliografia di studi e ricerche. Per le nostre edizioni ha pubblicato, nel 2016, <a href="https://www.guerini.it/index.php/prodotto/con-rabbia-e-speranza/"><em>Con rabbia e speranza. Il nuovo volto dell’Italia in cerca di riscatto</em></a>.</p>
<p style="text-align: justify;"><strong>Maurizio Pessato</strong> è presidente di SWG. Nel corso degli anni ha seguito il settore di ricerca sugli atteggiamenti dell’opinione pubblica curando, in particolare, la realizzazione dell’Osservatorio sui valori sociali, culturali e politici degli italiani. È stato vicepresidente e consigliere dell’ASSIRM, lavorando su varie tematiche del settore delle ricerche di mercato e di opinione.</p>

<p>L’Italia è nel bel mezzo di un interregno, tra ieri e domani, tra non più e non ancora. È nel cuore di un meticciamento di valori e di opinioni, in cui convivono pulsioni differenti e antitetiche. Un amalgama scivoloso in cui gli elementi del passato si sovrappongono, senza affermarsi nettamente, ma mescolandosi o meglio impastandosi, con le nuove spinte trasformative della contemporaneità. Nuovo e vecchio non si colorano, però, lungo le vie usuali, in cui il nuovo è rappresentato dalle spinte innovative e di apertura e il vecchio da quelle conservative e tradizionali: siamo di fronte a un’ibridazione dalle polarità molteplici e fluide, in cui il nuovo assume anche i contorni di inversioni di rotta, di chiusure protezionistiche e il vecchio, specie nell’ambito dei diritti sociali, appare più avanti e aperturista rispetto alle dinamiche retrocessive degli ultimi anni.<br />
Come è cambiato il nostro paese dal 1997 al 2017? Venti anni di mutamenti e trasfigurazioni. Venti anni della nostra storia e della nostra società letti attraverso la lente attenta e approfondita dell’Osservatorio sui mutamenti valoriali e sociali di SWG.</p>

<!-- This site is optimized with the Yoast SEO plugin v25.4 - https://yoast.com/wordpress/plugins/seo/ -->
<title>In modo diverso - Guerini e Associati</title>
<meta name="robots" content="index, follow, max-snippet:-1, max-image-preview:large, max-video-preview:-1" />
<link rel="canonical" href="https://www.guerini.it/index.php/prodotto/in-modo-diverso/" />
<meta property="og:locale" content="it_IT" />
<meta property="og:type" content="article" />
<meta property="og:title" content="In modo diverso - Guerini e Associati" />
<meta property="og:description" content="L’Italia è nel bel mezzo di un interregno, tra ieri e domani, tra non più e non ancora. È nel cuore di un meticciamento di valori e di opinioni, in cui convivono pulsioni differenti e antitetiche. Un amalgama scivoloso in cui gli elementi del passato si sovrappongono, senza affermarsi nettamente, ma mescolandosi o meglio impastandosi, con le nuove spinte trasformative della contemporaneità. Nuovo e vecchio non si colorano, però, lungo le vie usuali, in cui il nuovo è rappresentato dalle spinte innovative e di apertura e il vecchio da quelle conservative e tradizionali: siamo di fronte a un’ibridazione dalle polarità molteplici e fluide, in cui il nuovo assume anche i contorni di inversioni di rotta, di chiusure protezionistiche e il vecchio, specie nell’ambito dei diritti sociali, appare più avanti e aperturista rispetto alle dinamiche retrocessive degli ultimi anni. Come è cambiato il nostro paese dal 1997 al 2017? Venti anni di mutamenti e trasfigurazioni. Venti anni della nostra storia e della nostra società letti attraverso la lente attenta e approfondita dell’Osservatorio sui mutamenti valoriali e sociali di SWG." />
<meta property="og:url" content="https://www.guerini.it/index.php/prodotto/in-modo-diverso/" />
<meta property="og:site_name" content="Guerini e Associati" />
<meta property="article:modified_time" content="2024-06-12T12:41:04+00:00" />
<meta property="og:image" content="https://www.guerini.it/wp-content/uploads/2018/01/In-modo-diverso.webp" />
	<meta property="og:image:width" content="643" />
	<meta property="og:image:height" content="1000" />
	<meta property="og:image:type" content="image/webp" />
<meta name="twitter:card" content="summary_large_image" />
<meta name="twitter:label1" content="Tempo di lettura stimato" />
	<meta name="twitter:data1" content="2 minuti" />
<!-- / Yoast SEO plugin. -->

L’Italia è nel bel mezzo di un interregno, tra ieri e domani, tra non più e non ancora. È nel cuore di un meticciamento di valori e di opinioni, in cui convivono pulsioni differenti e antitetiche. Un amalgama scivoloso in cui gli elementi del passato si sovrappongono, senza affermarsi nettamente, ma mescolandosi o meglio impastandosi, con le nuove spinte trasformative della contemporaneità. Nuovo e vecchio non si colorano, però, lungo le vie usuali, in cui il nuovo è rappresentato dalle spinte innovative e di apertura e il vecchio da quelle conservative e tradizionali: siamo di fronte a un’ibridazione dalle polarità molteplici e fluide, in cui il nuovo assume anche i contorni di inversioni di rotta, di chiusure protezionistiche e il vecchio, specie nell’ambito dei diritti sociali, appare più avanti e aperturista rispetto alle dinamiche retrocessive degli ultimi anni. Come è cambiato il nostro paese dal 1997 al 2017? Venti anni di mutamenti e trasfigurazioni. Venti anni della nostra storia e della nostra società letti attraverso la lente attenta e approfondita dell’Osservatorio sui mutamenti valoriali e sociali di SWG.

30 anni di libri, idee e libertà
