{"id":16076,"date":"2018-01-11T11:19:19","date_gmt":"2018-01-11T10:19:19","guid":{"rendered":"https:\/\/test.guerini.it\/?product=audaci-visionari-2"},"modified":"2025-11-26T09:17:44","modified_gmt":"2025-11-26T08:17:44","slug":"audaci-visionari-2","status":"publish","type":"product","link":"https:\/\/www.guerini.it\/index.php\/prodotto\/audaci-visionari-2\/","title":{"rendered":"Audaci visionari"},"content":{"rendered":"<p style=\"text-align: justify;\">In un libro appassionato e appassionante, Ray Smilor svela l&#8217;essenza profonda dell&#8217;essere imprenditore. Attraverso la presentazione di storie concrete di successi e fallimenti, Smilor decifra il codice del dna imprenditoriale, illustra le qualit\u00e0 che consentono agli imprenditori di superare gli ostacoli e di muovere verso il futuro con energia e ottimismo, riuscendo a trascinare altre persone nel loro audace cammino.<br \/>\nGli imprenditori, sostiere Smilor, \u00abcredono fermamente nella loro abilit\u00e0 di influenzare gli eventi, nella loro capacit\u00e0 di indirizzare la sorte e nel loro potere di modellare il futuro\u00bb. Come sostiene Gianfranco Dioguardi nella sua presentazione, sono parole a cui \u00abin particolare i giovani della vecchia Europa dovrebbero ispirarsi, per riuscire a interpretare l&#8217;imprenditorialit\u00e0 con quell&#8217;entusiasmo e quella passione che cos\u00ec bene e in termini cos\u00ec intensi emergono dalle pagine di <em>Audaci visionari\u00bb<\/em>.<br \/>\nL&#8217;approccio visionario, insieme a una buona dose di fortuna e alla capacit\u00e0 di apprendere dall&#8217;esperienza propria e altrui, sapendo ricominciare sempre da capo, d\u00e0 sostanza e plausibilit\u00e0 e una delle affermazioni che meglio colgono lo spirito di Smilor e del suo imprenditore:<\/p>\n<p style=\"text-align: center;\"><strong>\u00abSe qualcuno ti dice che una cosa non \u00e8 possibile, falla comunque\u00bb.<\/strong><\/p>\n<p style=\"text-align: justify;\">La nuova edizione, aggiornata con un contributo di Ivan Giordano, Presidente di ICAF (Istituto di Conciliazione e Alta Formazione), mostra come la visione di Smilor sia applicabile anche all&#8217;istituto della conciliazione civile.<\/p>\n","protected":false},"excerpt":{"rendered":"<p>In un libro appassionato e appassionante, Ray Smilor svela l&#8217;essenza profonda dell&#8217;essere imprenditore. Attraverso la presentazione di storie concrete di successi e fallimenti, Smilor decifra il codice del dna imprenditoriale, illustra le qualit\u00e0 che consentono agli imprenditori di superare gli ostacoli e di muovere verso il futuro con energia e ottimismo, riuscendo a trascinare altre persone nel loro audace cammino.<br \/>\nGli imprenditori, sostiere Smilor, \u00abcredono fermamente nella loro abilit\u00e0 di influenzare gli eventi, nella loro capacit\u00e0 di indirizzare la sorte e nel loro potere di modellare il futuro\u00bb. Come sostiene Gianfranco Dioguardi nella sua presentazione, sono parole a cui \u00abin particolare i giovani della vecchia Europa dovrebbero ispirarsi, per riuscire a interpretare l&#8217;imprenditorialit\u00e0 con quell&#8217;entusiasmo e quella passione che cos\u00ec bene e in termini cos\u00ec intensi emergono dalle pagine di Audaci visionari\u00bb.<br \/>\nL&#8217;approccio visionario, insieme a una buona dose di fortuna e alla capacit\u00e0 di apprendere dall&#8217;esperienza propria e altrui, sapendo ricominciare sempre da capo, d\u00e0 sostanza e plausibilit\u00e0 e una delle affermazioni che meglio colgono lo spirito di Smilor e del suo imprenditore:<\/p>\n<p>\u00abSe qualcuno ti dice che una cosa non \u00e8 possibile, falla comunque\u00bb.<br \/>\nLa nuova edizione, aggiornata con un contributo di Ivan Giordano, Presidente di ICAF (Istituto di Conciliazione e Alta Formazione), mostra come la visione di Smilor sia applicabile anche all&#8217;istituto della conciliazione civile.<\/p>\n","protected":false},"featured_media":16075,"template":"","meta":{"_editorskit_title_hidden":false,"_editorskit_reading_time":0,"_editorskit_is_block_options_detached":false,"_editorskit_block_options_position":"{}","_monsterinsights_skip_tracking":false,"_monsterinsights_sitenote_active":false,"_monsterinsights_sitenote_note":"","_monsterinsights_sitenote_category":0},"product_brand":[],"product_cat":[6805,6529],"product_tag":[],"class_list":{"0":"post-16076","1":"product","2":"type-product","3":"status-publish","4":"has-post-thumbnail","6":"product_cat-guerini-next","7":"product_cat-economia-e-management","8":"pa_fulfillment-default","9":"pa_guerini_amazon_link-https-www-amazon-it-visionari-imprenditori-fondano-generano-richezza-dp-8868961830","10":"pa_guerini_feltrinelli_link-https-www-lafeltrinelli-it-audaci-visionari-come-imprenditori-fondano-libro-ray-smilor-e-9788868961831","11":"pa_guerini_ibs_link-https-www-ibs-it-audaci-visionari-come-imprenditori-fondano-libro-ray-smilor-e-9788868961831","12":"pa_guerini_libruniver_link-https-www-libreriauniversitaria-it-audaci-visionari-imprenditori-fondano-aziende-libro-9788868961831","13":"pa_guerini_mondadori_link-https-www-mondadoristore-it-audaci-visionari-come-ray-smilor-eai978886896183","15":"first","16":"instock","17":"sale","18":"shipping-taxable","19":"purchasable","20":"product-type-simple"},"yoast_head":"<!-- This site is optimized with the Yoast SEO plugin v25.4 - https:\/\/yoast.com\/wordpress\/plugins\/seo\/ -->\n<title>Audaci visionari - Guerini e Associati<\/title>\n<meta name=\"robots\" content=\"index, follow, max-snippet:-1, max-image-preview:large, max-video-preview:-1\" \/>\n<link rel=\"canonical\" href=\"https:\/\/www.guerini.it\/index.php\/prodotto\/audaci-visionari-2\/\" \/>\n<meta property=\"og:locale\" content=\"it_IT\" \/>\n<meta property=\"og:type\" content=\"article\" \/>\n<meta property=\"og:title\" content=\"Audaci visionari - Guerini e Associati\" \/>\n<meta property=\"og:description\" content=\"In un libro appassionato e appassionante, Ray Smilor svela l&#039;essenza profonda dell&#039;essere imprenditore. Attraverso la presentazione di storie concrete di successi e fallimenti, Smilor decifra il codice del dna imprenditoriale, illustra le qualit\u00e0 che consentono agli imprenditori di superare gli ostacoli e di muovere verso il futuro con energia e ottimismo, riuscendo a trascinare altre persone nel loro audace cammino. Gli imprenditori, sostiere Smilor, \u00abcredono fermamente nella loro abilit\u00e0 di influenzare gli eventi, nella loro capacit\u00e0 di indirizzare la sorte e nel loro potere di modellare il futuro\u00bb. Come sostiene Gianfranco Dioguardi nella sua presentazione, sono parole a cui \u00abin particolare i giovani della vecchia Europa dovrebbero ispirarsi, per riuscire a interpretare l&#039;imprenditorialit\u00e0 con quell&#039;entusiasmo e quella passione che cos\u00ec bene e in termini cos\u00ec intensi emergono dalle pagine di Audaci visionari\u00bb. L&#039;approccio visionario, insieme a una buona dose di fortuna e alla capacit\u00e0 di apprendere dall&#039;esperienza propria e altrui, sapendo ricominciare sempre da capo, d\u00e0 sostanza e plausibilit\u00e0 e una delle affermazioni che meglio colgono lo spirito di Smilor e del suo imprenditore:  \u00abSe qualcuno ti dice che una cosa non \u00e8 possibile, falla comunque\u00bb. La nuova edizione, aggiornata con un contributo di Ivan Giordano, Presidente di ICAF (Istituto di Conciliazione e Alta Formazione), mostra come la visione di Smilor sia applicabile anche all&#039;istituto della conciliazione civile.\" \/>\n<meta property=\"og:url\" content=\"https:\/\/www.guerini.it\/index.php\/prodotto\/audaci-visionari-2\/\" \/>\n<meta property=\"og:site_name\" content=\"Guerini e Associati\" \/>\n<meta property=\"article:modified_time\" content=\"2025-11-26T08:17:44+00:00\" \/>\n<meta property=\"og:image\" content=\"https:\/\/www.guerini.it\/wp-content\/uploads\/2018\/01\/audaci_visionari_sito.jpg\" \/>\n\t<meta property=\"og:image:width\" content=\"228\" \/>\n\t<meta property=\"og:image:height\" content=\"353\" \/>\n\t<meta property=\"og:image:type\" content=\"image\/jpeg\" \/>\n<meta name=\"twitter:card\" content=\"summary_large_image\" \/>\n<meta name=\"twitter:label1\" content=\"Tempo di lettura stimato\" \/>\n\t<meta name=\"twitter:data1\" content=\"2 minuti\" \/>\n<!-- \/ Yoast SEO plugin. -->","yoast_head_json":{"title":"Audaci visionari - Guerini e Associati","robots":{"index":"index","follow":"follow","max-snippet":"max-snippet:-1","max-image-preview":"max-image-preview:large","max-video-preview":"max-video-preview:-1"},"canonical":"https:\/\/www.guerini.it\/index.php\/prodotto\/audaci-visionari-2\/","og_locale":"it_IT","og_type":"article","og_title":"Audaci visionari - Guerini e Associati","og_description":"In un libro appassionato e appassionante, Ray Smilor svela l'essenza profonda dell'essere imprenditore. Attraverso la presentazione di storie concrete di successi e fallimenti, Smilor decifra il codice del dna imprenditoriale, illustra le qualit\u00e0 che consentono agli imprenditori di superare gli ostacoli e di muovere verso il futuro con energia e ottimismo, riuscendo a trascinare altre persone nel loro audace cammino. Gli imprenditori, sostiere Smilor, \u00abcredono fermamente nella loro abilit\u00e0 di influenzare gli eventi, nella loro capacit\u00e0 di indirizzare la sorte e nel loro potere di modellare il futuro\u00bb. Come sostiene Gianfranco Dioguardi nella sua presentazione, sono parole a cui \u00abin particolare i giovani della vecchia Europa dovrebbero ispirarsi, per riuscire a interpretare l'imprenditorialit\u00e0 con quell'entusiasmo e quella passione che cos\u00ec bene e in termini cos\u00ec intensi emergono dalle pagine di Audaci visionari\u00bb. L'approccio visionario, insieme a una buona dose di fortuna e alla capacit\u00e0 di apprendere dall'esperienza propria e altrui, sapendo ricominciare sempre da capo, d\u00e0 sostanza e plausibilit\u00e0 e una delle affermazioni che meglio colgono lo spirito di Smilor e del suo imprenditore:  \u00abSe qualcuno ti dice che una cosa non \u00e8 possibile, falla comunque\u00bb. La nuova edizione, aggiornata con un contributo di Ivan Giordano, Presidente di ICAF (Istituto di Conciliazione e Alta Formazione), mostra come la visione di Smilor sia applicabile anche all'istituto della conciliazione civile.","og_url":"https:\/\/www.guerini.it\/index.php\/prodotto\/audaci-visionari-2\/","og_site_name":"Guerini e Associati","article_modified_time":"2025-11-26T08:17:44+00:00","og_image":[{"width":228,"height":353,"url":"https:\/\/www.guerini.it\/wp-content\/uploads\/2018\/01\/audaci_visionari_sito.jpg","type":"image\/jpeg"}],"twitter_card":"summary_large_image","twitter_misc":{"Tempo di lettura stimato":"2 minuti"},"schema":{"@context":"https:\/\/schema.org","@graph":[{"@type":"WebPage","@id":"https:\/\/www.guerini.it\/index.php\/prodotto\/audaci-visionari-2\/","url":"https:\/\/www.guerini.it\/index.php\/prodotto\/audaci-visionari-2\/","name":"Audaci visionari - Guerini e Associati","isPartOf":{"@id":"https:\/\/www.guerini.it\/#website"},"primaryImageOfPage":{"@id":"https:\/\/www.guerini.it\/index.php\/prodotto\/audaci-visionari-2\/#primaryimage"},"image":{"@id":"https:\/\/www.guerini.it\/index.php\/prodotto\/audaci-visionari-2\/#primaryimage"},"thumbnailUrl":"https:\/\/www.guerini.it\/wp-content\/uploads\/2018\/01\/audaci_visionari_sito.jpg","datePublished":"2018-01-11T10:19:19+00:00","dateModified":"2025-11-26T08:17:44+00:00","breadcrumb":{"@id":"https:\/\/www.guerini.it\/index.php\/prodotto\/audaci-visionari-2\/#breadcrumb"},"inLanguage":"it-IT","potentialAction":[{"@type":"ReadAction","target":["https:\/\/www.guerini.it\/index.php\/prodotto\/audaci-visionari-2\/"]}]},{"@type":"ImageObject","inLanguage":"it-IT","@id":"https:\/\/www.guerini.it\/index.php\/prodotto\/audaci-visionari-2\/#primaryimage","url":"https:\/\/www.guerini.it\/wp-content\/uploads\/2018\/01\/audaci_visionari_sito.jpg","contentUrl":"https:\/\/www.guerini.it\/wp-content\/uploads\/2018\/01\/audaci_visionari_sito.jpg","width":228,"height":353,"caption":"Audaci visionari"},{"@type":"BreadcrumbList","@id":"https:\/\/www.guerini.it\/index.php\/prodotto\/audaci-visionari-2\/#breadcrumb","itemListElement":[{"@type":"ListItem","position":1,"name":"Home","item":"https:\/\/www.guerini.it\/"},{"@type":"ListItem","position":2,"name":"Catalogo","item":"https:\/\/www.guerini.it\/index.php\/negozio\/"},{"@type":"ListItem","position":3,"name":"Audaci visionari"}]},{"@type":"WebSite","@id":"https:\/\/www.guerini.it\/#website","url":"https:\/\/www.guerini.it\/","name":"Guerini e Associati","description":"30 anni di libri, idee e libert\u00e0","publisher":{"@id":"https:\/\/www.guerini.it\/#organization"},"potentialAction":[{"@type":"SearchAction","target":{"@type":"EntryPoint","urlTemplate":"https:\/\/www.guerini.it\/?s={search_term_string}"},"query-input":{"@type":"PropertyValueSpecification","valueRequired":true,"valueName":"search_term_string"}}],"inLanguage":"it-IT"},{"@type":"Organization","@id":"https:\/\/www.guerini.it\/#organization","name":"Guerini e Associati","url":"https:\/\/www.guerini.it\/","logo":{"@type":"ImageObject","inLanguage":"it-IT","@id":"https:\/\/www.guerini.it\/#\/schema\/logo\/image\/","url":"https:\/\/www.guerini.it\/wp-content\/uploads\/2021\/03\/Logo-Guerini-OK_-e1615831292285.png","contentUrl":"https:\/\/www.guerini.it\/wp-content\/uploads\/2021\/03\/Logo-Guerini-OK_-e1615831292285.png","width":2805,"height":1870,"caption":"Guerini e Associati"},"image":{"@id":"https:\/\/www.guerini.it\/#\/schema\/logo\/image\/"}}]}},"_links":{"self":[{"href":"https:\/\/www.guerini.it\/index.php\/wp-json\/wp\/v2\/product\/16076","targetHints":{"allow":["GET"]}}],"collection":[{"href":"https:\/\/www.guerini.it\/index.php\/wp-json\/wp\/v2\/product"}],"about":[{"href":"https:\/\/www.guerini.it\/index.php\/wp-json\/wp\/v2\/types\/product"}],"wp:featuredmedia":[{"embeddable":true,"href":"https:\/\/www.guerini.it\/index.php\/wp-json\/wp\/v2\/media\/16075"}],"wp:attachment":[{"href":"https:\/\/www.guerini.it\/index.php\/wp-json\/wp\/v2\/media?parent=16076"}],"wp:term":[{"taxonomy":"product_brand","embeddable":true,"href":"https:\/\/www.guerini.it\/index.php\/wp-json\/wp\/v2\/product_brand?post=16076"},{"taxonomy":"product_cat","embeddable":true,"href":"https:\/\/www.guerini.it\/index.php\/wp-json\/wp\/v2\/product_cat?post=16076"},{"taxonomy":"product_tag","embeddable":true,"href":"https:\/\/www.guerini.it\/index.php\/wp-json\/wp\/v2\/product_tag?post=16076"}],"curies":[{"name":"wp","href":"https:\/\/api.w.org\/{rel}","templated":true}]}}