{"id":16080,"date":"2018-01-17T11:54:31","date_gmt":"2018-01-17T10:54:31","guid":{"rendered":"https:\/\/test.guerini.it\/?product=i-territori-marginali-e-la-quarta-rivoluzione-urbana"},"modified":"2024-06-12T14:40:58","modified_gmt":"2024-06-12T12:40:58","slug":"i-territori-marginali-e-la-quarta-rivoluzione-urbana","status":"publish","type":"product","link":"https:\/\/www.guerini.it\/index.php\/prodotto\/i-territori-marginali-e-la-quarta-rivoluzione-urbana\/","title":{"rendered":"I territori marginali e la quarta rivoluzione urbana"},"content":{"rendered":"<p style=\"text-align: justify;\">Gli effetti della &laquo;quarta rivoluzione urbana&raquo; sul territorio hanno profondamente riarticolato il concetto di citt&agrave; e campagna. Andiamo verso una societ&agrave; completamente urbanizzata in cui anche i territori pi&ugrave; arcaici e selvaggi, come quello della Gallura, situato nella Sardegna nord-orientale e storicamente privo di citt&agrave;, diventano parte integrante di un complesso processo di ristrutturazione socio-spaziale, determinato da una riorganizzazione del capitale. Nell&rsquo;indagare i fattori che hanno contribuito ad innescare questa trasformazione, il libro intende mettere in luce le fratture e le lacerazioni fra costa ed interno che essa ha prodotto, illustrando, al tempo stesso, come questo inedito orizzonte urbano, se reinterpretato in chiave progettuale, possa offrire opportunit&agrave; ed opzioni di futuro anche per quei territori oggi marginalizzati dal complesso processo di ristrutturazione in atto.<\/p>\n<p style=\"text-align: justify;\"><strong>Permalink:&nbsp;<a href=\"http:\/\/digital.casalini.it\/9788881952793\" target=\"_blank\" rel=\"noopener\">http:\/\/digital.casalini.it\/9788881952793<\/a><\/strong><\/p>\n","protected":false},"excerpt":{"rendered":"<p>Gli effetti della \u00abquarta rivoluzione urbana\u00bb sul territorio hanno profondamente riarticolato il concetto di citt\u00e0 e campagna. Andiamo verso una societ\u00e0 completamente urbanizzata in cui anche i territori pi\u00f9 arcaici e selvaggi, come quello della Gallura, situato nella Sardegna nord-orientale e storicamente privo di citt\u00e0, diventano parte integrante di un complesso processo di ristrutturazione socio-spaziale, determinato da una riorganizzazione del capitale. Nell\u2019indagare i fattori che hanno contribuito ad innescare questa trasformazione, il libro intende mettere in luce le fratture e le lacerazioni fra costa ed interno che essa ha prodotto, illustrando, al tempo stesso, come questo inedito orizzonte urbano, se reinterpretato in chiave progettuale, possa offrire opportunit\u00e0 ed opzioni di futuro anche per quei territori oggi marginalizzati dal complesso processo di ristrutturazione in atto.<\/p>\n","protected":false},"featured_media":16079,"template":"","meta":{"_editorskit_title_hidden":false,"_editorskit_reading_time":0,"_editorskit_is_block_options_detached":false,"_editorskit_block_options_position":"{}","_monsterinsights_skip_tracking":false,"_monsterinsights_sitenote_active":false,"_monsterinsights_sitenote_note":"","_monsterinsights_sitenote_category":0},"product_brand":[],"product_cat":[6526,6600],"product_tag":[],"class_list":{"0":"post-16080","1":"product","2":"type-product","3":"status-publish","4":"has-post-thumbnail","6":"product_cat-arte-architettura-e-giardini","7":"product_cat-futurodellecitta","8":"pa_fulfillment-default","9":"pa_guerini_amazon_link-https-www-ibs-it-territori-marginali-quarta-rivoluzione-urbana-libro-vari-e-9788862507103","10":"pa_guerini_ibs_link-https-www-ibs-it-territori-marginali-quarta-rivoluzione-urbana-libro-vari-e-9788862507103","12":"first","13":"instock","14":"sale","15":"shipping-taxable","16":"purchasable","17":"product-type-simple"},"yoast_head":"<!-- This site is optimized with the Yoast SEO plugin v25.4 - https:\/\/yoast.com\/wordpress\/plugins\/seo\/ -->\n<title>I territori marginali e la quarta rivoluzione urbana - Guerini e Associati<\/title>\n<meta name=\"robots\" content=\"index, follow, max-snippet:-1, max-image-preview:large, max-video-preview:-1\" \/>\n<link rel=\"canonical\" href=\"https:\/\/www.guerini.it\/index.php\/prodotto\/i-territori-marginali-e-la-quarta-rivoluzione-urbana\/\" \/>\n<meta property=\"og:locale\" content=\"it_IT\" \/>\n<meta property=\"og:type\" content=\"article\" \/>\n<meta property=\"og:title\" content=\"I territori marginali e la quarta rivoluzione urbana - Guerini e Associati\" \/>\n<meta property=\"og:description\" content=\"Gli effetti della \u00abquarta rivoluzione urbana\u00bb sul territorio hanno profondamente riarticolato il concetto di citt\u00e0 e campagna. Andiamo verso una societ\u00e0 completamente urbanizzata in cui anche i territori pi\u00f9 arcaici e selvaggi, come quello della Gallura, situato nella Sardegna nord-orientale e storicamente privo di citt\u00e0, diventano parte integrante di un complesso processo di ristrutturazione socio-spaziale, determinato da una riorganizzazione del capitale. Nell\u2019indagare i fattori che hanno contribuito ad innescare questa trasformazione, il libro intende mettere in luce le fratture e le lacerazioni fra costa ed interno che essa ha prodotto, illustrando, al tempo stesso, come questo inedito orizzonte urbano, se reinterpretato in chiave progettuale, possa offrire opportunit\u00e0 ed opzioni di futuro anche per quei territori oggi marginalizzati dal complesso processo di ristrutturazione in atto.\" \/>\n<meta property=\"og:url\" content=\"https:\/\/www.guerini.it\/index.php\/prodotto\/i-territori-marginali-e-la-quarta-rivoluzione-urbana\/\" \/>\n<meta property=\"og:site_name\" content=\"Guerini e Associati\" \/>\n<meta property=\"article:modified_time\" content=\"2024-06-12T12:40:58+00:00\" \/>\n<meta property=\"og:image\" content=\"https:\/\/www.guerini.it\/wp-content\/uploads\/2018\/01\/territori_marginali_sito.jpg\" \/>\n\t<meta property=\"og:image:width\" content=\"235\" \/>\n\t<meta property=\"og:image:height\" content=\"353\" \/>\n\t<meta property=\"og:image:type\" content=\"image\/jpeg\" \/>\n<meta name=\"twitter:card\" content=\"summary_large_image\" \/>\n<meta name=\"twitter:label1\" content=\"Tempo di lettura stimato\" \/>\n\t<meta name=\"twitter:data1\" content=\"1 minuto\" \/>\n<!-- \/ Yoast SEO plugin. -->","yoast_head_json":{"title":"I territori marginali e la quarta rivoluzione urbana - Guerini e Associati","robots":{"index":"index","follow":"follow","max-snippet":"max-snippet:-1","max-image-preview":"max-image-preview:large","max-video-preview":"max-video-preview:-1"},"canonical":"https:\/\/www.guerini.it\/index.php\/prodotto\/i-territori-marginali-e-la-quarta-rivoluzione-urbana\/","og_locale":"it_IT","og_type":"article","og_title":"I territori marginali e la quarta rivoluzione urbana - Guerini e Associati","og_description":"Gli effetti della \u00abquarta rivoluzione urbana\u00bb sul territorio hanno profondamente riarticolato il concetto di citt\u00e0 e campagna. Andiamo verso una societ\u00e0 completamente urbanizzata in cui anche i territori pi\u00f9 arcaici e selvaggi, come quello della Gallura, situato nella Sardegna nord-orientale e storicamente privo di citt\u00e0, diventano parte integrante di un complesso processo di ristrutturazione socio-spaziale, determinato da una riorganizzazione del capitale. Nell\u2019indagare i fattori che hanno contribuito ad innescare questa trasformazione, il libro intende mettere in luce le fratture e le lacerazioni fra costa ed interno che essa ha prodotto, illustrando, al tempo stesso, come questo inedito orizzonte urbano, se reinterpretato in chiave progettuale, possa offrire opportunit\u00e0 ed opzioni di futuro anche per quei territori oggi marginalizzati dal complesso processo di ristrutturazione in atto.","og_url":"https:\/\/www.guerini.it\/index.php\/prodotto\/i-territori-marginali-e-la-quarta-rivoluzione-urbana\/","og_site_name":"Guerini e Associati","article_modified_time":"2024-06-12T12:40:58+00:00","og_image":[{"width":235,"height":353,"url":"https:\/\/www.guerini.it\/wp-content\/uploads\/2018\/01\/territori_marginali_sito.jpg","type":"image\/jpeg"}],"twitter_card":"summary_large_image","twitter_misc":{"Tempo di lettura stimato":"1 minuto"},"schema":{"@context":"https:\/\/schema.org","@graph":[{"@type":"WebPage","@id":"https:\/\/www.guerini.it\/index.php\/prodotto\/i-territori-marginali-e-la-quarta-rivoluzione-urbana\/","url":"https:\/\/www.guerini.it\/index.php\/prodotto\/i-territori-marginali-e-la-quarta-rivoluzione-urbana\/","name":"I territori marginali e la quarta rivoluzione urbana - Guerini e Associati","isPartOf":{"@id":"https:\/\/www.guerini.it\/#website"},"primaryImageOfPage":{"@id":"https:\/\/www.guerini.it\/index.php\/prodotto\/i-territori-marginali-e-la-quarta-rivoluzione-urbana\/#primaryimage"},"image":{"@id":"https:\/\/www.guerini.it\/index.php\/prodotto\/i-territori-marginali-e-la-quarta-rivoluzione-urbana\/#primaryimage"},"thumbnailUrl":"https:\/\/www.guerini.it\/wp-content\/uploads\/2018\/01\/territori_marginali_sito.jpg","datePublished":"2018-01-17T10:54:31+00:00","dateModified":"2024-06-12T12:40:58+00:00","breadcrumb":{"@id":"https:\/\/www.guerini.it\/index.php\/prodotto\/i-territori-marginali-e-la-quarta-rivoluzione-urbana\/#breadcrumb"},"inLanguage":"it-IT","potentialAction":[{"@type":"ReadAction","target":["https:\/\/www.guerini.it\/index.php\/prodotto\/i-territori-marginali-e-la-quarta-rivoluzione-urbana\/"]}]},{"@type":"ImageObject","inLanguage":"it-IT","@id":"https:\/\/www.guerini.it\/index.php\/prodotto\/i-territori-marginali-e-la-quarta-rivoluzione-urbana\/#primaryimage","url":"https:\/\/www.guerini.it\/wp-content\/uploads\/2018\/01\/territori_marginali_sito.jpg","contentUrl":"https:\/\/www.guerini.it\/wp-content\/uploads\/2018\/01\/territori_marginali_sito.jpg","width":235,"height":353,"caption":"I territori marginali e la quarta rivoluzione urbana"},{"@type":"BreadcrumbList","@id":"https:\/\/www.guerini.it\/index.php\/prodotto\/i-territori-marginali-e-la-quarta-rivoluzione-urbana\/#breadcrumb","itemListElement":[{"@type":"ListItem","position":1,"name":"Home","item":"https:\/\/www.guerini.it\/"},{"@type":"ListItem","position":2,"name":"Catalogo","item":"https:\/\/www.guerini.it\/index.php\/negozio\/"},{"@type":"ListItem","position":3,"name":"I territori marginali e la quarta rivoluzione urbana"}]},{"@type":"WebSite","@id":"https:\/\/www.guerini.it\/#website","url":"https:\/\/www.guerini.it\/","name":"Guerini e Associati","description":"30 anni di libri, idee e libert\u00e0","publisher":{"@id":"https:\/\/www.guerini.it\/#organization"},"potentialAction":[{"@type":"SearchAction","target":{"@type":"EntryPoint","urlTemplate":"https:\/\/www.guerini.it\/?s={search_term_string}"},"query-input":{"@type":"PropertyValueSpecification","valueRequired":true,"valueName":"search_term_string"}}],"inLanguage":"it-IT"},{"@type":"Organization","@id":"https:\/\/www.guerini.it\/#organization","name":"Guerini e Associati","url":"https:\/\/www.guerini.it\/","logo":{"@type":"ImageObject","inLanguage":"it-IT","@id":"https:\/\/www.guerini.it\/#\/schema\/logo\/image\/","url":"https:\/\/www.guerini.it\/wp-content\/uploads\/2021\/03\/Logo-Guerini-OK_-e1615831292285.png","contentUrl":"https:\/\/www.guerini.it\/wp-content\/uploads\/2021\/03\/Logo-Guerini-OK_-e1615831292285.png","width":2805,"height":1870,"caption":"Guerini e Associati"},"image":{"@id":"https:\/\/www.guerini.it\/#\/schema\/logo\/image\/"}}]}},"_links":{"self":[{"href":"https:\/\/www.guerini.it\/index.php\/wp-json\/wp\/v2\/product\/16080","targetHints":{"allow":["GET"]}}],"collection":[{"href":"https:\/\/www.guerini.it\/index.php\/wp-json\/wp\/v2\/product"}],"about":[{"href":"https:\/\/www.guerini.it\/index.php\/wp-json\/wp\/v2\/types\/product"}],"wp:featuredmedia":[{"embeddable":true,"href":"https:\/\/www.guerini.it\/index.php\/wp-json\/wp\/v2\/media\/16079"}],"wp:attachment":[{"href":"https:\/\/www.guerini.it\/index.php\/wp-json\/wp\/v2\/media?parent=16080"}],"wp:term":[{"taxonomy":"product_brand","embeddable":true,"href":"https:\/\/www.guerini.it\/index.php\/wp-json\/wp\/v2\/product_brand?post=16080"},{"taxonomy":"product_cat","embeddable":true,"href":"https:\/\/www.guerini.it\/index.php\/wp-json\/wp\/v2\/product_cat?post=16080"},{"taxonomy":"product_tag","embeddable":true,"href":"https:\/\/www.guerini.it\/index.php\/wp-json\/wp\/v2\/product_tag?post=16080"}],"curies":[{"name":"wp","href":"https:\/\/api.w.org\/{rel}","templated":true}]}}