{"id":16089,"date":"2018-02-22T17:11:46","date_gmt":"2018-02-22T16:11:46","guid":{"rendered":"https:\/\/test.guerini.it\/?product=gli-stregoni-della-notizia-br-atto-secondo"},"modified":"2025-10-02T16:39:06","modified_gmt":"2025-10-02T14:39:06","slug":"gli-stregoni-della-notizia-br-atto-secondo","status":"publish","type":"product","link":"https:\/\/www.guerini.it\/index.php\/prodotto\/gli-stregoni-della-notizia-br-atto-secondo\/","title":{"rendered":"Gli stregoni della notizia. Atto secondo"},"content":{"rendered":"<p style=\"text-align: justify;\">I politici sono davvero succubi dei media in una societ\u00e0 ossessionata dallo strapotere dell\u2019informazione? In realt\u00e0 i governi hanno imparato a usare a proprio vantaggio l\u2019apparente supremazia della stampa grazie agli <em>spin doctor<\/em>, i moderni \u00abstregoni della notizia\u00bb. In questo appassionante saggio, Marcello Foa aggiorna e amplia il testo del 2006, divenuto ormai un classico della comunicazione. L\u2019autore spiega come e perch\u00e9 sia possibile orientare e all\u2019occorrenza manipolare l\u2019informazione, spesso all\u2019insaputa degli stessi giornalisti. Ricco di aneddoti e retroscena sui grandi fatti recenti \u2013 dalla guerra in Irak a quella in Siria, da Renzi a Macron fino alle fake news \u2013 svela con chiarezza le logiche, le tecniche, i trucchi usati dai grandi persuasori al servizio delle istituzioni. Il libro ribalta con onest\u00e0 intellettuale molti luoghi comuni sul Quarto Potere. Un testo indispensabile per chi vuol capire il ruolo e i misteri del mondo dell\u2019informazione.<\/p>\n<hr \/>\n<p style=\"text-align: justify;\"><strong>Marcello Foa<\/strong>, nato a Milano nel 1963, \u00e8 giornalista e docente universitario. Giovanissimo allievo di Montanelli, che lo lanci\u00f2 come caporedattore Esteri, \u00e8 stato a lungo firma de <em>il Giornale<\/em>; ora dirige il Gruppo del <em>Corriere del Ticino<\/em> e insegna comunicazione all\u2019Universit\u00e0 della Svizzera italiana a Lugano. Ha collaborato con BBC Radio, Russia Today, CNBC e altre testate; \u00e8 autore del blog <em>il Cuore del Mondo<\/em> ed \u00e8 cofondatore dell\u2019Osservatorio europeo di giornalismo. Ha vinto diversi premi di giornalismo.<\/p>\n<p style=\"text-align: justify;\"><strong><span style=\"color: #ff0000;\"><em>Gli stregoni della notizia. Atto II<\/em>\u00a0\u00e8 disponibile anche nei seguenti punti vendita*:<\/span><\/strong><\/p>\n<p>&nbsp;<\/p>\n<p>&nbsp;<\/p>\n<p>*mappa in continuo aggiornamento<\/p>\n<p><span style=\"color: #ff0000;\"><em>Gli stregoni della notizia. Atto II<\/em> \u00e8 distribuito anche nei punti vendita GDO &#8211;&gt; <a href=\"https:\/\/test.guerini.it\/wp-content\/uploads\/2018\/02\/Lancio_titolo_Guerini_-_Marzo_2018_PROVINCIA.pdf\" target=\"_blank\" rel=\"noopener\">scopri quello pi\u00f9 vicino a te<\/a><\/span><\/p>\n<p><strong>Permalink:\u00a0<a href=\"http:\/\/digital.casalini.it\/9788881952717\" target=\"_blank\" rel=\"noopener\">http:\/\/digital.casalini.it\/9788881952717<\/a><\/strong><\/p>\n","protected":false},"excerpt":{"rendered":"<p style=\"text-align: justify;\">I politici sono davvero succubi dei media in una societ\u00e0 ossessionata dallo strapotere dell\u2019informazione? In realt\u00e0 i governi hanno imparato a usare a proprio vantaggio l\u2019apparente supremazia della stampa grazie agli <em>spin doctor<\/em>, i moderni \u00abstregoni della notizia\u00bb. In questo appassionante saggio, Marcello Foa aggiorna e amplia il testo del 2006, divenuto ormai un classico della comunicazione. L\u2019autore spiega come e perch\u00e9 sia possibile orientare e all\u2019occorrenza manipolare l\u2019informazione, spesso all\u2019insaputa degli stessi giornalisti. Ricco di aneddoti e retroscena sui grandi fatti recenti \u2013 dalla guerra in Irak a quella in Siria, da Renzi a Macron fino alle fake news \u2013 svela con chiarezza le logiche, le tecniche, i trucchi usati dai grandi persuasori al servizio delle istituzioni. Il libro ribalta con onest\u00e0 intellettuale molti luoghi comuni sul Quarto Potere. Un testo indispensabile per chi vuol capire il ruolo e i misteri del mondo dell\u2019informazione.<\/p>\n","protected":false},"featured_media":23191,"template":"","meta":{"_editorskit_title_hidden":false,"_editorskit_reading_time":0,"_editorskit_is_block_options_detached":false,"_editorskit_block_options_position":"{}","_monsterinsights_skip_tracking":false,"_monsterinsights_sitenote_active":false,"_monsterinsights_sitenote_note":"","_monsterinsights_sitenote_category":0},"product_brand":[],"product_cat":[6729,6585,6527,6528],"product_tag":[],"class_list":{"0":"post-16089","1":"product","2":"type-product","3":"status-publish","4":"has-post-thumbnail","6":"product_cat-best_seller","7":"product_cat-sma","8":"product_cat-attualita","9":"product_cat-comunicazione","10":"pa_fulfillment-default","11":"pa_guerini_amazon_link-f0-httpswwwamazonitstregoni_n","12":"pa_guerini_feltrinelli_link-8b-httpswwwlafeltrinelliitlib","13":"pa_guerini_ibs_link-df-httpswwwibsitstregoni_dell","14":"pa_guerini_libruniver_link-2c-httpswwwlibreriauniversita","15":"pa_guerini_link_amazon-1c-httpswwwamazonitdpb07bfnlz","16":"pa_guerini_link_apple_ibook-92-httpsitunesapplecomitbookg","17":"pa_guerini_link_bookrepublic-https-www-bookrepublic-it-ebook-9788881952717-gli-stregoni-della-notizia-atto-secondo-come-si-fabbrica-informazione-al-servizio-dei-governi","18":"pa_guerini_link_giunti_punto-9a-httpswwwgiuntialpuntoitpro","19":"pa_guerini_link_google_play-https-play-google-com-store-books-details-marcello_foa_gli_stregoni_della_notizia_atto_seconidqfpqdwaaqbaj","20":"pa_guerini_link_ibs-7f-httpswwwibsitstregoni_dell","21":"pa_guerini_link_kobo-ac-httpswwwkobocomititebookgl","22":"pa_guerini_link_lafeltrinelli-https-www-lafeltrinelli-it-stregoni-della-notizia-atto-secondo-ebook-marcello-foa-e-9788881952717","23":"pa_guerini_link_mondadori-https-www-mondadoristore-it-stregoni-notizia-atto-marcello-foa-eai978888195271","24":"pa_guerini_link_rizzoli-https-www-libreriarizzoli-it-stregoni-notizia-atto-marcello-foa-eai978888195271","25":"pa_guerini_mondadori_link-6c-httpswwwmondadoristoreitst","27":"first","28":"instock","29":"sale","30":"shipping-taxable","31":"purchasable","32":"product-type-simple"},"yoast_head":"<!-- This site is optimized with the Yoast SEO plugin v25.4 - https:\/\/yoast.com\/wordpress\/plugins\/seo\/ -->\n<title>Gli stregoni della notizia. Atto secondo - Guerini e Associati<\/title>\n<meta name=\"robots\" content=\"index, follow, max-snippet:-1, max-image-preview:large, max-video-preview:-1\" \/>\n<link rel=\"canonical\" href=\"https:\/\/www.guerini.it\/index.php\/prodotto\/gli-stregoni-della-notizia-br-atto-secondo\/\" \/>\n<meta property=\"og:locale\" content=\"it_IT\" \/>\n<meta property=\"og:type\" content=\"article\" \/>\n<meta property=\"og:title\" content=\"Gli stregoni della notizia. Atto secondo - Guerini e Associati\" \/>\n<meta property=\"og:description\" content=\"I politici sono davvero succubi dei media in una societ\u00e0 ossessionata dallo strapotere dell\u2019informazione? In realt\u00e0 i governi hanno imparato a usare a proprio vantaggio l\u2019apparente supremazia della stampa grazie agli spin doctor, i moderni \u00abstregoni della notizia\u00bb. In questo appassionante saggio, Marcello Foa aggiorna e amplia il testo del 2006, divenuto ormai un classico della comunicazione. L\u2019autore spiega come e perch\u00e9 sia possibile orientare e all\u2019occorrenza manipolare l\u2019informazione, spesso all\u2019insaputa degli stessi giornalisti. Ricco di aneddoti e retroscena sui grandi fatti recenti \u2013 dalla guerra in Irak a quella in Siria, da Renzi a Macron fino alle fake news \u2013 svela con chiarezza le logiche, le tecniche, i trucchi usati dai grandi persuasori al servizio delle istituzioni. Il libro ribalta con onest\u00e0 intellettuale molti luoghi comuni sul Quarto Potere. Un testo indispensabile per chi vuol capire il ruolo e i misteri del mondo dell\u2019informazione.\" \/>\n<meta property=\"og:url\" content=\"https:\/\/www.guerini.it\/index.php\/prodotto\/gli-stregoni-della-notizia-br-atto-secondo\/\" \/>\n<meta property=\"og:site_name\" content=\"Guerini e Associati\" \/>\n<meta property=\"article:modified_time\" content=\"2025-10-02T14:39:06+00:00\" \/>\n<meta property=\"og:image\" content=\"https:\/\/www.guerini.it\/wp-content\/uploads\/2018\/02\/9788862506793-e1665068114247.jpg\" \/>\n\t<meta property=\"og:image:width\" content=\"225\" \/>\n\t<meta property=\"og:image:height\" content=\"350\" \/>\n\t<meta property=\"og:image:type\" content=\"image\/jpeg\" \/>\n<meta name=\"twitter:card\" content=\"summary_large_image\" \/>\n<meta name=\"twitter:label1\" content=\"Tempo di lettura stimato\" \/>\n\t<meta name=\"twitter:data1\" content=\"2 minuti\" \/>\n<!-- \/ Yoast SEO plugin. -->","yoast_head_json":{"title":"Gli stregoni della notizia. Atto secondo - Guerini e Associati","robots":{"index":"index","follow":"follow","max-snippet":"max-snippet:-1","max-image-preview":"max-image-preview:large","max-video-preview":"max-video-preview:-1"},"canonical":"https:\/\/www.guerini.it\/index.php\/prodotto\/gli-stregoni-della-notizia-br-atto-secondo\/","og_locale":"it_IT","og_type":"article","og_title":"Gli stregoni della notizia. Atto secondo - Guerini e Associati","og_description":"I politici sono davvero succubi dei media in una societ\u00e0 ossessionata dallo strapotere dell\u2019informazione? In realt\u00e0 i governi hanno imparato a usare a proprio vantaggio l\u2019apparente supremazia della stampa grazie agli spin doctor, i moderni \u00abstregoni della notizia\u00bb. In questo appassionante saggio, Marcello Foa aggiorna e amplia il testo del 2006, divenuto ormai un classico della comunicazione. L\u2019autore spiega come e perch\u00e9 sia possibile orientare e all\u2019occorrenza manipolare l\u2019informazione, spesso all\u2019insaputa degli stessi giornalisti. Ricco di aneddoti e retroscena sui grandi fatti recenti \u2013 dalla guerra in Irak a quella in Siria, da Renzi a Macron fino alle fake news \u2013 svela con chiarezza le logiche, le tecniche, i trucchi usati dai grandi persuasori al servizio delle istituzioni. Il libro ribalta con onest\u00e0 intellettuale molti luoghi comuni sul Quarto Potere. Un testo indispensabile per chi vuol capire il ruolo e i misteri del mondo dell\u2019informazione.","og_url":"https:\/\/www.guerini.it\/index.php\/prodotto\/gli-stregoni-della-notizia-br-atto-secondo\/","og_site_name":"Guerini e Associati","article_modified_time":"2025-10-02T14:39:06+00:00","og_image":[{"width":225,"height":350,"url":"https:\/\/www.guerini.it\/wp-content\/uploads\/2018\/02\/9788862506793-e1665068114247.jpg","type":"image\/jpeg"}],"twitter_card":"summary_large_image","twitter_misc":{"Tempo di lettura stimato":"2 minuti"},"schema":{"@context":"https:\/\/schema.org","@graph":[{"@type":"WebPage","@id":"https:\/\/www.guerini.it\/index.php\/prodotto\/gli-stregoni-della-notizia-br-atto-secondo\/","url":"https:\/\/www.guerini.it\/index.php\/prodotto\/gli-stregoni-della-notizia-br-atto-secondo\/","name":"Gli stregoni della notizia. Atto secondo - Guerini e Associati","isPartOf":{"@id":"https:\/\/www.guerini.it\/#website"},"primaryImageOfPage":{"@id":"https:\/\/www.guerini.it\/index.php\/prodotto\/gli-stregoni-della-notizia-br-atto-secondo\/#primaryimage"},"image":{"@id":"https:\/\/www.guerini.it\/index.php\/prodotto\/gli-stregoni-della-notizia-br-atto-secondo\/#primaryimage"},"thumbnailUrl":"https:\/\/www.guerini.it\/wp-content\/uploads\/2018\/02\/9788862506793-e1665068114247.jpg","datePublished":"2018-02-22T16:11:46+00:00","dateModified":"2025-10-02T14:39:06+00:00","breadcrumb":{"@id":"https:\/\/www.guerini.it\/index.php\/prodotto\/gli-stregoni-della-notizia-br-atto-secondo\/#breadcrumb"},"inLanguage":"it-IT","potentialAction":[{"@type":"ReadAction","target":["https:\/\/www.guerini.it\/index.php\/prodotto\/gli-stregoni-della-notizia-br-atto-secondo\/"]}]},{"@type":"ImageObject","inLanguage":"it-IT","@id":"https:\/\/www.guerini.it\/index.php\/prodotto\/gli-stregoni-della-notizia-br-atto-secondo\/#primaryimage","url":"https:\/\/www.guerini.it\/wp-content\/uploads\/2018\/02\/9788862506793-e1665068114247.jpg","contentUrl":"https:\/\/www.guerini.it\/wp-content\/uploads\/2018\/02\/9788862506793-e1665068114247.jpg","width":225,"height":350,"caption":"Copertina del volume Gli stregoni della notizia. Atto secondo"},{"@type":"BreadcrumbList","@id":"https:\/\/www.guerini.it\/index.php\/prodotto\/gli-stregoni-della-notizia-br-atto-secondo\/#breadcrumb","itemListElement":[{"@type":"ListItem","position":1,"name":"Home","item":"https:\/\/www.guerini.it\/"},{"@type":"ListItem","position":2,"name":"Catalogo","item":"https:\/\/www.guerini.it\/index.php\/negozio\/"},{"@type":"ListItem","position":3,"name":"Gli stregoni della notizia. Atto secondo"}]},{"@type":"WebSite","@id":"https:\/\/www.guerini.it\/#website","url":"https:\/\/www.guerini.it\/","name":"Guerini e Associati","description":"30 anni di libri, idee e libert\u00e0","publisher":{"@id":"https:\/\/www.guerini.it\/#organization"},"potentialAction":[{"@type":"SearchAction","target":{"@type":"EntryPoint","urlTemplate":"https:\/\/www.guerini.it\/?s={search_term_string}"},"query-input":{"@type":"PropertyValueSpecification","valueRequired":true,"valueName":"search_term_string"}}],"inLanguage":"it-IT"},{"@type":"Organization","@id":"https:\/\/www.guerini.it\/#organization","name":"Guerini e Associati","url":"https:\/\/www.guerini.it\/","logo":{"@type":"ImageObject","inLanguage":"it-IT","@id":"https:\/\/www.guerini.it\/#\/schema\/logo\/image\/","url":"https:\/\/www.guerini.it\/wp-content\/uploads\/2021\/03\/Logo-Guerini-OK_-e1615831292285.png","contentUrl":"https:\/\/www.guerini.it\/wp-content\/uploads\/2021\/03\/Logo-Guerini-OK_-e1615831292285.png","width":2805,"height":1870,"caption":"Guerini e Associati"},"image":{"@id":"https:\/\/www.guerini.it\/#\/schema\/logo\/image\/"}}]}},"_links":{"self":[{"href":"https:\/\/www.guerini.it\/index.php\/wp-json\/wp\/v2\/product\/16089","targetHints":{"allow":["GET"]}}],"collection":[{"href":"https:\/\/www.guerini.it\/index.php\/wp-json\/wp\/v2\/product"}],"about":[{"href":"https:\/\/www.guerini.it\/index.php\/wp-json\/wp\/v2\/types\/product"}],"wp:featuredmedia":[{"embeddable":true,"href":"https:\/\/www.guerini.it\/index.php\/wp-json\/wp\/v2\/media\/23191"}],"wp:attachment":[{"href":"https:\/\/www.guerini.it\/index.php\/wp-json\/wp\/v2\/media?parent=16089"}],"wp:term":[{"taxonomy":"product_brand","embeddable":true,"href":"https:\/\/www.guerini.it\/index.php\/wp-json\/wp\/v2\/product_brand?post=16089"},{"taxonomy":"product_cat","embeddable":true,"href":"https:\/\/www.guerini.it\/index.php\/wp-json\/wp\/v2\/product_cat?post=16089"},{"taxonomy":"product_tag","embeddable":true,"href":"https:\/\/www.guerini.it\/index.php\/wp-json\/wp\/v2\/product_tag?post=16089"}],"curies":[{"name":"wp","href":"https:\/\/api.w.org\/{rel}","templated":true}]}}