{"id":16104,"date":"2018-03-30T08:32:25","date_gmt":"2018-03-30T06:32:25","guid":{"rendered":"https:\/\/test.guerini.it\/?product=il-concetto-di-relazione-nell-opera-di-severino"},"modified":"2024-06-12T14:41:10","modified_gmt":"2024-06-12T12:41:10","slug":"il-concetto-di-relazione-nell-opera-di-severino","status":"publish","type":"product","link":"https:\/\/www.guerini.it\/index.php\/prodotto\/il-concetto-di-relazione-nell-opera-di-severino\/","title":{"rendered":"Il concetto di \u00abrelazione\u00bb nell&#8217;opera di Severino"},"content":{"rendered":"<p style=\"text-align: justify;\">Ne <em>La struttura originaria<\/em> si configura la pi&ugrave; compiuta presentazione dell&rsquo;<em>essenza del fondamento<\/em> e Stella intende dimostrare che quella <em>struttura<\/em>, di cui Severino afferma il valore originario, &egrave; la <em>relazione<\/em>, la quale pu&ograve; venire intesa sia come <em>costrutto mono-diadico<\/em> sia come l&rsquo;<em>intrinseco riferirsi <\/em>dei termini. In Severino sono presenti entrambe queste accezioni, ma la seconda non viene compiutamente fatta valere, cio&egrave; non viene portata alle sue naturali e necessarie conseguenze; ci&ograve; forse &egrave; dovuto al fatto che le due accezioni sono a tal punto teoreticamente divergenti, che risultano addirittura incompatibili. Intendere l&rsquo;<em>originario<\/em> nella forma di una <em>struttura<\/em>, e dunque di una <em>relazione<\/em>, ha conseguenze rilevantissime su tutto l&rsquo;impianto teoretico del pensiero di Severino e, nello scritto di Stella, vengono individuate alcune di queste conseguenze, quelle che risultano pi&ugrave; significative. La ricerca viene suddivisa in due scritti. Nel presente, sono trattati i temi fondamentali che emergono da quella parte de <em>La struttura originaria<\/em> che introduce alla &laquo;manifestazione dell&rsquo;intero&raquo; e alla &laquo;metafisica originaria&raquo;. Nel successivo, l&rsquo;attenzione si concentrer&agrave; proprio su questi due temi, che costituiscono la parte finale dell&rsquo;Opera.<\/p>\n<p style=\"text-align: justify;\"><strong>Permalink:&nbsp;<a href=\"http:\/\/digital.casalini.it\/9788881952960\" target=\"_blank\" rel=\"noopener\">http:\/\/digital.casalini.it\/9788881952960<\/a><\/strong><\/p>\n","protected":false},"excerpt":{"rendered":"<p>Ne La struttura originaria si configura la pi\u00f9 compiuta presentazione dell\u2019essenza del fondamento e Stella intende dimostrare che quella struttura, di cui Severino afferma il valore originario, \u00e8 la relazione, la quale pu\u00f2 venire intesa sia come costrutto mono-diadico sia come l\u2019intrinseco riferirsi dei termini. In Severino sono presenti entrambe queste accezioni, ma la seconda non viene compiutamente fatta valere, cio\u00e8 non viene portata alle sue naturali e necessarie conseguenze; ci\u00f2 forse \u00e8 dovuto al fatto che le due accezioni sono a tal punto teoreticamente divergenti, che risultano addirittura incompatibili. Intendere l\u2019originario nella forma di una struttura, e dunque di una relazione, ha conseguenze rilevantissime su tutto l\u2019impianto teoretico del pensiero di Severino e, nello scritto di Stella, vengono individuate alcune di queste conseguenze, quelle che risultano pi\u00f9 significative. La ricerca viene suddivisa in due scritti. Nel presente, sono trattati i temi fondamentali che emergono da quella parte de La struttura originaria che introduce alla \u00abmanifestazione dell\u2019intero\u00bb e alla \u00abmetafisica originaria\u00bb. Nel successivo, l\u2019attenzione si concentrer\u00e0 proprio su questi due temi, che costituiscono la parte finale dell\u2019Opera.<\/p>\n","protected":false},"featured_media":16103,"template":"","meta":{"_editorskit_title_hidden":false,"_editorskit_reading_time":0,"_editorskit_is_block_options_detached":false,"_editorskit_block_options_position":"{}","_monsterinsights_skip_tracking":false,"_monsterinsights_sitenote_active":false,"_monsterinsights_sitenote_note":"","_monsterinsights_sitenote_category":0},"product_brand":[],"product_cat":[6530,6661],"product_tag":[],"class_list":{"0":"post-16104","1":"product","2":"type-product","3":"status-publish","4":"has-post-thumbnail","6":"product_cat-filosofia","7":"product_cat-op-ns","8":"pa_fulfillment-default","9":"pa_guerini_amazon_link-25-httpswwwamazonitconcetto_c","10":"pa_guerini_feltrinelli_link-88-httpswwwlafeltrinelliitlib","11":"pa_guerini_ibs_link-9b-httpswwwibsitconcetto_di_r","12":"pa_guerini_libruniver_link-3c-httpswwwlibreriauniversita","13":"pa_guerini_link_amazon-d1-httpswwwamazonitc2abrelazi","14":"pa_guerini_link_giunti_punto-91-httpswwwgiuntialpuntoitpro","15":"pa_guerini_link_google_play-ec-httpsplaygooglecomstoreboo","16":"pa_guerini_link_kobo-9b-httpswwwkobocomititebookco","17":"pa_guerini_link_lafeltrinelli-ac-httpswwwlafeltrinelliitebo","18":"pa_guerini_mondadori_link-02-httpswwwmondadoristoreitco","20":"first","21":"instock","22":"sale","23":"shipping-taxable","24":"purchasable","25":"product-type-simple"},"yoast_head":"<!-- This site is optimized with the Yoast SEO plugin v25.4 - https:\/\/yoast.com\/wordpress\/plugins\/seo\/ -->\n<title>Il concetto di \u00abrelazione\u00bb nell&#039;opera di Severino - Guerini e Associati<\/title>\n<meta name=\"robots\" content=\"index, follow, max-snippet:-1, max-image-preview:large, max-video-preview:-1\" \/>\n<link rel=\"canonical\" href=\"https:\/\/www.guerini.it\/index.php\/prodotto\/il-concetto-di-relazione-nell-opera-di-severino\/\" \/>\n<meta property=\"og:locale\" content=\"it_IT\" \/>\n<meta property=\"og:type\" content=\"article\" \/>\n<meta property=\"og:title\" content=\"Il concetto di \u00abrelazione\u00bb nell&#039;opera di Severino - Guerini e Associati\" \/>\n<meta property=\"og:description\" content=\"Ne La struttura originaria si configura la pi\u00f9 compiuta presentazione dell\u2019essenza del fondamento e Stella intende dimostrare che quella struttura, di cui Severino afferma il valore originario, \u00e8 la relazione, la quale pu\u00f2 venire intesa sia come costrutto mono-diadico sia come l\u2019intrinseco riferirsi dei termini. In Severino sono presenti entrambe queste accezioni, ma la seconda non viene compiutamente fatta valere, cio\u00e8 non viene portata alle sue naturali e necessarie conseguenze; ci\u00f2 forse \u00e8 dovuto al fatto che le due accezioni sono a tal punto teoreticamente divergenti, che risultano addirittura incompatibili. Intendere l\u2019originario nella forma di una struttura, e dunque di una relazione, ha conseguenze rilevantissime su tutto l\u2019impianto teoretico del pensiero di Severino e, nello scritto di Stella, vengono individuate alcune di queste conseguenze, quelle che risultano pi\u00f9 significative. La ricerca viene suddivisa in due scritti. Nel presente, sono trattati i temi fondamentali che emergono da quella parte de La struttura originaria che introduce alla \u00abmanifestazione dell\u2019intero\u00bb e alla \u00abmetafisica originaria\u00bb. Nel successivo, l\u2019attenzione si concentrer\u00e0 proprio su questi due temi, che costituiscono la parte finale dell\u2019Opera.\" \/>\n<meta property=\"og:url\" content=\"https:\/\/www.guerini.it\/index.php\/prodotto\/il-concetto-di-relazione-nell-opera-di-severino\/\" \/>\n<meta property=\"og:site_name\" content=\"Guerini e Associati\" \/>\n<meta property=\"article:modified_time\" content=\"2024-06-12T12:41:10+00:00\" \/>\n<meta property=\"og:image\" content=\"https:\/\/www.guerini.it\/wp-content\/uploads\/2018\/03\/concetto_di_relazione_sito.jpg\" \/>\n\t<meta property=\"og:image:width\" content=\"229\" \/>\n\t<meta property=\"og:image:height\" content=\"353\" \/>\n\t<meta property=\"og:image:type\" content=\"image\/jpeg\" \/>\n<meta name=\"twitter:card\" content=\"summary_large_image\" \/>\n<meta name=\"twitter:label1\" content=\"Tempo di lettura stimato\" \/>\n\t<meta name=\"twitter:data1\" content=\"1 minuto\" \/>\n<!-- \/ Yoast SEO plugin. -->","yoast_head_json":{"title":"Il concetto di \u00abrelazione\u00bb nell'opera di Severino - Guerini e Associati","robots":{"index":"index","follow":"follow","max-snippet":"max-snippet:-1","max-image-preview":"max-image-preview:large","max-video-preview":"max-video-preview:-1"},"canonical":"https:\/\/www.guerini.it\/index.php\/prodotto\/il-concetto-di-relazione-nell-opera-di-severino\/","og_locale":"it_IT","og_type":"article","og_title":"Il concetto di \u00abrelazione\u00bb nell'opera di Severino - Guerini e Associati","og_description":"Ne La struttura originaria si configura la pi\u00f9 compiuta presentazione dell\u2019essenza del fondamento e Stella intende dimostrare che quella struttura, di cui Severino afferma il valore originario, \u00e8 la relazione, la quale pu\u00f2 venire intesa sia come costrutto mono-diadico sia come l\u2019intrinseco riferirsi dei termini. In Severino sono presenti entrambe queste accezioni, ma la seconda non viene compiutamente fatta valere, cio\u00e8 non viene portata alle sue naturali e necessarie conseguenze; ci\u00f2 forse \u00e8 dovuto al fatto che le due accezioni sono a tal punto teoreticamente divergenti, che risultano addirittura incompatibili. Intendere l\u2019originario nella forma di una struttura, e dunque di una relazione, ha conseguenze rilevantissime su tutto l\u2019impianto teoretico del pensiero di Severino e, nello scritto di Stella, vengono individuate alcune di queste conseguenze, quelle che risultano pi\u00f9 significative. La ricerca viene suddivisa in due scritti. Nel presente, sono trattati i temi fondamentali che emergono da quella parte de La struttura originaria che introduce alla \u00abmanifestazione dell\u2019intero\u00bb e alla \u00abmetafisica originaria\u00bb. Nel successivo, l\u2019attenzione si concentrer\u00e0 proprio su questi due temi, che costituiscono la parte finale dell\u2019Opera.","og_url":"https:\/\/www.guerini.it\/index.php\/prodotto\/il-concetto-di-relazione-nell-opera-di-severino\/","og_site_name":"Guerini e Associati","article_modified_time":"2024-06-12T12:41:10+00:00","og_image":[{"width":229,"height":353,"url":"https:\/\/www.guerini.it\/wp-content\/uploads\/2018\/03\/concetto_di_relazione_sito.jpg","type":"image\/jpeg"}],"twitter_card":"summary_large_image","twitter_misc":{"Tempo di lettura stimato":"1 minuto"},"schema":{"@context":"https:\/\/schema.org","@graph":[{"@type":"WebPage","@id":"https:\/\/www.guerini.it\/index.php\/prodotto\/il-concetto-di-relazione-nell-opera-di-severino\/","url":"https:\/\/www.guerini.it\/index.php\/prodotto\/il-concetto-di-relazione-nell-opera-di-severino\/","name":"Il concetto di \u00abrelazione\u00bb nell'opera di Severino - Guerini e Associati","isPartOf":{"@id":"https:\/\/www.guerini.it\/#website"},"primaryImageOfPage":{"@id":"https:\/\/www.guerini.it\/index.php\/prodotto\/il-concetto-di-relazione-nell-opera-di-severino\/#primaryimage"},"image":{"@id":"https:\/\/www.guerini.it\/index.php\/prodotto\/il-concetto-di-relazione-nell-opera-di-severino\/#primaryimage"},"thumbnailUrl":"https:\/\/www.guerini.it\/wp-content\/uploads\/2018\/03\/concetto_di_relazione_sito.jpg","datePublished":"2018-03-30T06:32:25+00:00","dateModified":"2024-06-12T12:41:10+00:00","breadcrumb":{"@id":"https:\/\/www.guerini.it\/index.php\/prodotto\/il-concetto-di-relazione-nell-opera-di-severino\/#breadcrumb"},"inLanguage":"it-IT","potentialAction":[{"@type":"ReadAction","target":["https:\/\/www.guerini.it\/index.php\/prodotto\/il-concetto-di-relazione-nell-opera-di-severino\/"]}]},{"@type":"ImageObject","inLanguage":"it-IT","@id":"https:\/\/www.guerini.it\/index.php\/prodotto\/il-concetto-di-relazione-nell-opera-di-severino\/#primaryimage","url":"https:\/\/www.guerini.it\/wp-content\/uploads\/2018\/03\/concetto_di_relazione_sito.jpg","contentUrl":"https:\/\/www.guerini.it\/wp-content\/uploads\/2018\/03\/concetto_di_relazione_sito.jpg","width":229,"height":353,"caption":"Il concetto di relazione nell'opera di Severino"},{"@type":"BreadcrumbList","@id":"https:\/\/www.guerini.it\/index.php\/prodotto\/il-concetto-di-relazione-nell-opera-di-severino\/#breadcrumb","itemListElement":[{"@type":"ListItem","position":1,"name":"Home","item":"https:\/\/www.guerini.it\/"},{"@type":"ListItem","position":2,"name":"Catalogo","item":"https:\/\/www.guerini.it\/index.php\/negozio\/"},{"@type":"ListItem","position":3,"name":"Il concetto di \u00abrelazione\u00bb nell&#8217;opera di Severino"}]},{"@type":"WebSite","@id":"https:\/\/www.guerini.it\/#website","url":"https:\/\/www.guerini.it\/","name":"Guerini e Associati","description":"30 anni di libri, idee e libert\u00e0","publisher":{"@id":"https:\/\/www.guerini.it\/#organization"},"potentialAction":[{"@type":"SearchAction","target":{"@type":"EntryPoint","urlTemplate":"https:\/\/www.guerini.it\/?s={search_term_string}"},"query-input":{"@type":"PropertyValueSpecification","valueRequired":true,"valueName":"search_term_string"}}],"inLanguage":"it-IT"},{"@type":"Organization","@id":"https:\/\/www.guerini.it\/#organization","name":"Guerini e Associati","url":"https:\/\/www.guerini.it\/","logo":{"@type":"ImageObject","inLanguage":"it-IT","@id":"https:\/\/www.guerini.it\/#\/schema\/logo\/image\/","url":"https:\/\/www.guerini.it\/wp-content\/uploads\/2021\/03\/Logo-Guerini-OK_-e1615831292285.png","contentUrl":"https:\/\/www.guerini.it\/wp-content\/uploads\/2021\/03\/Logo-Guerini-OK_-e1615831292285.png","width":2805,"height":1870,"caption":"Guerini e Associati"},"image":{"@id":"https:\/\/www.guerini.it\/#\/schema\/logo\/image\/"}}]}},"_links":{"self":[{"href":"https:\/\/www.guerini.it\/index.php\/wp-json\/wp\/v2\/product\/16104","targetHints":{"allow":["GET"]}}],"collection":[{"href":"https:\/\/www.guerini.it\/index.php\/wp-json\/wp\/v2\/product"}],"about":[{"href":"https:\/\/www.guerini.it\/index.php\/wp-json\/wp\/v2\/types\/product"}],"wp:featuredmedia":[{"embeddable":true,"href":"https:\/\/www.guerini.it\/index.php\/wp-json\/wp\/v2\/media\/16103"}],"wp:attachment":[{"href":"https:\/\/www.guerini.it\/index.php\/wp-json\/wp\/v2\/media?parent=16104"}],"wp:term":[{"taxonomy":"product_brand","embeddable":true,"href":"https:\/\/www.guerini.it\/index.php\/wp-json\/wp\/v2\/product_brand?post=16104"},{"taxonomy":"product_cat","embeddable":true,"href":"https:\/\/www.guerini.it\/index.php\/wp-json\/wp\/v2\/product_cat?post=16104"},{"taxonomy":"product_tag","embeddable":true,"href":"https:\/\/www.guerini.it\/index.php\/wp-json\/wp\/v2\/product_tag?post=16104"}],"curies":[{"name":"wp","href":"https:\/\/api.w.org\/{rel}","templated":true}]}}

<p>Ne La struttura originaria si configura la più compiuta presentazione dell’essenza del fondamento e Stella intende dimostrare che quella struttura, di cui Severino afferma il valore originario, è la relazione, la quale può venire intesa sia come costrutto mono-diadico sia come l’intrinseco riferirsi dei termini. In Severino sono presenti entrambe queste accezioni, ma la seconda non viene compiutamente fatta valere, cioè non viene portata alle sue naturali e necessarie conseguenze; ciò forse è dovuto al fatto che le due accezioni sono a tal punto teoreticamente divergenti, che risultano addirittura incompatibili. Intendere l’originario nella forma di una struttura, e dunque di una relazione, ha conseguenze rilevantissime su tutto l’impianto teoretico del pensiero di Severino e, nello scritto di Stella, vengono individuate alcune di queste conseguenze, quelle che risultano più significative. La ricerca viene suddivisa in due scritti. Nel presente, sono trattati i temi fondamentali che emergono da quella parte de La struttura originaria che introduce alla «manifestazione dell’intero» e alla «metafisica originaria». Nel successivo, l’attenzione si concentrerà proprio su questi due temi, che costituiscono la parte finale dell’Opera.</p>

<!-- This site is optimized with the Yoast SEO plugin v25.4 - https://yoast.com/wordpress/plugins/seo/ -->
<title>Il concetto di «relazione» nell&#039;opera di Severino - Guerini e Associati</title>
<meta name="robots" content="index, follow, max-snippet:-1, max-image-preview:large, max-video-preview:-1" />
<link rel="canonical" href="https://www.guerini.it/index.php/prodotto/il-concetto-di-relazione-nell-opera-di-severino/" />
<meta property="og:locale" content="it_IT" />
<meta property="og:type" content="article" />
<meta property="og:title" content="Il concetto di «relazione» nell&#039;opera di Severino - Guerini e Associati" />
<meta property="og:description" content="Ne La struttura originaria si configura la più compiuta presentazione dell’essenza del fondamento e Stella intende dimostrare che quella struttura, di cui Severino afferma il valore originario, è la relazione, la quale può venire intesa sia come costrutto mono-diadico sia come l’intrinseco riferirsi dei termini. In Severino sono presenti entrambe queste accezioni, ma la seconda non viene compiutamente fatta valere, cioè non viene portata alle sue naturali e necessarie conseguenze; ciò forse è dovuto al fatto che le due accezioni sono a tal punto teoreticamente divergenti, che risultano addirittura incompatibili. Intendere l’originario nella forma di una struttura, e dunque di una relazione, ha conseguenze rilevantissime su tutto l’impianto teoretico del pensiero di Severino e, nello scritto di Stella, vengono individuate alcune di queste conseguenze, quelle che risultano più significative. La ricerca viene suddivisa in due scritti. Nel presente, sono trattati i temi fondamentali che emergono da quella parte de La struttura originaria che introduce alla «manifestazione dell’intero» e alla «metafisica originaria». Nel successivo, l’attenzione si concentrerà proprio su questi due temi, che costituiscono la parte finale dell’Opera." />
<meta property="og:url" content="https://www.guerini.it/index.php/prodotto/il-concetto-di-relazione-nell-opera-di-severino/" />
<meta property="og:site_name" content="Guerini e Associati" />
<meta property="article:modified_time" content="2024-06-12T12:41:10+00:00" />
<meta property="og:image" content="https://www.guerini.it/wp-content/uploads/2018/03/concetto_di_relazione_sito.jpg" />
	<meta property="og:image:width" content="229" />
	<meta property="og:image:height" content="353" />
	<meta property="og:image:type" content="image/jpeg" />
<meta name="twitter:card" content="summary_large_image" />
<meta name="twitter:label1" content="Tempo di lettura stimato" />
	<meta name="twitter:data1" content="1 minuto" />
<!-- / Yoast SEO plugin. -->

Ne La struttura originaria si configura la più compiuta presentazione dell’essenza del fondamento e Stella intende dimostrare che quella struttura, di cui Severino afferma il valore originario, è la relazione, la quale può venire intesa sia come costrutto mono-diadico sia come l’intrinseco riferirsi dei termini. In Severino sono presenti entrambe queste accezioni, ma la seconda non viene compiutamente fatta valere, cioè non viene portata alle sue naturali e necessarie conseguenze; ciò forse è dovuto al fatto che le due accezioni sono a tal punto teoreticamente divergenti, che risultano addirittura incompatibili. Intendere l’originario nella forma di una struttura, e dunque di una relazione, ha conseguenze rilevantissime su tutto l’impianto teoretico del pensiero di Severino e, nello scritto di Stella, vengono individuate alcune di queste conseguenze, quelle che risultano più significative. La ricerca viene suddivisa in due scritti. Nel presente, sono trattati i temi fondamentali che emergono da quella parte de La struttura originaria che introduce alla «manifestazione dell’intero» e alla «metafisica originaria». Nel successivo, l’attenzione si concentrerà proprio su questi due temi, che costituiscono la parte finale dell’Opera.

30 anni di libri, idee e libertà
