{"id":16106,"date":"2018-03-30T08:37:03","date_gmt":"2018-03-30T06:37:03","guid":{"rendered":"https:\/\/test.guerini.it\/?product=oltre-il-capitalismo"},"modified":"2026-01-22T11:19:43","modified_gmt":"2026-01-22T10:19:43","slug":"oltre-il-capitalismo","status":"publish","type":"product","link":"https:\/\/www.guerini.it\/index.php\/prodotto\/oltre-il-capitalismo\/","title":{"rendered":"Oltre il capitalismo"},"content":{"rendered":"<p style=\"text-align: justify;\"><strong>Una nuova civilt\u00e0 delle macchine appare all&#8217;orizzonte, una civilt\u00e0 in cui lo 0,1 % della popolazione possieder\u00e0 le macchine, lo 0,9 % le gestir\u00e0 e il 99% sar\u00e0 addetto al poco lavoro non automatizzato della grande impresa o giacer\u00e0 nell&#8217;abisso della disoccupazione.<\/strong><\/p>\n<p style=\"text-align: justify;\">Tracciando un affresco memorabile del nostro tempo, l&#8217;autore ci conduce oltre il pensiero unico dominante. In particolare, oltre il luogo comune per eccellenza, ovvero che esiste e sempre esister\u00e0 una sola forma economico-sociale di tipo capitalistico.<br \/>\nA fronte di un capitalismo finanziarizzato e tecnologico che genera forte disuguaglianza, di una prassi che ha posto al centro dell&#8217;organizzazione sociale il denaro anzich\u00e8 il lavoro, di un futuro caratterizzato dalla disoccupazione (o sotto-occupazione) di massa, quale la via di uscita? Per Sapelli la strada \u00e8 quella di un socialismo comunitario che riscatti e risollevi il \u00abpopolo degli abissi\u00bb, quel 99% per cui si prospetta oggi un futuro quanto mai incerto.<\/p>\n<p style=\"text-align: justify;\"><em>\u00abSi pu\u00f2 dire che sia finito il capitalismo? E cosa \u00e8 stato davvero? Domande propedeutiche a quella pi\u00f9 grande e che quasi fa tremare i polsi: cosa ci sar\u00e0, o cosa c&#8217;\u00e8 &#8220;oltre il capitalismo&#8221;?\u00bb<\/em> (Dalla Prefazione di Giuseppe De Lucia Lumeno).<\/p>\n<p style=\"text-align: justify;\"><strong>Giulio Sapelli<\/strong> \u00e8 nato a Torino nel 1947 e ha insegnato in Europa, in Australiae nelle due Americhe e i suoi libri sono tradotti in tutto il mondo. Ha lavoratoe lavora come formatore, consulente strategico e consigliere di amministrazioneper importanti imprese internazionali. Nel 2018 gli \u00e8 stato assegnatoil Premio \u00abManlio Gelmozzi\u00bb che va ai pi\u00f9 meritevoli sostenitori delle virt\u00f9dell\u2019artigianato e delle piccole imprese.<\/p>\n<p style=\"text-align: justify;\"><strong>Permalink:\u00a0<a href=\"http:\/\/digital.casalini.it\/9788881952908\" target=\"_blank\" rel=\"noopener\">http:\/\/digital.casalini.it\/9788881952908<\/a><\/strong><\/p>\n","protected":false},"excerpt":{"rendered":"<p style=\"text-align: justify;\">Tracciando un affresco memorabile del nostro tempo, l\u2019autore ci conduce oltre il pensiero unico dominante. In particolare, oltre il luogo comune per eccellenza, ovvero che esiste e sempre esister\u00e0 una sola forma economico-sociale di tipo capitalistico.<br \/>\nA fronte di un capitalismo finanziarizzato e tecnologico che genera forte disuguaglianza, di una prassi che ha posto al centro dell\u2019organizzazione sociale il denaro anzich\u00e9 il lavoro, di un futuro caratterizzato dalla disoccupazione (o sotto-occupazione) di massa, quale la via di uscita? Per Sapelli la strada \u00e8 quella di un socialismo comunitario che riscatti e risollevi il \u00abpopolo degli abissi\u00bb, quel 99% per cui si prospetta oggi un futuro quanto mai incerto.<\/p>\n","protected":false},"featured_media":16105,"template":"","meta":{"_editorskit_title_hidden":false,"_editorskit_reading_time":0,"_editorskit_is_block_options_detached":false,"_editorskit_block_options_position":"{}","_monsterinsights_skip_tracking":false,"_monsterinsights_sitenote_active":false,"_monsterinsights_sitenote_note":"","_monsterinsights_sitenote_category":0},"product_brand":[],"product_cat":[6585,6527,6529,6631],"product_tag":[],"class_list":{"0":"post-16106","1":"product","2":"type-product","3":"status-publish","4":"has-post-thumbnail","6":"product_cat-sma","7":"product_cat-attualita","8":"product_cat-economia-e-management","9":"product_cat-le-sfide-dell-era-digitale","10":"pa_fulfillment-default","11":"pa_guerini_amazon_link-79-httpswwwamazonitoltre_capi","12":"pa_guerini_feltrinelli_link-7f-httpswwwlafeltrinelliitlib","13":"pa_guerini_ibs_link-41-httpswwwibsitoltre_capital","14":"pa_guerini_libruniver_link-f9-httpswwwlibreriauniversita","15":"pa_guerini_link_amazon-98-httpswwwamazonitdpb07bxlwd","16":"pa_guerini_link_apple_ibook-cc-httpsitunesapplecomitbooko","17":"pa_guerini_link_giunti_punto-49-httpswwwgiuntialpuntoitpro","18":"pa_guerini_link_google_play-c1-httpsplaygooglecomstoreboo","19":"pa_guerini_link_kobo-e4-httpswwwkobocomititebookol","20":"pa_guerini_mondadori_link-bc-httpswwwmondadoristoreitol","22":"first","23":"instock","24":"sale","25":"shipping-taxable","26":"purchasable","27":"product-type-simple"},"yoast_head":"<!-- This site is optimized with the Yoast SEO plugin v25.4 - https:\/\/yoast.com\/wordpress\/plugins\/seo\/ -->\n<title>Oltre il capitalismo - Guerini e Associati<\/title>\n<meta name=\"robots\" content=\"index, follow, max-snippet:-1, max-image-preview:large, max-video-preview:-1\" \/>\n<link rel=\"canonical\" href=\"https:\/\/www.guerini.it\/index.php\/prodotto\/oltre-il-capitalismo\/\" \/>\n<meta property=\"og:locale\" content=\"it_IT\" \/>\n<meta property=\"og:type\" content=\"article\" \/>\n<meta property=\"og:title\" content=\"Oltre il capitalismo - Guerini e Associati\" \/>\n<meta property=\"og:description\" content=\"Tracciando un affresco memorabile del nostro tempo, l\u2019autore ci conduce oltre il pensiero unico dominante. In particolare, oltre il luogo comune per eccellenza, ovvero che esiste e sempre esister\u00e0 una sola forma economico-sociale di tipo capitalistico. A fronte di un capitalismo finanziarizzato e tecnologico che genera forte disuguaglianza, di una prassi che ha posto al centro dell\u2019organizzazione sociale il denaro anzich\u00e9 il lavoro, di un futuro caratterizzato dalla disoccupazione (o sotto-occupazione) di massa, quale la via di uscita? Per Sapelli la strada \u00e8 quella di un socialismo comunitario che riscatti e risollevi il \u00abpopolo degli abissi\u00bb, quel 99% per cui si prospetta oggi un futuro quanto mai incerto.\" \/>\n<meta property=\"og:url\" content=\"https:\/\/www.guerini.it\/index.php\/prodotto\/oltre-il-capitalismo\/\" \/>\n<meta property=\"og:site_name\" content=\"Guerini e Associati\" \/>\n<meta property=\"article:modified_time\" content=\"2026-01-22T10:19:43+00:00\" \/>\n<meta property=\"og:image\" content=\"https:\/\/www.guerini.it\/wp-content\/uploads\/2018\/03\/oltre_il_capitalismo_sito.jpg\" \/>\n\t<meta property=\"og:image:width\" content=\"235\" \/>\n\t<meta property=\"og:image:height\" content=\"353\" \/>\n\t<meta property=\"og:image:type\" content=\"image\/jpeg\" \/>\n<meta name=\"twitter:card\" content=\"summary_large_image\" \/>\n<meta name=\"twitter:label1\" content=\"Tempo di lettura stimato\" \/>\n\t<meta name=\"twitter:data1\" content=\"2 minuti\" \/>\n<!-- \/ Yoast SEO plugin. -->","yoast_head_json":{"title":"Oltre il capitalismo - Guerini e Associati","robots":{"index":"index","follow":"follow","max-snippet":"max-snippet:-1","max-image-preview":"max-image-preview:large","max-video-preview":"max-video-preview:-1"},"canonical":"https:\/\/www.guerini.it\/index.php\/prodotto\/oltre-il-capitalismo\/","og_locale":"it_IT","og_type":"article","og_title":"Oltre il capitalismo - Guerini e Associati","og_description":"Tracciando un affresco memorabile del nostro tempo, l\u2019autore ci conduce oltre il pensiero unico dominante. In particolare, oltre il luogo comune per eccellenza, ovvero che esiste e sempre esister\u00e0 una sola forma economico-sociale di tipo capitalistico. A fronte di un capitalismo finanziarizzato e tecnologico che genera forte disuguaglianza, di una prassi che ha posto al centro dell\u2019organizzazione sociale il denaro anzich\u00e9 il lavoro, di un futuro caratterizzato dalla disoccupazione (o sotto-occupazione) di massa, quale la via di uscita? Per Sapelli la strada \u00e8 quella di un socialismo comunitario che riscatti e risollevi il \u00abpopolo degli abissi\u00bb, quel 99% per cui si prospetta oggi un futuro quanto mai incerto.","og_url":"https:\/\/www.guerini.it\/index.php\/prodotto\/oltre-il-capitalismo\/","og_site_name":"Guerini e Associati","article_modified_time":"2026-01-22T10:19:43+00:00","og_image":[{"width":235,"height":353,"url":"https:\/\/www.guerini.it\/wp-content\/uploads\/2018\/03\/oltre_il_capitalismo_sito.jpg","type":"image\/jpeg"}],"twitter_card":"summary_large_image","twitter_misc":{"Tempo di lettura stimato":"2 minuti"},"schema":{"@context":"https:\/\/schema.org","@graph":[{"@type":"WebPage","@id":"https:\/\/www.guerini.it\/index.php\/prodotto\/oltre-il-capitalismo\/","url":"https:\/\/www.guerini.it\/index.php\/prodotto\/oltre-il-capitalismo\/","name":"Oltre il capitalismo - Guerini e Associati","isPartOf":{"@id":"https:\/\/www.guerini.it\/#website"},"primaryImageOfPage":{"@id":"https:\/\/www.guerini.it\/index.php\/prodotto\/oltre-il-capitalismo\/#primaryimage"},"image":{"@id":"https:\/\/www.guerini.it\/index.php\/prodotto\/oltre-il-capitalismo\/#primaryimage"},"thumbnailUrl":"https:\/\/www.guerini.it\/wp-content\/uploads\/2018\/03\/oltre_il_capitalismo_sito.jpg","datePublished":"2018-03-30T06:37:03+00:00","dateModified":"2026-01-22T10:19:43+00:00","breadcrumb":{"@id":"https:\/\/www.guerini.it\/index.php\/prodotto\/oltre-il-capitalismo\/#breadcrumb"},"inLanguage":"it-IT","potentialAction":[{"@type":"ReadAction","target":["https:\/\/www.guerini.it\/index.php\/prodotto\/oltre-il-capitalismo\/"]}]},{"@type":"ImageObject","inLanguage":"it-IT","@id":"https:\/\/www.guerini.it\/index.php\/prodotto\/oltre-il-capitalismo\/#primaryimage","url":"https:\/\/www.guerini.it\/wp-content\/uploads\/2018\/03\/oltre_il_capitalismo_sito.jpg","contentUrl":"https:\/\/www.guerini.it\/wp-content\/uploads\/2018\/03\/oltre_il_capitalismo_sito.jpg","width":235,"height":353,"caption":"Oltre il capitalismo"},{"@type":"BreadcrumbList","@id":"https:\/\/www.guerini.it\/index.php\/prodotto\/oltre-il-capitalismo\/#breadcrumb","itemListElement":[{"@type":"ListItem","position":1,"name":"Home","item":"https:\/\/www.guerini.it\/"},{"@type":"ListItem","position":2,"name":"Catalogo","item":"https:\/\/www.guerini.it\/index.php\/negozio\/"},{"@type":"ListItem","position":3,"name":"Oltre il capitalismo"}]},{"@type":"WebSite","@id":"https:\/\/www.guerini.it\/#website","url":"https:\/\/www.guerini.it\/","name":"Guerini e Associati","description":"30 anni di libri, idee e libert\u00e0","publisher":{"@id":"https:\/\/www.guerini.it\/#organization"},"potentialAction":[{"@type":"SearchAction","target":{"@type":"EntryPoint","urlTemplate":"https:\/\/www.guerini.it\/?s={search_term_string}"},"query-input":{"@type":"PropertyValueSpecification","valueRequired":true,"valueName":"search_term_string"}}],"inLanguage":"it-IT"},{"@type":"Organization","@id":"https:\/\/www.guerini.it\/#organization","name":"Guerini e Associati","url":"https:\/\/www.guerini.it\/","logo":{"@type":"ImageObject","inLanguage":"it-IT","@id":"https:\/\/www.guerini.it\/#\/schema\/logo\/image\/","url":"https:\/\/www.guerini.it\/wp-content\/uploads\/2021\/03\/Logo-Guerini-OK_-e1615831292285.png","contentUrl":"https:\/\/www.guerini.it\/wp-content\/uploads\/2021\/03\/Logo-Guerini-OK_-e1615831292285.png","width":2805,"height":1870,"caption":"Guerini e Associati"},"image":{"@id":"https:\/\/www.guerini.it\/#\/schema\/logo\/image\/"}}]}},"_links":{"self":[{"href":"https:\/\/www.guerini.it\/index.php\/wp-json\/wp\/v2\/product\/16106","targetHints":{"allow":["GET"]}}],"collection":[{"href":"https:\/\/www.guerini.it\/index.php\/wp-json\/wp\/v2\/product"}],"about":[{"href":"https:\/\/www.guerini.it\/index.php\/wp-json\/wp\/v2\/types\/product"}],"wp:featuredmedia":[{"embeddable":true,"href":"https:\/\/www.guerini.it\/index.php\/wp-json\/wp\/v2\/media\/16105"}],"wp:attachment":[{"href":"https:\/\/www.guerini.it\/index.php\/wp-json\/wp\/v2\/media?parent=16106"}],"wp:term":[{"taxonomy":"product_brand","embeddable":true,"href":"https:\/\/www.guerini.it\/index.php\/wp-json\/wp\/v2\/product_brand?post=16106"},{"taxonomy":"product_cat","embeddable":true,"href":"https:\/\/www.guerini.it\/index.php\/wp-json\/wp\/v2\/product_cat?post=16106"},{"taxonomy":"product_tag","embeddable":true,"href":"https:\/\/www.guerini.it\/index.php\/wp-json\/wp\/v2\/product_tag?post=16106"}],"curies":[{"name":"wp","href":"https:\/\/api.w.org\/{rel}","templated":true}]}}

<p style="text-align: justify;"><strong>Una nuova civiltà delle macchine appare all&#8217;orizzonte, una civiltà in cui lo 0,1 % della popolazione possiederà le macchine, lo 0,9 % le gestirà e il 99% sarà addetto al poco lavoro non automatizzato della grande impresa o giacerà nell&#8217;abisso della disoccupazione.</strong></p>
<p style="text-align: justify;">Tracciando un affresco memorabile del nostro tempo, l&#8217;autore ci conduce oltre il pensiero unico dominante. In particolare, oltre il luogo comune per eccellenza, ovvero che esiste e sempre esisterà una sola forma economico-sociale di tipo capitalistico.<br />
A fronte di un capitalismo finanziarizzato e tecnologico che genera forte disuguaglianza, di una prassi che ha posto al centro dell&#8217;organizzazione sociale il denaro anzichè il lavoro, di un futuro caratterizzato dalla disoccupazione (o sotto-occupazione) di massa, quale la via di uscita? Per Sapelli la strada è quella di un socialismo comunitario che riscatti e risollevi il «popolo degli abissi», quel 99% per cui si prospetta oggi un futuro quanto mai incerto.</p>
<p style="text-align: justify;"><em>«Si può dire che sia finito il capitalismo? E cosa è stato davvero? Domande propedeutiche a quella più grande e che quasi fa tremare i polsi: cosa ci sarà, o cosa c&#8217;è &#8220;oltre il capitalismo&#8221;?»</em> (Dalla Prefazione di Giuseppe De Lucia Lumeno).</p>
<p style="text-align: justify;"><strong>Giulio Sapelli</strong> è nato a Torino nel 1947 e ha insegnato in Europa, in Australiae nelle due Americhe e i suoi libri sono tradotti in tutto il mondo. Ha lavoratoe lavora come formatore, consulente strategico e consigliere di amministrazioneper importanti imprese internazionali. Nel 2018 gli è stato assegnatoil Premio «Manlio Gelmozzi» che va ai più meritevoli sostenitori delle virtùdell’artigianato e delle piccole imprese.</p>
<p style="text-align: justify;"><strong>Permalink: <a href="http://digital.casalini.it/9788881952908" target="_blank" rel="noopener">http://digital.casalini.it/9788881952908</a></strong></p>

<p style="text-align: justify;">Tracciando un affresco memorabile del nostro tempo, l’autore ci conduce oltre il pensiero unico dominante. In particolare, oltre il luogo comune per eccellenza, ovvero che esiste e sempre esisterà una sola forma economico-sociale di tipo capitalistico.<br />
A fronte di un capitalismo finanziarizzato e tecnologico che genera forte disuguaglianza, di una prassi che ha posto al centro dell’organizzazione sociale il denaro anziché il lavoro, di un futuro caratterizzato dalla disoccupazione (o sotto-occupazione) di massa, quale la via di uscita? Per Sapelli la strada è quella di un socialismo comunitario che riscatti e risollevi il «popolo degli abissi», quel 99% per cui si prospetta oggi un futuro quanto mai incerto.</p>

<!-- This site is optimized with the Yoast SEO plugin v25.4 - https://yoast.com/wordpress/plugins/seo/ -->
<title>Oltre il capitalismo - Guerini e Associati</title>
<meta name="robots" content="index, follow, max-snippet:-1, max-image-preview:large, max-video-preview:-1" />
<link rel="canonical" href="https://www.guerini.it/index.php/prodotto/oltre-il-capitalismo/" />
<meta property="og:locale" content="it_IT" />
<meta property="og:type" content="article" />
<meta property="og:title" content="Oltre il capitalismo - Guerini e Associati" />
<meta property="og:description" content="Tracciando un affresco memorabile del nostro tempo, l’autore ci conduce oltre il pensiero unico dominante. In particolare, oltre il luogo comune per eccellenza, ovvero che esiste e sempre esisterà una sola forma economico-sociale di tipo capitalistico. A fronte di un capitalismo finanziarizzato e tecnologico che genera forte disuguaglianza, di una prassi che ha posto al centro dell’organizzazione sociale il denaro anziché il lavoro, di un futuro caratterizzato dalla disoccupazione (o sotto-occupazione) di massa, quale la via di uscita? Per Sapelli la strada è quella di un socialismo comunitario che riscatti e risollevi il «popolo degli abissi», quel 99% per cui si prospetta oggi un futuro quanto mai incerto." />
<meta property="og:url" content="https://www.guerini.it/index.php/prodotto/oltre-il-capitalismo/" />
<meta property="og:site_name" content="Guerini e Associati" />
<meta property="article:modified_time" content="2026-01-22T10:19:43+00:00" />
<meta property="og:image" content="https://www.guerini.it/wp-content/uploads/2018/03/oltre_il_capitalismo_sito.jpg" />
	<meta property="og:image:width" content="235" />
	<meta property="og:image:height" content="353" />
	<meta property="og:image:type" content="image/jpeg" />
<meta name="twitter:card" content="summary_large_image" />
<meta name="twitter:label1" content="Tempo di lettura stimato" />
	<meta name="twitter:data1" content="2 minuti" />
<!-- / Yoast SEO plugin. -->

Tracciando un affresco memorabile del nostro tempo, l’autore ci conduce oltre il pensiero unico dominante. In particolare, oltre il luogo comune per eccellenza, ovvero che esiste e sempre esisterà una sola forma economico-sociale di tipo capitalistico. A fronte di un capitalismo finanziarizzato e tecnologico che genera forte disuguaglianza, di una prassi che ha posto al centro dell’organizzazione sociale il denaro anziché il lavoro, di un futuro caratterizzato dalla disoccupazione (o sotto-occupazione) di massa, quale la via di uscita? Per Sapelli la strada è quella di un socialismo comunitario che riscatti e risollevi il «popolo degli abissi», quel 99% per cui si prospetta oggi un futuro quanto mai incerto.

30 anni di libri, idee e libertà
