{"id":16150,"date":"2018-06-21T10:38:12","date_gmt":"2018-06-21T08:38:12","guid":{"rendered":"https:\/\/test.guerini.it\/?product=la-rivoluzione-nel-carrello"},"modified":"2024-06-12T14:38:32","modified_gmt":"2024-06-12T12:38:32","slug":"la-rivoluzione-nel-carrello","status":"publish","type":"product","link":"https:\/\/www.guerini.it\/index.php\/prodotto\/la-rivoluzione-nel-carrello\/","title":{"rendered":"La rivoluzione nel carrello"},"content":{"rendered":"<p style=\"text-align: justify;\">Sono trascorsi dieci anni dall\u2019inizio della \u00abgrande crisi\u00bb. Un cataclisma che ha riorientato i consumi delle famiglie. Al punto che possiamo parlare di un nuovo consumatore, che si distacca in tanti modi dal passato. \u00c8 cambiato il carrello della spesa, dove si trovano alimenti pronti e frutta bio, dove aumentano i prodotti destinati a cani e gatti e diminuiscono quelli per i bambini. Ed \u00e8 cambiato il modo di fare acquisti: il rito della spesa grossa settimanale all\u2019ipermercato \u00e8 stato abbondonato per puntare sulla diversificazione dei luoghi di acquisto. Si sono modificate le scelte, che oggi premiano i prodotti e i servizi legati al tempo libero e al benessere personale. In una parola, all\u2019esperienza. Non solo: alcuni beni, in passato ritenuti fondamentali, hanno perso, almeno in parte, il loro valore simbolico. L\u2019auto, per esempio: per i ventenni non \u00e8 pi\u00f9 uno status symbol. Il suo posto \u00e8 stato preso dalla tecnologia: meglio uno smartphone di ultima generazione (con cui informarsi, condividere, chattare) della patente. Sono solo alcuni dei temi che attraversano il libro. Gli argomenti (e gli interrogativi) sono tanti. Certo \u00e8 che il consumatore di oggi \u00e8 molto diverso da quello pre-crisi e, se anche i redditi tornassero ai livelli dei primi anni 2000, gli acquisti non sarebbero pi\u00f9 gli stessi. Insomma, indietro non si torna. La crisi economica, congiunta alle nuove spinte culturali, ha ridisegnato la geografia dei consumi. Sta a noi trovarne le coordinate.<\/p>\n","protected":false},"excerpt":{"rendered":"<p style=\"text-align: justify;\">Sono trascorsi dieci anni dall\u2019inizio della \u00abgrande crisi\u00bb. Un cataclismache ha riorientato i consumi delle famiglie. Al punto che possiamo parlare di un nuovo consumatore, che si distacca in tanti modi dal passato. \u00c8 cambiato il carrello della spesa, dove si trovano alimenti pronti e frutta bio, dove aumentano i prodotti destinati a cani e gatti e diminuiscono quelli per i bambini. Ed \u00e8 cambiato il modo di fare acquisti: il rito dellaspesa grossa settimanale all\u2019ipermercato \u00e8 stato abbondonato per puntare sulla diversificazione dei luoghi di acquisto. Si sono modificate le scelte, che oggi premiano i prodotti e i servizi legati al tempo libero e al benessere personale. In una parola, all\u2019esperienza. Non solo: alcuni beni, in passato ritenuti fondamentali, hanno perso, almeno in parte, il loro valore simbolico. L\u2019auto, per esempio: per i ventenni non \u00e8 pi\u00f9 uno status symbol. Il suo posto \u00e8 stato preso dalla tecnologia: meglio uno smartphone di ultima generazione (con cui informarsi, condividere, chattare) della patente. Sono solo alcuni dei temi che attraversano il libro. Gli argomenti (e gli interrogativi) sono tanti. Certo \u00e8 che il consumatore di oggi \u00e8 molto diverso da quello pre-crisi e, se anche i redditi tornassero ai livelli dei primi anni 2000, gli acquisti non sarebbero pi\u00f9 gli stessi. Insomma, indietro non si torna. La crisi economica, congiunta alle nuove spinte culturali, ha ridisegnato la geografia dei consumi. Sta a noi trovarne le coordinate.<\/p>\n","protected":false},"featured_media":16149,"template":"","meta":{"_editorskit_title_hidden":false,"_editorskit_reading_time":0,"_editorskit_is_block_options_detached":false,"_editorskit_block_options_position":"{}","_monsterinsights_skip_tracking":false,"_monsterinsights_sitenote_active":false,"_monsterinsights_sitenote_note":"","_monsterinsights_sitenote_category":0},"product_brand":[],"product_cat":[6805,6529],"product_tag":[],"class_list":{"0":"post-16150","1":"product","2":"type-product","3":"status-publish","4":"has-post-thumbnail","6":"product_cat-guerini-next","7":"product_cat-economia-e-management","8":"pa_fulfillment-default","9":"pa_guerini_amazon_link-https-www-amazon-it-rivoluzione-carrello-viaggi-consumi-dellitalia-dp-8868962047","10":"pa_guerini_feltrinelli_link-https-www-lafeltrinelli-it-rivoluzione-nel-carrello-viaggi-nei-libro-anna-zinola-e-9788868962043","11":"pa_guerini_ibs_link-https-www-ibs-it-rivoluzione-nel-carrello-viaggi-nei-libro-anna-zinola-e-9788868962043","12":"pa_guerini_libruniver_link-https-www-libreriauniversitaria-it-rivoluzione-carrello-viaggi-consumi-italia-libro-9788868962043","13":"pa_guerini_mondadori_link-https-www-mondadoristore-it-rivoluzione-carrello-viaggi-anna-zinola-eai978886896204","15":"first","16":"instock","17":"sale","18":"shipping-taxable","19":"purchasable","20":"product-type-simple"},"yoast_head":"<!-- This site is optimized with the Yoast SEO plugin v25.4 - https:\/\/yoast.com\/wordpress\/plugins\/seo\/ -->\n<title>La rivoluzione nel carrello - Guerini e Associati<\/title>\n<meta name=\"robots\" content=\"index, follow, max-snippet:-1, max-image-preview:large, max-video-preview:-1\" \/>\n<link rel=\"canonical\" href=\"https:\/\/www.guerini.it\/index.php\/prodotto\/la-rivoluzione-nel-carrello\/\" \/>\n<meta property=\"og:locale\" content=\"it_IT\" \/>\n<meta property=\"og:type\" content=\"article\" \/>\n<meta property=\"og:title\" content=\"La rivoluzione nel carrello - Guerini e Associati\" \/>\n<meta property=\"og:description\" content=\"Sono trascorsi dieci anni dall\u2019inizio della \u00abgrande crisi\u00bb. Un cataclismache ha riorientato i consumi delle famiglie. Al punto che possiamo parlare di un nuovo consumatore, che si distacca in tanti modi dal passato. \u00c8 cambiato il carrello della spesa, dove si trovano alimenti pronti e frutta bio, dove aumentano i prodotti destinati a cani e gatti e diminuiscono quelli per i bambini. Ed \u00e8 cambiato il modo di fare acquisti: il rito dellaspesa grossa settimanale all\u2019ipermercato \u00e8 stato abbondonato per puntare sulla diversificazione dei luoghi di acquisto. Si sono modificate le scelte, che oggi premiano i prodotti e i servizi legati al tempo libero e al benessere personale. In una parola, all\u2019esperienza. Non solo: alcuni beni, in passato ritenuti fondamentali, hanno perso, almeno in parte, il loro valore simbolico. L\u2019auto, per esempio: per i ventenni non \u00e8 pi\u00f9 uno status symbol. Il suo posto \u00e8 stato preso dalla tecnologia: meglio uno smartphone di ultima generazione (con cui informarsi, condividere, chattare) della patente. Sono solo alcuni dei temi che attraversano il libro. Gli argomenti (e gli interrogativi) sono tanti. Certo \u00e8 che il consumatore di oggi \u00e8 molto diverso da quello pre-crisi e, se anche i redditi tornassero ai livelli dei primi anni 2000, gli acquisti non sarebbero pi\u00f9 gli stessi. Insomma, indietro non si torna. La crisi economica, congiunta alle nuove spinte culturali, ha ridisegnato la geografia dei consumi. Sta a noi trovarne le coordinate.\" \/>\n<meta property=\"og:url\" content=\"https:\/\/www.guerini.it\/index.php\/prodotto\/la-rivoluzione-nel-carrello\/\" \/>\n<meta property=\"og:site_name\" content=\"Guerini e Associati\" \/>\n<meta property=\"article:modified_time\" content=\"2024-06-12T12:38:32+00:00\" \/>\n<meta property=\"og:image\" content=\"https:\/\/www.guerini.it\/wp-content\/uploads\/2018\/06\/la_rivoluzione_nel_carrello_sito.jpg\" \/>\n\t<meta property=\"og:image:width\" content=\"235\" \/>\n\t<meta property=\"og:image:height\" content=\"353\" \/>\n\t<meta property=\"og:image:type\" content=\"image\/jpeg\" \/>\n<meta name=\"twitter:card\" content=\"summary_large_image\" \/>\n<meta name=\"twitter:label1\" content=\"Tempo di lettura stimato\" \/>\n\t<meta name=\"twitter:data1\" content=\"2 minuti\" \/>\n<!-- \/ Yoast SEO plugin. -->","yoast_head_json":{"title":"La rivoluzione nel carrello - Guerini e Associati","robots":{"index":"index","follow":"follow","max-snippet":"max-snippet:-1","max-image-preview":"max-image-preview:large","max-video-preview":"max-video-preview:-1"},"canonical":"https:\/\/www.guerini.it\/index.php\/prodotto\/la-rivoluzione-nel-carrello\/","og_locale":"it_IT","og_type":"article","og_title":"La rivoluzione nel carrello - Guerini e Associati","og_description":"Sono trascorsi dieci anni dall\u2019inizio della \u00abgrande crisi\u00bb. Un cataclismache ha riorientato i consumi delle famiglie. Al punto che possiamo parlare di un nuovo consumatore, che si distacca in tanti modi dal passato. \u00c8 cambiato il carrello della spesa, dove si trovano alimenti pronti e frutta bio, dove aumentano i prodotti destinati a cani e gatti e diminuiscono quelli per i bambini. Ed \u00e8 cambiato il modo di fare acquisti: il rito dellaspesa grossa settimanale all\u2019ipermercato \u00e8 stato abbondonato per puntare sulla diversificazione dei luoghi di acquisto. Si sono modificate le scelte, che oggi premiano i prodotti e i servizi legati al tempo libero e al benessere personale. In una parola, all\u2019esperienza. Non solo: alcuni beni, in passato ritenuti fondamentali, hanno perso, almeno in parte, il loro valore simbolico. L\u2019auto, per esempio: per i ventenni non \u00e8 pi\u00f9 uno status symbol. Il suo posto \u00e8 stato preso dalla tecnologia: meglio uno smartphone di ultima generazione (con cui informarsi, condividere, chattare) della patente. Sono solo alcuni dei temi che attraversano il libro. Gli argomenti (e gli interrogativi) sono tanti. Certo \u00e8 che il consumatore di oggi \u00e8 molto diverso da quello pre-crisi e, se anche i redditi tornassero ai livelli dei primi anni 2000, gli acquisti non sarebbero pi\u00f9 gli stessi. Insomma, indietro non si torna. La crisi economica, congiunta alle nuove spinte culturali, ha ridisegnato la geografia dei consumi. Sta a noi trovarne le coordinate.","og_url":"https:\/\/www.guerini.it\/index.php\/prodotto\/la-rivoluzione-nel-carrello\/","og_site_name":"Guerini e Associati","article_modified_time":"2024-06-12T12:38:32+00:00","og_image":[{"width":235,"height":353,"url":"https:\/\/www.guerini.it\/wp-content\/uploads\/2018\/06\/la_rivoluzione_nel_carrello_sito.jpg","type":"image\/jpeg"}],"twitter_card":"summary_large_image","twitter_misc":{"Tempo di lettura stimato":"2 minuti"},"schema":{"@context":"https:\/\/schema.org","@graph":[{"@type":"WebPage","@id":"https:\/\/www.guerini.it\/index.php\/prodotto\/la-rivoluzione-nel-carrello\/","url":"https:\/\/www.guerini.it\/index.php\/prodotto\/la-rivoluzione-nel-carrello\/","name":"La rivoluzione nel carrello - Guerini e Associati","isPartOf":{"@id":"https:\/\/www.guerini.it\/#website"},"primaryImageOfPage":{"@id":"https:\/\/www.guerini.it\/index.php\/prodotto\/la-rivoluzione-nel-carrello\/#primaryimage"},"image":{"@id":"https:\/\/www.guerini.it\/index.php\/prodotto\/la-rivoluzione-nel-carrello\/#primaryimage"},"thumbnailUrl":"https:\/\/www.guerini.it\/wp-content\/uploads\/2018\/06\/la_rivoluzione_nel_carrello_sito.jpg","datePublished":"2018-06-21T08:38:12+00:00","dateModified":"2024-06-12T12:38:32+00:00","breadcrumb":{"@id":"https:\/\/www.guerini.it\/index.php\/prodotto\/la-rivoluzione-nel-carrello\/#breadcrumb"},"inLanguage":"it-IT","potentialAction":[{"@type":"ReadAction","target":["https:\/\/www.guerini.it\/index.php\/prodotto\/la-rivoluzione-nel-carrello\/"]}]},{"@type":"ImageObject","inLanguage":"it-IT","@id":"https:\/\/www.guerini.it\/index.php\/prodotto\/la-rivoluzione-nel-carrello\/#primaryimage","url":"https:\/\/www.guerini.it\/wp-content\/uploads\/2018\/06\/la_rivoluzione_nel_carrello_sito.jpg","contentUrl":"https:\/\/www.guerini.it\/wp-content\/uploads\/2018\/06\/la_rivoluzione_nel_carrello_sito.jpg","width":235,"height":353,"caption":"Copertina del volume La rivoluzione nel carrello"},{"@type":"BreadcrumbList","@id":"https:\/\/www.guerini.it\/index.php\/prodotto\/la-rivoluzione-nel-carrello\/#breadcrumb","itemListElement":[{"@type":"ListItem","position":1,"name":"Home","item":"https:\/\/www.guerini.it\/"},{"@type":"ListItem","position":2,"name":"Catalogo","item":"https:\/\/www.guerini.it\/index.php\/negozio\/"},{"@type":"ListItem","position":3,"name":"La rivoluzione nel carrello"}]},{"@type":"WebSite","@id":"https:\/\/www.guerini.it\/#website","url":"https:\/\/www.guerini.it\/","name":"Guerini e Associati","description":"30 anni di libri, idee e libert\u00e0","publisher":{"@id":"https:\/\/www.guerini.it\/#organization"},"potentialAction":[{"@type":"SearchAction","target":{"@type":"EntryPoint","urlTemplate":"https:\/\/www.guerini.it\/?s={search_term_string}"},"query-input":{"@type":"PropertyValueSpecification","valueRequired":true,"valueName":"search_term_string"}}],"inLanguage":"it-IT"},{"@type":"Organization","@id":"https:\/\/www.guerini.it\/#organization","name":"Guerini e Associati","url":"https:\/\/www.guerini.it\/","logo":{"@type":"ImageObject","inLanguage":"it-IT","@id":"https:\/\/www.guerini.it\/#\/schema\/logo\/image\/","url":"https:\/\/www.guerini.it\/wp-content\/uploads\/2021\/03\/Logo-Guerini-OK_-e1615831292285.png","contentUrl":"https:\/\/www.guerini.it\/wp-content\/uploads\/2021\/03\/Logo-Guerini-OK_-e1615831292285.png","width":2805,"height":1870,"caption":"Guerini e Associati"},"image":{"@id":"https:\/\/www.guerini.it\/#\/schema\/logo\/image\/"}}]}},"_links":{"self":[{"href":"https:\/\/www.guerini.it\/index.php\/wp-json\/wp\/v2\/product\/16150","targetHints":{"allow":["GET"]}}],"collection":[{"href":"https:\/\/www.guerini.it\/index.php\/wp-json\/wp\/v2\/product"}],"about":[{"href":"https:\/\/www.guerini.it\/index.php\/wp-json\/wp\/v2\/types\/product"}],"wp:featuredmedia":[{"embeddable":true,"href":"https:\/\/www.guerini.it\/index.php\/wp-json\/wp\/v2\/media\/16149"}],"wp:attachment":[{"href":"https:\/\/www.guerini.it\/index.php\/wp-json\/wp\/v2\/media?parent=16150"}],"wp:term":[{"taxonomy":"product_brand","embeddable":true,"href":"https:\/\/www.guerini.it\/index.php\/wp-json\/wp\/v2\/product_brand?post=16150"},{"taxonomy":"product_cat","embeddable":true,"href":"https:\/\/www.guerini.it\/index.php\/wp-json\/wp\/v2\/product_cat?post=16150"},{"taxonomy":"product_tag","embeddable":true,"href":"https:\/\/www.guerini.it\/index.php\/wp-json\/wp\/v2\/product_tag?post=16150"}],"curies":[{"name":"wp","href":"https:\/\/api.w.org\/{rel}","templated":true}]}}

<p style="text-align: justify;">Sono trascorsi dieci anni dall’inizio della «grande crisi». Un cataclisma che ha riorientato i consumi delle famiglie. Al punto che possiamo parlare di un nuovo consumatore, che si distacca in tanti modi dal passato. È cambiato il carrello della spesa, dove si trovano alimenti pronti e frutta bio, dove aumentano i prodotti destinati a cani e gatti e diminuiscono quelli per i bambini. Ed è cambiato il modo di fare acquisti: il rito della spesa grossa settimanale all’ipermercato è stato abbondonato per puntare sulla diversificazione dei luoghi di acquisto. Si sono modificate le scelte, che oggi premiano i prodotti e i servizi legati al tempo libero e al benessere personale. In una parola, all’esperienza. Non solo: alcuni beni, in passato ritenuti fondamentali, hanno perso, almeno in parte, il loro valore simbolico. L’auto, per esempio: per i ventenni non è più uno status symbol. Il suo posto è stato preso dalla tecnologia: meglio uno smartphone di ultima generazione (con cui informarsi, condividere, chattare) della patente. Sono solo alcuni dei temi che attraversano il libro. Gli argomenti (e gli interrogativi) sono tanti. Certo è che il consumatore di oggi è molto diverso da quello pre-crisi e, se anche i redditi tornassero ai livelli dei primi anni 2000, gli acquisti non sarebbero più gli stessi. Insomma, indietro non si torna. La crisi economica, congiunta alle nuove spinte culturali, ha ridisegnato la geografia dei consumi. Sta a noi trovarne le coordinate.</p>

<p style="text-align: justify;">Sono trascorsi dieci anni dall’inizio della «grande crisi». Un cataclismache ha riorientato i consumi delle famiglie. Al punto che possiamo parlare di un nuovo consumatore, che si distacca in tanti modi dal passato. È cambiato il carrello della spesa, dove si trovano alimenti pronti e frutta bio, dove aumentano i prodotti destinati a cani e gatti e diminuiscono quelli per i bambini. Ed è cambiato il modo di fare acquisti: il rito dellaspesa grossa settimanale all’ipermercato è stato abbondonato per puntare sulla diversificazione dei luoghi di acquisto. Si sono modificate le scelte, che oggi premiano i prodotti e i servizi legati al tempo libero e al benessere personale. In una parola, all’esperienza. Non solo: alcuni beni, in passato ritenuti fondamentali, hanno perso, almeno in parte, il loro valore simbolico. L’auto, per esempio: per i ventenni non è più uno status symbol. Il suo posto è stato preso dalla tecnologia: meglio uno smartphone di ultima generazione (con cui informarsi, condividere, chattare) della patente. Sono solo alcuni dei temi che attraversano il libro. Gli argomenti (e gli interrogativi) sono tanti. Certo è che il consumatore di oggi è molto diverso da quello pre-crisi e, se anche i redditi tornassero ai livelli dei primi anni 2000, gli acquisti non sarebbero più gli stessi. Insomma, indietro non si torna. La crisi economica, congiunta alle nuove spinte culturali, ha ridisegnato la geografia dei consumi. Sta a noi trovarne le coordinate.</p>

<!-- This site is optimized with the Yoast SEO plugin v25.4 - https://yoast.com/wordpress/plugins/seo/ -->
<title>La rivoluzione nel carrello - Guerini e Associati</title>
<meta name="robots" content="index, follow, max-snippet:-1, max-image-preview:large, max-video-preview:-1" />
<link rel="canonical" href="https://www.guerini.it/index.php/prodotto/la-rivoluzione-nel-carrello/" />
<meta property="og:locale" content="it_IT" />
<meta property="og:type" content="article" />
<meta property="og:title" content="La rivoluzione nel carrello - Guerini e Associati" />
<meta property="og:description" content="Sono trascorsi dieci anni dall’inizio della «grande crisi». Un cataclismache ha riorientato i consumi delle famiglie. Al punto che possiamo parlare di un nuovo consumatore, che si distacca in tanti modi dal passato. È cambiato il carrello della spesa, dove si trovano alimenti pronti e frutta bio, dove aumentano i prodotti destinati a cani e gatti e diminuiscono quelli per i bambini. Ed è cambiato il modo di fare acquisti: il rito dellaspesa grossa settimanale all’ipermercato è stato abbondonato per puntare sulla diversificazione dei luoghi di acquisto. Si sono modificate le scelte, che oggi premiano i prodotti e i servizi legati al tempo libero e al benessere personale. In una parola, all’esperienza. Non solo: alcuni beni, in passato ritenuti fondamentali, hanno perso, almeno in parte, il loro valore simbolico. L’auto, per esempio: per i ventenni non è più uno status symbol. Il suo posto è stato preso dalla tecnologia: meglio uno smartphone di ultima generazione (con cui informarsi, condividere, chattare) della patente. Sono solo alcuni dei temi che attraversano il libro. Gli argomenti (e gli interrogativi) sono tanti. Certo è che il consumatore di oggi è molto diverso da quello pre-crisi e, se anche i redditi tornassero ai livelli dei primi anni 2000, gli acquisti non sarebbero più gli stessi. Insomma, indietro non si torna. La crisi economica, congiunta alle nuove spinte culturali, ha ridisegnato la geografia dei consumi. Sta a noi trovarne le coordinate." />
<meta property="og:url" content="https://www.guerini.it/index.php/prodotto/la-rivoluzione-nel-carrello/" />
<meta property="og:site_name" content="Guerini e Associati" />
<meta property="article:modified_time" content="2024-06-12T12:38:32+00:00" />
<meta property="og:image" content="https://www.guerini.it/wp-content/uploads/2018/06/la_rivoluzione_nel_carrello_sito.jpg" />
	<meta property="og:image:width" content="235" />
	<meta property="og:image:height" content="353" />
	<meta property="og:image:type" content="image/jpeg" />
<meta name="twitter:card" content="summary_large_image" />
<meta name="twitter:label1" content="Tempo di lettura stimato" />
	<meta name="twitter:data1" content="2 minuti" />
<!-- / Yoast SEO plugin. -->

Sono trascorsi dieci anni dall’inizio della «grande crisi». Un cataclismache ha riorientato i consumi delle famiglie. Al punto che possiamo parlare di un nuovo consumatore, che si distacca in tanti modi dal passato. È cambiato il carrello della spesa, dove si trovano alimenti pronti e frutta bio, dove aumentano i prodotti destinati a cani e gatti e diminuiscono quelli per i bambini. Ed è cambiato il modo di fare acquisti: il rito dellaspesa grossa settimanale all’ipermercato è stato abbondonato per puntare sulla diversificazione dei luoghi di acquisto. Si sono modificate le scelte, che oggi premiano i prodotti e i servizi legati al tempo libero e al benessere personale. In una parola, all’esperienza. Non solo: alcuni beni, in passato ritenuti fondamentali, hanno perso, almeno in parte, il loro valore simbolico. L’auto, per esempio: per i ventenni non è più uno status symbol. Il suo posto è stato preso dalla tecnologia: meglio uno smartphone di ultima generazione (con cui informarsi, condividere, chattare) della patente. Sono solo alcuni dei temi che attraversano il libro. Gli argomenti (e gli interrogativi) sono tanti. Certo è che il consumatore di oggi è molto diverso da quello pre-crisi e, se anche i redditi tornassero ai livelli dei primi anni 2000, gli acquisti non sarebbero più gli stessi. Insomma, indietro non si torna. La crisi economica, congiunta alle nuove spinte culturali, ha ridisegnato la geografia dei consumi. Sta a noi trovarne le coordinate.

30 anni di libri, idee e libertà
