{"id":16156,"date":"2018-07-17T08:56:41","date_gmt":"2018-07-17T06:56:41","guid":{"rendered":"https:\/\/test.guerini.it\/?product=insegui-i-tuoi-sogni"},"modified":"2024-06-12T14:38:41","modified_gmt":"2024-06-12T12:38:41","slug":"insegui-i-tuoi-sogni","status":"publish","type":"product","link":"https:\/\/www.guerini.it\/index.php\/prodotto\/insegui-i-tuoi-sogni\/","title":{"rendered":"Insegui i tuoi sogni"},"content":{"rendered":"<p style=\"text-align: center;\"><em>Questo libro insegna a non accontentarsi.<\/em><br \/>\n<em>Le idee di successo non sempre <\/em><br \/>\n<em>sono realizzate da persone geniali,<\/em><br \/>\n<em>ma spesso da chi ha il coraggio di spingersi<\/em><br \/>\n<em>pi\u00f9 in l\u00e0 rispetto agli altri,di sfidare l\u2019ignoto. In questo viaggio,<\/em><br \/>\n<em>siamo noi stessi<\/em><br \/>\n<em>i primi avversari da battere.<\/em><\/p>\n<p style=\"text-align: justify;\">Se tutti sognano di trasformare in lavoro i propri interessi e passioni, \u00e8 altrettanto vero che sono pochi quelli che effettivamente riescono a farlo. Tutti noi abbiamo paura di fallire, e spesso ci rassegniamo a svolgere lavori che non ci soddisfano del tutto, pensando che debba funzionare cos\u00ec per forza. Lo scopo di questo volume \u00e8 quello di trasformare un\u2019idea imprenditoriale in un vero e proprio Piano d\u2019Impresa, nel quale si sviluppano le tematiche su cui interrogarsi nel caso in cui si voglia fondare una start-up, o semplicemente sviluppare nuove progettualit\u00e0. I temi sono affrontati senza tralasciare alcun elemento rilevante, accompagnando il lettore passo dopo passo nella realizzazione del Business Plan. Ogni capitolo ti permetter\u00e0 di valutare consapevolmente le criticit\u00e0 della tua idea e di un mercato sempre pi\u00f9 complesso e multidimensionale, in cui questa andr\u00e0 a collocarsi. Grazie all\u2019esperienza maturata dagli autori nella consulenza aziendale, nell\u2019attivit\u00e0 di formazione e nel contatto diretto con le imprese, questo volume rappresenta uno strumento pratico ed efficace per tutti coloro che vogliano fare impresa senza avere alle spalle una specifica formazione economico-manageriale.<em><br \/>\n<\/em><\/p>\n","protected":false},"excerpt":{"rendered":"<p style=\"text-align: center;\"><em>Questo libro insegna a non accontentarsi.<\/em><br \/>\n<em>Le idee di successo non sempre\u00a0<\/em><br \/>\n<em>sono realizzate da persone geniali,<\/em><br \/>\n<em>ma spesso da chi ha il coraggio di spingersi<\/em><br \/>\n<em>pi\u00f9 in l\u00e0 rispetto agli altri,di sfidare l\u2019ignoto. In questo viaggio,<\/em><br \/>\n<em>siamo noi stessi<\/em><br \/>\n<em>i primi avversari da battere.<\/em><\/p>\n<p>Se tutti sognano di trasformare in lavoro i propri interessi e passioni, \u00e8 altrettanto vero che sono pochi quelli che effettivamente riescono a farlo. Tutti noi abbiamo paura di fallire, e spesso ci rassegniamo a svolgere lavori che non ci soddisfano del tutto, pensando che debba funzionare cos\u00ec per forza. Lo scopo di questo volume \u00e8 quello di trasformare un\u2019idea imprenditoriale in un vero e proprio Piano d\u2019Impresa, nel quale si sviluppano le tematiche su cui interrogarsi nel caso in cui si voglia fondare una start-up, o semplicemente sviluppare nuove progettualit\u00e0. I temi sono affrontati senza tralasciare alcun elemento rilevante, accompagnando il lettore passo dopo passo nella realizzazione del Business Plan. Ogni capitolo ti permetter\u00e0 di valutare consapevolmente le criticit\u00e0 della tua idea e di un mercato sempre pi\u00f9 complesso e multidimensionale, in cui questa andr\u00e0 a collocarsi. Grazie all\u2019esperienza maturata dagli autori nella consulenza aziendale, nell\u2019attivit\u00e0 di formazione e nel contatto diretto con le imprese, questo volume rappresenta uno strumento pratico ed efficace per tutti coloro che vogliano fare impresa senza avere alle spalle una specifica formazione economico-manageriale.<\/p>\n","protected":false},"featured_media":16155,"template":"","meta":{"_editorskit_title_hidden":false,"_editorskit_reading_time":0,"_editorskit_is_block_options_detached":false,"_editorskit_block_options_position":"{}","_monsterinsights_skip_tracking":false,"_monsterinsights_sitenote_active":false,"_monsterinsights_sitenote_note":"","_monsterinsights_sitenote_category":0},"product_brand":[],"product_cat":[6805,6529],"product_tag":[],"class_list":{"0":"post-16156","1":"product","2":"type-product","3":"status-publish","4":"has-post-thumbnail","6":"product_cat-guerini-next","7":"product_cat-economia-e-management","8":"pa_guerini_amazon_link-https-www-amazon-it-insegui-piccolo-manuale-dellimprenditore-successo-dp-8868962055","9":"pa_guerini_feltrinelli_link-https-www-lafeltrinelli-it-insegui-tuoi-sogni-piccolo-manuale-libro-giorgio-lonardi-salvatore-pironti-e-9788868962050","10":"pa_guerini_ibs_link-https-www-ibs-it-insegui-tuoi-sogni-piccolo-manuale-libro-giorgio-lonardi-salvatore-pironti-e-9788868962050","11":"pa_guerini_libruniver_link-https-www-libreriauniversitaria-it-insegui-tuoi-sogni-piccolo-manuale-libro-9788868962050","12":"pa_guerini_link_amazon-0f-httpswwwamazonitinsegui_pi","13":"pa_guerini_link_apple_ibook-cb-httpsitunesapplecomitbooki","14":"pa_guerini_link_bookrepublic-c8-httpswwwbookrepublicitbook","15":"pa_guerini_link_giunti_punto-0d-httpswwwgiuntialpuntoitpro","16":"pa_guerini_link_google_play-14-httpsplaygooglecomstoreboo","17":"pa_guerini_link_ibs-00-httpswwwibsitinsegui_tuoi_","18":"pa_guerini_link_kobo-62-httpswwwkobocomititebookin","19":"pa_guerini_link_lafeltrinelli-77-httpswwwlafeltrinelliitebo","20":"pa_guerini_link_mondadori-76-httpswwwmondadoristoreitin","21":"pa_guerini_link_rizzoli-96-httpswwwlibreriarizzoliiti","22":"pa_guerini_mondadori_link-https-www-mondadoristore-it-insegui-tuoi-sogni-piccolo-giorgio-lonardi-salvatore-pironti-eai978886896205","24":"first","25":"instock","26":"sale","27":"shipping-taxable","28":"purchasable","29":"product-type-simple"},"yoast_head":"<!-- This site is optimized with the Yoast SEO plugin v25.4 - https:\/\/yoast.com\/wordpress\/plugins\/seo\/ -->\n<title>Insegui i tuoi sogni - Guerini e Associati<\/title>\n<meta name=\"robots\" content=\"index, follow, max-snippet:-1, max-image-preview:large, max-video-preview:-1\" \/>\n<link rel=\"canonical\" href=\"https:\/\/www.guerini.it\/index.php\/prodotto\/insegui-i-tuoi-sogni\/\" \/>\n<meta property=\"og:locale\" content=\"it_IT\" \/>\n<meta property=\"og:type\" content=\"article\" \/>\n<meta property=\"og:title\" content=\"Insegui i tuoi sogni - Guerini e Associati\" \/>\n<meta property=\"og:description\" content=\"Questo libro insegna a non accontentarsi. Le idee di successo non sempre\u00a0 sono realizzate da persone geniali, ma spesso da chi ha il coraggio di spingersi pi\u00f9 in l\u00e0 rispetto agli altri,di sfidare l\u2019ignoto. In questo viaggio, siamo noi stessi i primi avversari da battere. Se tutti sognano di trasformare in lavoro i propri interessi e passioni, \u00e8 altrettanto vero che sono pochi quelli che effettivamente riescono a farlo. Tutti noi abbiamo paura di fallire, e spesso ci rassegniamo a svolgere lavori che non ci soddisfano del tutto, pensando che debba funzionare cos\u00ec per forza. Lo scopo di questo volume \u00e8 quello di trasformare un\u2019idea imprenditoriale in un vero e proprio Piano d\u2019Impresa, nel quale si sviluppano le tematiche su cui interrogarsi nel caso in cui si voglia fondare una start-up, o semplicemente sviluppare nuove progettualit\u00e0. I temi sono affrontati senza tralasciare alcun elemento rilevante, accompagnando il lettore passo dopo passo nella realizzazione del Business Plan. Ogni capitolo ti permetter\u00e0 di valutare consapevolmente le criticit\u00e0 della tua idea e di un mercato sempre pi\u00f9 complesso e multidimensionale, in cui questa andr\u00e0 a collocarsi. Grazie all\u2019esperienza maturata dagli autori nella consulenza aziendale, nell\u2019attivit\u00e0 di formazione e nel contatto diretto con le imprese, questo volume rappresenta uno strumento pratico ed efficace per tutti coloro che vogliano fare impresa senza avere alle spalle una specifica formazione economico-manageriale.\" \/>\n<meta property=\"og:url\" content=\"https:\/\/www.guerini.it\/index.php\/prodotto\/insegui-i-tuoi-sogni\/\" \/>\n<meta property=\"og:site_name\" content=\"Guerini e Associati\" \/>\n<meta property=\"article:modified_time\" content=\"2024-06-12T12:38:41+00:00\" \/>\n<meta property=\"og:image\" content=\"https:\/\/www.guerini.it\/wp-content\/uploads\/2018\/07\/insegui_i_tuoi_sogni_sito.jpg\" \/>\n\t<meta property=\"og:image:width\" content=\"217\" \/>\n\t<meta property=\"og:image:height\" content=\"353\" \/>\n\t<meta property=\"og:image:type\" content=\"image\/jpeg\" \/>\n<meta name=\"twitter:card\" content=\"summary_large_image\" \/>\n<meta name=\"twitter:label1\" content=\"Tempo di lettura stimato\" \/>\n\t<meta name=\"twitter:data1\" content=\"2 minuti\" \/>\n<!-- \/ Yoast SEO plugin. -->","yoast_head_json":{"title":"Insegui i tuoi sogni - Guerini e Associati","robots":{"index":"index","follow":"follow","max-snippet":"max-snippet:-1","max-image-preview":"max-image-preview:large","max-video-preview":"max-video-preview:-1"},"canonical":"https:\/\/www.guerini.it\/index.php\/prodotto\/insegui-i-tuoi-sogni\/","og_locale":"it_IT","og_type":"article","og_title":"Insegui i tuoi sogni - Guerini e Associati","og_description":"Questo libro insegna a non accontentarsi. Le idee di successo non sempre\u00a0 sono realizzate da persone geniali, ma spesso da chi ha il coraggio di spingersi pi\u00f9 in l\u00e0 rispetto agli altri,di sfidare l\u2019ignoto. In questo viaggio, siamo noi stessi i primi avversari da battere. Se tutti sognano di trasformare in lavoro i propri interessi e passioni, \u00e8 altrettanto vero che sono pochi quelli che effettivamente riescono a farlo. Tutti noi abbiamo paura di fallire, e spesso ci rassegniamo a svolgere lavori che non ci soddisfano del tutto, pensando che debba funzionare cos\u00ec per forza. Lo scopo di questo volume \u00e8 quello di trasformare un\u2019idea imprenditoriale in un vero e proprio Piano d\u2019Impresa, nel quale si sviluppano le tematiche su cui interrogarsi nel caso in cui si voglia fondare una start-up, o semplicemente sviluppare nuove progettualit\u00e0. I temi sono affrontati senza tralasciare alcun elemento rilevante, accompagnando il lettore passo dopo passo nella realizzazione del Business Plan. Ogni capitolo ti permetter\u00e0 di valutare consapevolmente le criticit\u00e0 della tua idea e di un mercato sempre pi\u00f9 complesso e multidimensionale, in cui questa andr\u00e0 a collocarsi. Grazie all\u2019esperienza maturata dagli autori nella consulenza aziendale, nell\u2019attivit\u00e0 di formazione e nel contatto diretto con le imprese, questo volume rappresenta uno strumento pratico ed efficace per tutti coloro che vogliano fare impresa senza avere alle spalle una specifica formazione economico-manageriale.","og_url":"https:\/\/www.guerini.it\/index.php\/prodotto\/insegui-i-tuoi-sogni\/","og_site_name":"Guerini e Associati","article_modified_time":"2024-06-12T12:38:41+00:00","og_image":[{"width":217,"height":353,"url":"https:\/\/www.guerini.it\/wp-content\/uploads\/2018\/07\/insegui_i_tuoi_sogni_sito.jpg","type":"image\/jpeg"}],"twitter_card":"summary_large_image","twitter_misc":{"Tempo di lettura stimato":"2 minuti"},"schema":{"@context":"https:\/\/schema.org","@graph":[{"@type":"WebPage","@id":"https:\/\/www.guerini.it\/index.php\/prodotto\/insegui-i-tuoi-sogni\/","url":"https:\/\/www.guerini.it\/index.php\/prodotto\/insegui-i-tuoi-sogni\/","name":"Insegui i tuoi sogni - Guerini e Associati","isPartOf":{"@id":"https:\/\/www.guerini.it\/#website"},"primaryImageOfPage":{"@id":"https:\/\/www.guerini.it\/index.php\/prodotto\/insegui-i-tuoi-sogni\/#primaryimage"},"image":{"@id":"https:\/\/www.guerini.it\/index.php\/prodotto\/insegui-i-tuoi-sogni\/#primaryimage"},"thumbnailUrl":"https:\/\/www.guerini.it\/wp-content\/uploads\/2018\/07\/insegui_i_tuoi_sogni_sito.jpg","datePublished":"2018-07-17T06:56:41+00:00","dateModified":"2024-06-12T12:38:41+00:00","breadcrumb":{"@id":"https:\/\/www.guerini.it\/index.php\/prodotto\/insegui-i-tuoi-sogni\/#breadcrumb"},"inLanguage":"it-IT","potentialAction":[{"@type":"ReadAction","target":["https:\/\/www.guerini.it\/index.php\/prodotto\/insegui-i-tuoi-sogni\/"]}]},{"@type":"ImageObject","inLanguage":"it-IT","@id":"https:\/\/www.guerini.it\/index.php\/prodotto\/insegui-i-tuoi-sogni\/#primaryimage","url":"https:\/\/www.guerini.it\/wp-content\/uploads\/2018\/07\/insegui_i_tuoi_sogni_sito.jpg","contentUrl":"https:\/\/www.guerini.it\/wp-content\/uploads\/2018\/07\/insegui_i_tuoi_sogni_sito.jpg","width":217,"height":353,"caption":"Insegui i tuoi sogni"},{"@type":"BreadcrumbList","@id":"https:\/\/www.guerini.it\/index.php\/prodotto\/insegui-i-tuoi-sogni\/#breadcrumb","itemListElement":[{"@type":"ListItem","position":1,"name":"Home","item":"https:\/\/www.guerini.it\/"},{"@type":"ListItem","position":2,"name":"Catalogo","item":"https:\/\/www.guerini.it\/index.php\/negozio\/"},{"@type":"ListItem","position":3,"name":"Insegui i tuoi sogni"}]},{"@type":"WebSite","@id":"https:\/\/www.guerini.it\/#website","url":"https:\/\/www.guerini.it\/","name":"Guerini e Associati","description":"30 anni di libri, idee e libert\u00e0","publisher":{"@id":"https:\/\/www.guerini.it\/#organization"},"potentialAction":[{"@type":"SearchAction","target":{"@type":"EntryPoint","urlTemplate":"https:\/\/www.guerini.it\/?s={search_term_string}"},"query-input":{"@type":"PropertyValueSpecification","valueRequired":true,"valueName":"search_term_string"}}],"inLanguage":"it-IT"},{"@type":"Organization","@id":"https:\/\/www.guerini.it\/#organization","name":"Guerini e Associati","url":"https:\/\/www.guerini.it\/","logo":{"@type":"ImageObject","inLanguage":"it-IT","@id":"https:\/\/www.guerini.it\/#\/schema\/logo\/image\/","url":"https:\/\/www.guerini.it\/wp-content\/uploads\/2021\/03\/Logo-Guerini-OK_-e1615831292285.png","contentUrl":"https:\/\/www.guerini.it\/wp-content\/uploads\/2021\/03\/Logo-Guerini-OK_-e1615831292285.png","width":2805,"height":1870,"caption":"Guerini e Associati"},"image":{"@id":"https:\/\/www.guerini.it\/#\/schema\/logo\/image\/"}}]}},"_links":{"self":[{"href":"https:\/\/www.guerini.it\/index.php\/wp-json\/wp\/v2\/product\/16156","targetHints":{"allow":["GET"]}}],"collection":[{"href":"https:\/\/www.guerini.it\/index.php\/wp-json\/wp\/v2\/product"}],"about":[{"href":"https:\/\/www.guerini.it\/index.php\/wp-json\/wp\/v2\/types\/product"}],"wp:featuredmedia":[{"embeddable":true,"href":"https:\/\/www.guerini.it\/index.php\/wp-json\/wp\/v2\/media\/16155"}],"wp:attachment":[{"href":"https:\/\/www.guerini.it\/index.php\/wp-json\/wp\/v2\/media?parent=16156"}],"wp:term":[{"taxonomy":"product_brand","embeddable":true,"href":"https:\/\/www.guerini.it\/index.php\/wp-json\/wp\/v2\/product_brand?post=16156"},{"taxonomy":"product_cat","embeddable":true,"href":"https:\/\/www.guerini.it\/index.php\/wp-json\/wp\/v2\/product_cat?post=16156"},{"taxonomy":"product_tag","embeddable":true,"href":"https:\/\/www.guerini.it\/index.php\/wp-json\/wp\/v2\/product_tag?post=16156"}],"curies":[{"name":"wp","href":"https:\/\/api.w.org\/{rel}","templated":true}]}}